{"id":3711014,"date":"2026-03-03T06:36:15","date_gmt":"2026-03-03T05:36:15","guid":{"rendered":"https:\/\/streetmarkets.fr\/app\/produit\/carre-soie-balenciaga-vintage\/"},"modified":"2026-08-28T07:33:29","modified_gmt":"2026-08-28T05:33:29","slug":"carre-soie-balenciaga-vintage","status":"publish","type":"product","link":"https:\/\/streetmarkets.fr\/app\/produit\/carre-soie-balenciaga-vintage\/","title":{"rendered":"Carr\u00e9 soie Balenciaga vintage"},"content":{"rendered":"<p>Carr\u00e9 soie Balenciaga vintage jaune avec les inscriptions en noires. En tr\u00e8s bon \u00e9tat.<\/p>\n","protected":false},"excerpt":{"rendered":"<p>Carr\u00e9 soie Balenciaga vintage jaune avec les inscriptions en noires. En tr\u00e8s bon \u00e9tat.<\/p>\n","protected":false},"featured_media":3711015,"comment_status":"open","ping_status":"closed","template":"","meta":[],"product_brand":[],"product_cat":[],"product_tag":[],"acf":[],"_links":{"self":[{"href":"https:\/\/streetmarkets.fr\/app\/wp-json\/wp\/v2\/product\/3711014"}],"collection":[{"href":"https:\/\/streetmarkets.fr\/app\/wp-json\/wp\/v2\/product"}],"about":[{"href":"https:\/\/streetmarkets.fr\/app\/wp-json\/wp\/v2\/types\/product"}],"replies":[{"embeddable":true,"href":"https:\/\/streetmarkets.fr\/app\/wp-json\/wp\/v2\/comments?post=3711014"}],"wp:featuredmedia":[{"embeddable":true,"href":"https:\/\/streetmarkets.fr\/app\/wp-json\/wp\/v2\/media\/3711015"}],"wp:attachment":[{"href":"https:\/\/streetmarkets.fr\/app\/wp-json\/wp\/v2\/media?parent=3711014"}],"wp:term":[{"taxonomy":"product_brand","embeddable":true,"href":"https:\/\/streetmarkets.fr\/app\/wp-json\/wp\/v2\/product_brand?post=3711014"},{"taxonomy":"product_cat","embeddable":true,"href":"https:\/\/streetmarkets.fr\/app\/wp-json\/wp\/v2\/product_cat?post=3711014"},{"taxonomy":"product_tag","embeddable":true,"href":"https:\/\/streetmarkets.fr\/app\/wp-json\/wp\/v2\/product_tag?post=3711014"}],"curies":[{"name":"wp","href":"https:\/\/api.w.org\/{rel}","templated":true}]}}

Carré soie Balenciaga vintage

<p>Carré soie Balenciaga vintage jaune avec les inscriptions en noires. En très bon état.</p>
