{"id":3700491,"date":"2026-03-01T07:40:34","date_gmt":"2026-03-01T06:40:34","guid":{"rendered":"https:\/\/streetmarkets.fr\/app\/produit\/bague-art-deco-labradorite-au-fil-de-lo\/"},"modified":"2026-05-12T08:40:00","modified_gmt":"2026-05-12T06:40:00","slug":"bague-art-deco-labradorite-au-fil-de-lo","status":"publish","type":"product","link":"https:\/\/streetmarkets.fr\/app\/produit\/bague-art-deco-labradorite-au-fil-de-lo\/","title":{"rendered":"Bague art d\u00e9co labradorite- Au fil de Lo"},"content":{"rendered":"<p data-mce-fragment=\"1\">Bague plaqu\u00e9e or style art d\u00e9co en pierre fine labradorite<\/p>\n<p data-mce-fragment=\"1\">Sa sp\u00e9cificit\u00e9 : c&#8217;est une bague avec un syst\u00e8me de r\u00e9glage ( billes coulissantes) sur l&#8217;arri\u00e8re qui permet de l&#8217;adapter \u00e0 tous doigts, id\u00e9ale \u00e0 offrir quand on ne connait pas la taille de doigt de la destinataire !<\/p>\n<p data-mce-fragment=\"1\">Retrouvez sur notre eshop une s\u00e9lection des plus beaux mod\u00e8les de bijoux de la marque <a data-mce-fragment=\"1\" href=\"https:\/\/www.joee.fr\/concept-store-au-fil-de-lo-paris\" target=\"_blank\" rel=\"noopener\">Au Fil de LO.<\/a><\/p>\n","protected":false},"excerpt":{"rendered":"<p>Bague plaqu\u00e9e or style art d\u00e9co en pierre fine labradorite Sa sp\u00e9cificit\u00e9 : c&#8217;est une bague avec un syst\u00e8me de r\u00e9glage ( billes coulissantes) sur l&#8217;arri\u00e8re qui permet de l&#8217;adapter \u00e0 tous doigts, id\u00e9ale \u00e0 offrir quand on ne connait pas la taille de doigt de la destinataire ! Retrouvez sur notre eshop une s\u00e9lection [&hellip;]<\/p>\n","protected":false},"featured_media":3700492,"comment_status":"open","ping_status":"closed","template":"","meta":[],"product_brand":[],"product_cat":[],"product_tag":[],"acf":[],"_links":{"self":[{"href":"https:\/\/streetmarkets.fr\/app\/wp-json\/wp\/v2\/product\/3700491"}],"collection":[{"href":"https:\/\/streetmarkets.fr\/app\/wp-json\/wp\/v2\/product"}],"about":[{"href":"https:\/\/streetmarkets.fr\/app\/wp-json\/wp\/v2\/types\/product"}],"replies":[{"embeddable":true,"href":"https:\/\/streetmarkets.fr\/app\/wp-json\/wp\/v2\/comments?post=3700491"}],"wp:featuredmedia":[{"embeddable":true,"href":"https:\/\/streetmarkets.fr\/app\/wp-json\/wp\/v2\/media\/3700492"}],"wp:attachment":[{"href":"https:\/\/streetmarkets.fr\/app\/wp-json\/wp\/v2\/media?parent=3700491"}],"wp:term":[{"taxonomy":"product_brand","embeddable":true,"href":"https:\/\/streetmarkets.fr\/app\/wp-json\/wp\/v2\/product_brand?post=3700491"},{"taxonomy":"product_cat","embeddable":true,"href":"https:\/\/streetmarkets.fr\/app\/wp-json\/wp\/v2\/product_cat?post=3700491"},{"taxonomy":"product_tag","embeddable":true,"href":"https:\/\/streetmarkets.fr\/app\/wp-json\/wp\/v2\/product_tag?post=3700491"}],"curies":[{"name":"wp","href":"https:\/\/api.w.org\/{rel}","templated":true}]}}