{"id":3691676,"date":"2026-02-27T07:41:19","date_gmt":"2026-02-27T06:41:19","guid":{"rendered":"https:\/\/streetmarkets.fr\/app\/produit\/sac-banane-custine-leopard-rive-droite\/"},"modified":"2026-05-05T08:39:56","modified_gmt":"2026-05-05T06:39:56","slug":"sac-banane-custine-leopard-rive-droite","status":"publish","type":"product","link":"https:\/\/streetmarkets.fr\/app\/produit\/sac-banane-custine-leopard-rive-droite\/","title":{"rendered":"sac banane custine l\u00e9opard &#8211; Rive Droite"},"content":{"rendered":"<p data-mce-fragment=\"1\">Avec sa forme arrondie, son grand compartiment principal, Custine le sac banane va vite remplacer votre sac \u00e0 main. Cl\u00e9s, portefeuille, t\u00e9l\u00e9phone, make-up, vous pouvez y ranger vos essentiels tout en gardant les mains libres.\u00a0<\/p>\n<p data-mce-fragment=\"1\">\u00a0Sa anse s&#8217;ajuste facilement pour pouvoir le porter en bandouli\u00e8re ou \u00e0 la taille selon vos envies.<\/p>\n<p data-mce-fragment=\"1\">\u00a0<\/p>\n<p data-mce-fragment=\"1\"><span data-mce-fragment=\"1\"><strong data-mce-fragment=\"1\">\u00a0<\/strong><\/span>Ce produit est emball\u00e9 avec soin dans un pochon en coton r\u00e9utilisable avec un lien coulissant<\/p>\n<p data-mce-fragment=\"1\"><span data-mce-fragment=\"1\">Les sacs et accessoires Rive Droite sont fabriqu\u00e9s en circuit court \u00e0 Casablanca, au Maroc, \u00e0 partir de mati\u00e8res recycl\u00e9es, upcycl\u00e9es, et de surstocks de tissus de l\u2019industrie textile. <\/span><br data-mce-fragment=\"1\"><br data-mce-fragment=\"1\"><span data-mce-fragment=\"1\">Les sacs et accessoires sont confectionn\u00e9s par des &#8220;Dudes&#8221;, des couturiers d&#8217;exp\u00e9rience qui \u00e9taient dans des situations professionnelles pr\u00e9caires. <\/span><\/p>\n<p data-mce-fragment=\"1\"><span data-mce-fragment=\"1\"><strong>Rive Droite<\/strong>\u00a0finance l\u2019achat de machines \u00e0 coudre pour qu\u2019ils lancent leur activit\u00e9 et g\u00e9rons l&#8217;administratif pour eux.<\/span><\/p>\n","protected":false},"excerpt":{"rendered":"<p>Avec sa forme arrondie, son grand compartiment principal, Custine le sac banane va vite remplacer votre sac \u00e0 main. Cl\u00e9s, portefeuille, t\u00e9l\u00e9phone, make-up, vous pouvez y ranger vos essentiels tout en gardant les mains libres.\u00a0 \u00a0Sa anse s&#8217;ajuste facilement pour pouvoir le porter en bandouli\u00e8re ou \u00e0 la taille selon vos envies. \u00a0 \u00a0Ce produit [&hellip;]<\/p>\n","protected":false},"featured_media":3691677,"comment_status":"open","ping_status":"closed","template":"","meta":[],"product_brand":[],"product_cat":[],"product_tag":[],"acf":[],"_links":{"self":[{"href":"https:\/\/streetmarkets.fr\/app\/wp-json\/wp\/v2\/product\/3691676"}],"collection":[{"href":"https:\/\/streetmarkets.fr\/app\/wp-json\/wp\/v2\/product"}],"about":[{"href":"https:\/\/streetmarkets.fr\/app\/wp-json\/wp\/v2\/types\/product"}],"replies":[{"embeddable":true,"href":"https:\/\/streetmarkets.fr\/app\/wp-json\/wp\/v2\/comments?post=3691676"}],"wp:featuredmedia":[{"embeddable":true,"href":"https:\/\/streetmarkets.fr\/app\/wp-json\/wp\/v2\/media\/3691677"}],"wp:attachment":[{"href":"https:\/\/streetmarkets.fr\/app\/wp-json\/wp\/v2\/media?parent=3691676"}],"wp:term":[{"taxonomy":"product_brand","embeddable":true,"href":"https:\/\/streetmarkets.fr\/app\/wp-json\/wp\/v2\/product_brand?post=3691676"},{"taxonomy":"product_cat","embeddable":true,"href":"https:\/\/streetmarkets.fr\/app\/wp-json\/wp\/v2\/product_cat?post=3691676"},{"taxonomy":"product_tag","embeddable":true,"href":"https:\/\/streetmarkets.fr\/app\/wp-json\/wp\/v2\/product_tag?post=3691676"}],"curies":[{"name":"wp","href":"https:\/\/api.w.org\/{rel}","templated":true}]}}