{"id":3669246,"date":"2026-02-24T01:18:02","date_gmt":"2026-02-24T00:18:02","guid":{"rendered":"https:\/\/streetmarkets.fr\/app\/produit\/pull-cardigan-boutons-coeur-s26-femme-navy\/"},"modified":"2026-05-09T02:20:14","modified_gmt":"2026-05-09T00:20:14","slug":"pull-cardigan-boutons-coeur-s26-femme-navy","status":"publish","type":"product","link":"https:\/\/streetmarkets.fr\/app\/produit\/pull-cardigan-boutons-coeur-s26-femme-navy\/","title":{"rendered":"Pull Cardigan Boutons C\u0153ur (S26\/ FEMME\/ Navy \/ RWS)"},"content":{"rendered":"<p>Une pi\u00e8ce \u00e0 la fois romantique et moderne, id\u00e9ale pour parfaire vos tenues de saison. Ce pull cardigan en laine m\u00e9rinos se distingue par ses boutons dor\u00e9s en forme de c\u0153ur, apportant une touche f\u00e9minine et pr\u00e9cieuse \u00e0 sa silhouette \u00e9pur\u00e9e.<\/p>\n<p>&#8211; Pull cardigan en 100% laine m\u00e9rinos certifi\u00e9e RWS (Responsible Wool Standard) <br \/>&#8211; Boutons en forme de c\u0153ur <br \/>&#8211; Coupe regular <br \/>&#8211; Laine m\u00e9rinos d&#8217;Australie : respirante et thermor\u00e9gulatrice, elle peut \u00eatre port\u00e9e \u00e9t\u00e9 comme hiver.<\/p>\n","protected":false},"excerpt":{"rendered":"<p>Une pi\u00e8ce \u00e0 la fois romantique et moderne, id\u00e9ale pour parfaire vos tenues de saison. Ce pull cardigan en laine m\u00e9rinos se distingue par ses boutons dor\u00e9s en forme de c\u0153ur, apportant une touche f\u00e9minine et pr\u00e9cieuse \u00e0 sa silhouette \u00e9pur\u00e9e. &#8211; Pull cardigan en 100% laine m\u00e9rinos certifi\u00e9e RWS (Responsible Wool Standard) &#8211; Boutons [&hellip;]<\/p>\n","protected":false},"featured_media":3669247,"comment_status":"open","ping_status":"closed","template":"","meta":[],"product_brand":[6868],"product_cat":[],"product_tag":[],"acf":[],"_links":{"self":[{"href":"https:\/\/streetmarkets.fr\/app\/wp-json\/wp\/v2\/product\/3669246"}],"collection":[{"href":"https:\/\/streetmarkets.fr\/app\/wp-json\/wp\/v2\/product"}],"about":[{"href":"https:\/\/streetmarkets.fr\/app\/wp-json\/wp\/v2\/types\/product"}],"replies":[{"embeddable":true,"href":"https:\/\/streetmarkets.fr\/app\/wp-json\/wp\/v2\/comments?post=3669246"}],"wp:featuredmedia":[{"embeddable":true,"href":"https:\/\/streetmarkets.fr\/app\/wp-json\/wp\/v2\/media\/3669247"}],"wp:attachment":[{"href":"https:\/\/streetmarkets.fr\/app\/wp-json\/wp\/v2\/media?parent=3669246"}],"wp:term":[{"taxonomy":"product_brand","embeddable":true,"href":"https:\/\/streetmarkets.fr\/app\/wp-json\/wp\/v2\/product_brand?post=3669246"},{"taxonomy":"product_cat","embeddable":true,"href":"https:\/\/streetmarkets.fr\/app\/wp-json\/wp\/v2\/product_cat?post=3669246"},{"taxonomy":"product_tag","embeddable":true,"href":"https:\/\/streetmarkets.fr\/app\/wp-json\/wp\/v2\/product_tag?post=3669246"}],"curies":[{"name":"wp","href":"https:\/\/api.w.org\/{rel}","templated":true}]}}