{"id":3662281,"date":"2026-02-22T06:41:00","date_gmt":"2026-02-22T05:41:00","guid":{"rendered":"https:\/\/streetmarkets.fr\/app\/produit\/authentic-slip-on\/"},"modified":"2026-05-08T07:41:19","modified_gmt":"2026-05-08T05:41:19","slug":"authentic-slip-on","status":"publish","type":"product","link":"https:\/\/streetmarkets.fr\/app\/produit\/authentic-slip-on\/","title":{"rendered":"AUTHENTIC SLIP ON"},"content":{"rendered":"<p>Chaussures basses sans lacets, les Vans Classic Slip-On sont dot\u00e9es de finitions \u00e9lastiques sur les c\u00f4t\u00e9s et d&#8217;un col rembourr\u00e9 pour plus de confort. Orn\u00e9es de l&#8217;\u00e9tiquette Vans, elles reposent sur l&#8217;embl\u00e9matique semelle ext\u00e9rieure gaufr\u00e9e, pour une adh\u00e9rence accrue.<\/p>\n","protected":false},"excerpt":{"rendered":"<p>Chaussures basses sans lacets, les Vans Classic Slip-On sont dot\u00e9es de finitions \u00e9lastiques sur les c\u00f4t\u00e9s et d&#8217;un col rembourr\u00e9 pour plus de confort. Orn\u00e9es de l&#8217;\u00e9tiquette Vans, elles reposent sur l&#8217;embl\u00e9matique semelle ext\u00e9rieure gaufr\u00e9e, pour une adh\u00e9rence accrue.<\/p>\n","protected":false},"featured_media":3662282,"comment_status":"open","ping_status":"closed","template":"","meta":[],"product_brand":[7138],"product_cat":[],"product_tag":[],"acf":[],"_links":{"self":[{"href":"https:\/\/streetmarkets.fr\/app\/wp-json\/wp\/v2\/product\/3662281"}],"collection":[{"href":"https:\/\/streetmarkets.fr\/app\/wp-json\/wp\/v2\/product"}],"about":[{"href":"https:\/\/streetmarkets.fr\/app\/wp-json\/wp\/v2\/types\/product"}],"replies":[{"embeddable":true,"href":"https:\/\/streetmarkets.fr\/app\/wp-json\/wp\/v2\/comments?post=3662281"}],"wp:featuredmedia":[{"embeddable":true,"href":"https:\/\/streetmarkets.fr\/app\/wp-json\/wp\/v2\/media\/3662282"}],"wp:attachment":[{"href":"https:\/\/streetmarkets.fr\/app\/wp-json\/wp\/v2\/media?parent=3662281"}],"wp:term":[{"taxonomy":"product_brand","embeddable":true,"href":"https:\/\/streetmarkets.fr\/app\/wp-json\/wp\/v2\/product_brand?post=3662281"},{"taxonomy":"product_cat","embeddable":true,"href":"https:\/\/streetmarkets.fr\/app\/wp-json\/wp\/v2\/product_cat?post=3662281"},{"taxonomy":"product_tag","embeddable":true,"href":"https:\/\/streetmarkets.fr\/app\/wp-json\/wp\/v2\/product_tag?post=3662281"}],"curies":[{"name":"wp","href":"https:\/\/api.w.org\/{rel}","templated":true}]}}