{"id":3650649,"date":"2026-02-21T00:59:29","date_gmt":"2026-02-20T23:59:29","guid":{"rendered":"https:\/\/streetmarkets.fr\/app\/produit\/pull-col-polo-manches-courtes-s26-homme-sable\/"},"modified":"2026-05-09T02:19:25","modified_gmt":"2026-05-09T00:19:25","slug":"pull-col-polo-manches-courtes-s26-homme-sable","status":"publish","type":"product","link":"https:\/\/streetmarkets.fr\/app\/produit\/pull-col-polo-manches-courtes-s26-homme-sable\/","title":{"rendered":"Pull Col Polo Manches Courtes (S26\/ HOMME\/ Sable \/ RWS)"},"content":{"rendered":"<p>Une maille fine et \u00e9l\u00e9gante pour ce pull col polo confectionn\u00e9 en laine m\u00e9rinos. Il se distingue par son jeu de bandes contrast\u00e9es verticales qui structurent la silhouette pour un style graphique et intemporel.<\/p>\n<p>&#8211; Pull col polo en 100% laine m\u00e9rinos certifi\u00e9e RWS (Responsible Wool Standard)<br \/>\n<br \/>&#8211; Col polo<br \/>\n<br \/>&#8211; Bandes contrast\u00e9es verticales<br \/>\n<br \/>&#8211; Bords c\u00f4tel\u00e9s<br \/>\n<br \/>&#8211; Coupe regular<br \/>\n<br \/>&#8211; Manches Courtes<br \/>\n<br \/>&#8211; 2 fils<br \/>\n<br \/>&#8211; Laine m\u00e9rinos extra fine d&#8217;Australie : respirante et thermor\u00e9gulatrice, elle peut \u00eatre port\u00e9e \u00e9t\u00e9 comme hiver.<\/p>\n","protected":false},"excerpt":{"rendered":"<p>Une maille fine et \u00e9l\u00e9gante pour ce pull col polo confectionn\u00e9 en laine m\u00e9rinos. Il se distingue par son jeu de bandes contrast\u00e9es verticales qui structurent la silhouette pour un style graphique et intemporel. &#8211; Pull col polo en 100% laine m\u00e9rinos certifi\u00e9e RWS (Responsible Wool Standard) &#8211; Col polo &#8211; Bandes contrast\u00e9es verticales &#8211; [&hellip;]<\/p>\n","protected":false},"featured_media":3650650,"comment_status":"open","ping_status":"closed","template":"","meta":[],"product_brand":[6868],"product_cat":[],"product_tag":[],"acf":[],"_links":{"self":[{"href":"https:\/\/streetmarkets.fr\/app\/wp-json\/wp\/v2\/product\/3650649"}],"collection":[{"href":"https:\/\/streetmarkets.fr\/app\/wp-json\/wp\/v2\/product"}],"about":[{"href":"https:\/\/streetmarkets.fr\/app\/wp-json\/wp\/v2\/types\/product"}],"replies":[{"embeddable":true,"href":"https:\/\/streetmarkets.fr\/app\/wp-json\/wp\/v2\/comments?post=3650649"}],"wp:featuredmedia":[{"embeddable":true,"href":"https:\/\/streetmarkets.fr\/app\/wp-json\/wp\/v2\/media\/3650650"}],"wp:attachment":[{"href":"https:\/\/streetmarkets.fr\/app\/wp-json\/wp\/v2\/media?parent=3650649"}],"wp:term":[{"taxonomy":"product_brand","embeddable":true,"href":"https:\/\/streetmarkets.fr\/app\/wp-json\/wp\/v2\/product_brand?post=3650649"},{"taxonomy":"product_cat","embeddable":true,"href":"https:\/\/streetmarkets.fr\/app\/wp-json\/wp\/v2\/product_cat?post=3650649"},{"taxonomy":"product_tag","embeddable":true,"href":"https:\/\/streetmarkets.fr\/app\/wp-json\/wp\/v2\/product_tag?post=3650649"}],"curies":[{"name":"wp","href":"https:\/\/api.w.org\/{rel}","templated":true}]}}