{"id":3650555,"date":"2026-02-21T00:59:06","date_gmt":"2026-02-20T23:59:06","guid":{"rendered":"https:\/\/streetmarkets.fr\/app\/produit\/pull-cardigan-a-strass-s26-femme-ecru\/"},"modified":"2026-04-29T01:54:04","modified_gmt":"2026-04-28T23:54:04","slug":"pull-cardigan-a-strass-s26-femme-ecru","status":"publish","type":"product","link":"https:\/\/streetmarkets.fr\/app\/produit\/pull-cardigan-a-strass-s26-femme-ecru\/","title":{"rendered":"Pull Cardigan \u00e0 Strass (S26\/ FEMME\/ Ecru)"},"content":{"rendered":"<p>Une pi\u00e8ce pr\u00e9cieuse et scintillante qui illumine votre vestiaire de saison. Ce pull cardigan se distingue par son jeu de strass argent\u00e9s &#8220;hotfix&#8221; d\u00e9licatement dispos\u00e9s, offrant une allure chic et sophistiqu\u00e9e pour une silhouette r\u00e9solument moderne.<\/p>\n<p>&#8211; Pull cardigan \u00e0 strass <br \/>&#8211; Strass hotfix argent\u00e9s <br \/>&#8211; Col V <br \/>&#8211; Coupe slim <br \/>&#8211; 90% laine 10% cachemire<\/p>\n","protected":false},"excerpt":{"rendered":"<p>Une pi\u00e8ce pr\u00e9cieuse et scintillante qui illumine votre vestiaire de saison. Ce pull cardigan se distingue par son jeu de strass argent\u00e9s &#8220;hotfix&#8221; d\u00e9licatement dispos\u00e9s, offrant une allure chic et sophistiqu\u00e9e pour une silhouette r\u00e9solument moderne. &#8211; Pull cardigan \u00e0 strass &#8211; Strass hotfix argent\u00e9s &#8211; Col V &#8211; Coupe slim &#8211; 90% laine 10% [&hellip;]<\/p>\n","protected":false},"featured_media":3650556,"comment_status":"open","ping_status":"closed","template":"","meta":[],"product_brand":[6868],"product_cat":[],"product_tag":[],"acf":[],"_links":{"self":[{"href":"https:\/\/streetmarkets.fr\/app\/wp-json\/wp\/v2\/product\/3650555"}],"collection":[{"href":"https:\/\/streetmarkets.fr\/app\/wp-json\/wp\/v2\/product"}],"about":[{"href":"https:\/\/streetmarkets.fr\/app\/wp-json\/wp\/v2\/types\/product"}],"replies":[{"embeddable":true,"href":"https:\/\/streetmarkets.fr\/app\/wp-json\/wp\/v2\/comments?post=3650555"}],"wp:featuredmedia":[{"embeddable":true,"href":"https:\/\/streetmarkets.fr\/app\/wp-json\/wp\/v2\/media\/3650556"}],"wp:attachment":[{"href":"https:\/\/streetmarkets.fr\/app\/wp-json\/wp\/v2\/media?parent=3650555"}],"wp:term":[{"taxonomy":"product_brand","embeddable":true,"href":"https:\/\/streetmarkets.fr\/app\/wp-json\/wp\/v2\/product_brand?post=3650555"},{"taxonomy":"product_cat","embeddable":true,"href":"https:\/\/streetmarkets.fr\/app\/wp-json\/wp\/v2\/product_cat?post=3650555"},{"taxonomy":"product_tag","embeddable":true,"href":"https:\/\/streetmarkets.fr\/app\/wp-json\/wp\/v2\/product_tag?post=3650555"}],"curies":[{"name":"wp","href":"https:\/\/api.w.org\/{rel}","templated":true}]}}