{"id":3649965,"date":"2026-02-20T00:57:26","date_gmt":"2026-02-19T23:57:26","guid":{"rendered":"https:\/\/streetmarkets.fr\/app\/produit\/paraboot-reims-lisse-cafe-semelle-gomme\/"},"modified":"2026-05-06T02:00:26","modified_gmt":"2026-05-06T00:00:26","slug":"paraboot-reims-lisse-cafe-semelle-gomme","status":"publish","type":"product","link":"https:\/\/streetmarkets.fr\/app\/produit\/paraboot-reims-lisse-cafe-semelle-gomme\/","title":{"rendered":"PARABOOT REIMS Lisse caf\u00e9 semelle gomme"},"content":{"rendered":"<p><b>Cr\u00e9ateur :<\/b> Paraboot \/ France<br \/>\n<b><\/b><\/p>\n<p><b>R\u00e9alisation : <\/b>Mocassin, forme au chaussant mod\u00e9r\u00e9ment g\u00e9n\u00e9reux tout en rondeur<br \/>\nFabriqu\u00e9 en France<br \/>\nCousu Norv\u00e9gien, doubl\u00e9 cuir<br \/>\nSemelle en gomme naturelle<\/p>\n<p>Commande uniquement \u00e0 partir de pays de l&rsquo;Union Europ\u00e9enne<\/p>\n<p><em><span class=\"Y2IQFc\" lang=\"en\"><strong>Details:<\/strong> Moccasin style, moderately generous fit with a rounded shape Made in France Norwegian welt construction, leather lining Natural rubber sole<\/span><\/em><\/p>\n<p id=\"tw-target-text\" class=\"tw-data-text tw-text-large tw-ta\" dir=\"ltr\" data-placeholder=\"Traduction\" data-ved=\"2ahUKEwipkOrslLKJAxXuVqQEHfVxGdgQ3ewLegQIBxAU\" aria-label=\"Texte traduit\u00a0: Order only from European Union countries\"><em><span class=\"Y2IQFc\" lang=\"en\">Order only from European Union countries<\/span><\/em><\/p>\n","protected":false},"excerpt":{"rendered":"<p>Cr\u00e9ateur : Paraboot \/ France R\u00e9alisation : Mocassin, forme au chaussant mod\u00e9r\u00e9ment g\u00e9n\u00e9reux tout en rondeur Fabriqu\u00e9 en France Cousu Norv\u00e9gien, doubl\u00e9 cuir Semelle en gomme naturelle Commande uniquement \u00e0 partir de pays de l&rsquo;Union Europ\u00e9enne Details: Moccasin style, moderately generous fit with a rounded shape Made in France Norwegian welt construction, leather lining Natural [&hellip;]<\/p>\n","protected":false},"featured_media":3649966,"comment_status":"open","ping_status":"closed","template":"","meta":[],"product_brand":[],"product_cat":[],"product_tag":[],"acf":[],"_links":{"self":[{"href":"https:\/\/streetmarkets.fr\/app\/wp-json\/wp\/v2\/product\/3649965"}],"collection":[{"href":"https:\/\/streetmarkets.fr\/app\/wp-json\/wp\/v2\/product"}],"about":[{"href":"https:\/\/streetmarkets.fr\/app\/wp-json\/wp\/v2\/types\/product"}],"replies":[{"embeddable":true,"href":"https:\/\/streetmarkets.fr\/app\/wp-json\/wp\/v2\/comments?post=3649965"}],"wp:featuredmedia":[{"embeddable":true,"href":"https:\/\/streetmarkets.fr\/app\/wp-json\/wp\/v2\/media\/3649966"}],"wp:attachment":[{"href":"https:\/\/streetmarkets.fr\/app\/wp-json\/wp\/v2\/media?parent=3649965"}],"wp:term":[{"taxonomy":"product_brand","embeddable":true,"href":"https:\/\/streetmarkets.fr\/app\/wp-json\/wp\/v2\/product_brand?post=3649965"},{"taxonomy":"product_cat","embeddable":true,"href":"https:\/\/streetmarkets.fr\/app\/wp-json\/wp\/v2\/product_cat?post=3649965"},{"taxonomy":"product_tag","embeddable":true,"href":"https:\/\/streetmarkets.fr\/app\/wp-json\/wp\/v2\/product_tag?post=3649965"}],"curies":[{"name":"wp","href":"https:\/\/api.w.org\/{rel}","templated":true}]}}