{"id":3632441,"date":"2026-02-17T07:40:42","date_gmt":"2026-02-17T06:40:42","guid":{"rendered":"https:\/\/streetmarkets.fr\/app\/produit\/robe-cigar-long-indigo-laurence-bras\/"},"modified":"2026-05-10T08:39:25","modified_gmt":"2026-05-10T06:39:25","slug":"robe-cigar-long-indigo-laurence-bras","status":"publish","type":"product","link":"https:\/\/streetmarkets.fr\/app\/produit\/robe-cigar-long-indigo-laurence-bras\/","title":{"rendered":"Robe Cigar long indigo &#8211; Laurence Bras"},"content":{"rendered":"<p>Robe mi-longue bleu indigo avec manches longues<\/p>\n<p class=\"p1\" data-mce-fragment=\"1\">&#8211; Le col rond et la coupe droite<\/p>\n<p data-mce-fragment=\"1\">&#8211; Epaules et dos fronc\u00e9s<\/p>\n<p data-mce-fragment=\"1\">&#8211; Fentes\u00a0sur les cot\u00e9s de la robe<\/p>\n<p><strong>Style<\/strong> : Vous pourrez porter cette robe ceintur\u00e9e\u00a0<\/p>\n<p data-mce-fragment=\"1\"><span class=\"Apple-converted-space\" data-mce-fragment=\"1\"><span>Cr\u00e9atrice fran\u00e7aise, <strong>Laurence Bras<\/strong> cr\u00e9e chaque saison un vestiaire id\u00e9al pour la femme avec des tissus de qualit\u00e9 et des imprim\u00e9s subtils. La collection est en partie fabriqu\u00e9e en Inde.\u00a0<\/span><\/span><\/p>\n","protected":false},"excerpt":{"rendered":"<p>Robe mi-longue bleu indigo avec manches longues &#8211; Le col rond et la coupe droite &#8211; Epaules et dos fronc\u00e9s &#8211; Fentes\u00a0sur les cot\u00e9s de la robe Style : Vous pourrez porter cette robe ceintur\u00e9e\u00a0 Cr\u00e9atrice fran\u00e7aise, Laurence Bras cr\u00e9e chaque saison un vestiaire id\u00e9al pour la femme avec des tissus de qualit\u00e9 et des [&hellip;]<\/p>\n","protected":false},"featured_media":3632442,"comment_status":"open","ping_status":"closed","template":"","meta":[],"product_brand":[],"product_cat":[],"product_tag":[],"acf":[],"_links":{"self":[{"href":"https:\/\/streetmarkets.fr\/app\/wp-json\/wp\/v2\/product\/3632441"}],"collection":[{"href":"https:\/\/streetmarkets.fr\/app\/wp-json\/wp\/v2\/product"}],"about":[{"href":"https:\/\/streetmarkets.fr\/app\/wp-json\/wp\/v2\/types\/product"}],"replies":[{"embeddable":true,"href":"https:\/\/streetmarkets.fr\/app\/wp-json\/wp\/v2\/comments?post=3632441"}],"wp:featuredmedia":[{"embeddable":true,"href":"https:\/\/streetmarkets.fr\/app\/wp-json\/wp\/v2\/media\/3632442"}],"wp:attachment":[{"href":"https:\/\/streetmarkets.fr\/app\/wp-json\/wp\/v2\/media?parent=3632441"}],"wp:term":[{"taxonomy":"product_brand","embeddable":true,"href":"https:\/\/streetmarkets.fr\/app\/wp-json\/wp\/v2\/product_brand?post=3632441"},{"taxonomy":"product_cat","embeddable":true,"href":"https:\/\/streetmarkets.fr\/app\/wp-json\/wp\/v2\/product_cat?post=3632441"},{"taxonomy":"product_tag","embeddable":true,"href":"https:\/\/streetmarkets.fr\/app\/wp-json\/wp\/v2\/product_tag?post=3632441"}],"curies":[{"name":"wp","href":"https:\/\/api.w.org\/{rel}","templated":true}]}}