{"id":3626691,"date":"2026-02-16T05:53:44","date_gmt":"2026-02-16T04:53:44","guid":{"rendered":"https:\/\/streetmarkets.fr\/app\/produit\/christmas-socks\/"},"modified":"2026-03-16T05:51:17","modified_gmt":"2026-03-16T04:51:17","slug":"christmas-socks","status":"publish","type":"product","link":"https:\/\/streetmarkets.fr\/app\/produit\/christmas-socks\/","title":{"rendered":"Christmas Socks"},"content":{"rendered":"<p>D\u00e9couvrez les chaussettes <strong>&#8220;Christmas Socks&#8221; <\/strong>de <strong>Scott Nichol, en coton bio<\/strong>, un incontournable pour les hommes urbains en qu\u00eate de <strong>style pr\u00e9ppy et de confort au quotidien<\/strong>. Fabriqu\u00e9es en <strong>coton bio ultra-doux et nylon<\/strong>, elles allient <strong>durabilit\u00e9, respirabilit\u00e9<\/strong> et <strong>soutien optimal<\/strong>, gr\u00e2ce \u00e0 un tricot \u00e9pais et des renforts talon et pointe.<\/p>\n<p>Leur design <strong>classique et intemporel<\/strong>, souvent agr\u00e9ment\u00e9 de <strong>motifs de No\u00ebl<\/strong>, s\u2019adapte aussi bien aux tenues habill\u00e9es qu\u2019aux looks d\u00e9contract\u00e9s. Chez Harold, on aime leur <strong>toucher soyeux<\/strong> et leur capacit\u00e9 \u00e0 <strong>apporter une touche d\u2019\u00e9l\u00e9gance discr\u00e8te<\/strong> \u00e0 chaque tenue.<\/p>\n","protected":false},"excerpt":{"rendered":"<p>D\u00e9couvrez les chaussettes &#8220;Christmas Socks&#8221; de Scott Nichol, en coton bio, un incontournable pour les hommes urbains en qu\u00eate de style pr\u00e9ppy et de confort au quotidien. Fabriqu\u00e9es en coton bio ultra-doux et nylon, elles allient durabilit\u00e9, respirabilit\u00e9 et soutien optimal, gr\u00e2ce \u00e0 un tricot \u00e9pais et des renforts talon et pointe. Leur design classique [&hellip;]<\/p>\n","protected":false},"featured_media":3626692,"comment_status":"open","ping_status":"closed","template":"","meta":[],"product_brand":[],"product_cat":[],"product_tag":[],"acf":[],"_links":{"self":[{"href":"https:\/\/streetmarkets.fr\/app\/wp-json\/wp\/v2\/product\/3626691"}],"collection":[{"href":"https:\/\/streetmarkets.fr\/app\/wp-json\/wp\/v2\/product"}],"about":[{"href":"https:\/\/streetmarkets.fr\/app\/wp-json\/wp\/v2\/types\/product"}],"replies":[{"embeddable":true,"href":"https:\/\/streetmarkets.fr\/app\/wp-json\/wp\/v2\/comments?post=3626691"}],"wp:featuredmedia":[{"embeddable":true,"href":"https:\/\/streetmarkets.fr\/app\/wp-json\/wp\/v2\/media\/3626692"}],"wp:attachment":[{"href":"https:\/\/streetmarkets.fr\/app\/wp-json\/wp\/v2\/media?parent=3626691"}],"wp:term":[{"taxonomy":"product_brand","embeddable":true,"href":"https:\/\/streetmarkets.fr\/app\/wp-json\/wp\/v2\/product_brand?post=3626691"},{"taxonomy":"product_cat","embeddable":true,"href":"https:\/\/streetmarkets.fr\/app\/wp-json\/wp\/v2\/product_cat?post=3626691"},{"taxonomy":"product_tag","embeddable":true,"href":"https:\/\/streetmarkets.fr\/app\/wp-json\/wp\/v2\/product_tag?post=3626691"}],"curies":[{"name":"wp","href":"https:\/\/api.w.org\/{rel}","templated":true}]}}