{"id":3612440,"date":"2026-02-15T01:03:16","date_gmt":"2026-02-15T00:03:16","guid":{"rendered":"https:\/\/streetmarkets.fr\/app\/produit\/apuntob-blouse-p1842-ts876-blue\/"},"modified":"2026-05-09T02:05:29","modified_gmt":"2026-05-09T00:05:29","slug":"apuntob-blouse-p1842-ts876-blue","status":"publish","type":"product","link":"https:\/\/streetmarkets.fr\/app\/produit\/apuntob-blouse-p1842-ts876-blue\/","title":{"rendered":"APUNTOB Blouse P1842\/ TS876 Blue"},"content":{"rendered":"<p><b>Cr\u00e9ateur :<\/b> ApuntoB, Italie<\/p>\n<p><b>D\u00e9tails : <\/b><span class=\"Y2IQFc\" lang=\"fr\">Chemise <\/span><span class=\"Y2IQFc\" lang=\"fr\">encolure bateau avec d\u00e9tails fronc\u00e9s, \u00e9paules tombantes, manches longues, ourlet l\u00e9g\u00e8rement incurv\u00e9 sur le devant. coupe ample<\/span><\/p>\n<p>ApuntoB est une marque italienne de mode, inspir\u00e9e par la ligne et la d\u00e9licatesse du pr\u00eat \u00e0 porter\u00a0 japonais, la marque cr\u00e9\u00e9 des v\u00eatements durables au caract\u00e8re singulier.<\/p>\n<p><em>Details : 100% cotton oversized shirt, B<span class=\"Y2IQFc\" lang=\"en\">oat neck shirt with gathered details, dropped shoulders, long sleeves, slightly curved hem at the front. Loose fit<\/span><\/em><\/p>\n<p><em>ApuntoB is an Italian fashion brand, inspired by the line and delicacy of Japanese ready-to-wear, the brand creates sustainable clothing with a singular character.<\/em><\/p>\n<p style=\"text-align: center\">APUNTOB Blouse P1842\/ TS876 Blue<\/p>\n","protected":false},"excerpt":{"rendered":"<p>Cr\u00e9ateur : ApuntoB, Italie D\u00e9tails : Chemise encolure bateau avec d\u00e9tails fronc\u00e9s, \u00e9paules tombantes, manches longues, ourlet l\u00e9g\u00e8rement incurv\u00e9 sur le devant. coupe ample ApuntoB est une marque italienne de mode, inspir\u00e9e par la ligne et la d\u00e9licatesse du pr\u00eat \u00e0 porter\u00a0 japonais, la marque cr\u00e9\u00e9 des v\u00eatements durables au caract\u00e8re singulier. Details : 100% [&hellip;]<\/p>\n","protected":false},"featured_media":3612441,"comment_status":"open","ping_status":"closed","template":"","meta":[],"product_brand":[],"product_cat":[],"product_tag":[],"acf":[],"_links":{"self":[{"href":"https:\/\/streetmarkets.fr\/app\/wp-json\/wp\/v2\/product\/3612440"}],"collection":[{"href":"https:\/\/streetmarkets.fr\/app\/wp-json\/wp\/v2\/product"}],"about":[{"href":"https:\/\/streetmarkets.fr\/app\/wp-json\/wp\/v2\/types\/product"}],"replies":[{"embeddable":true,"href":"https:\/\/streetmarkets.fr\/app\/wp-json\/wp\/v2\/comments?post=3612440"}],"wp:featuredmedia":[{"embeddable":true,"href":"https:\/\/streetmarkets.fr\/app\/wp-json\/wp\/v2\/media\/3612441"}],"wp:attachment":[{"href":"https:\/\/streetmarkets.fr\/app\/wp-json\/wp\/v2\/media?parent=3612440"}],"wp:term":[{"taxonomy":"product_brand","embeddable":true,"href":"https:\/\/streetmarkets.fr\/app\/wp-json\/wp\/v2\/product_brand?post=3612440"},{"taxonomy":"product_cat","embeddable":true,"href":"https:\/\/streetmarkets.fr\/app\/wp-json\/wp\/v2\/product_cat?post=3612440"},{"taxonomy":"product_tag","embeddable":true,"href":"https:\/\/streetmarkets.fr\/app\/wp-json\/wp\/v2\/product_tag?post=3612440"}],"curies":[{"name":"wp","href":"https:\/\/api.w.org\/{rel}","templated":true}]}}