{"id":3612326,"date":"2026-02-15T01:02:57","date_gmt":"2026-02-15T00:02:57","guid":{"rendered":"https:\/\/streetmarkets.fr\/app\/produit\/ordinary-fit-jean-bell-used\/"},"modified":"2026-05-10T02:01:38","modified_gmt":"2026-05-10T00:01:38","slug":"ordinary-fit-jean-bell-used","status":"publish","type":"product","link":"https:\/\/streetmarkets.fr\/app\/produit\/ordinary-fit-jean-bell-used\/","title":{"rendered":"ORDINARY FIT Jean BELL Used"},"content":{"rendered":"<p><strong>Cr\u00e9ateur :<\/strong> Ordinary Fit, Fabriqu\u00e9 au Japon<\/p>\n<p><strong>R\u00e9alisation : <\/strong>100 % coton, forme ronde, points de peinture, bouton sur les c\u00f4t\u00e9s pour ajuster, grandes poches<\/p>\n<p><em><span class=\"Y2IQFc\" lang=\"en\">100% cotton, round shape, paint dots, button on the sides to adjust, large pockets<\/span><\/em><\/p>\n","protected":false},"excerpt":{"rendered":"<p>Cr\u00e9ateur : Ordinary Fit, Fabriqu\u00e9 au Japon R\u00e9alisation : 100 % coton, forme ronde, points de peinture, bouton sur les c\u00f4t\u00e9s pour ajuster, grandes poches 100% cotton, round shape, paint dots, button on the sides to adjust, large pockets<\/p>\n","protected":false},"featured_media":3612327,"comment_status":"open","ping_status":"closed","template":"","meta":[],"product_brand":[],"product_cat":[],"product_tag":[],"acf":[],"_links":{"self":[{"href":"https:\/\/streetmarkets.fr\/app\/wp-json\/wp\/v2\/product\/3612326"}],"collection":[{"href":"https:\/\/streetmarkets.fr\/app\/wp-json\/wp\/v2\/product"}],"about":[{"href":"https:\/\/streetmarkets.fr\/app\/wp-json\/wp\/v2\/types\/product"}],"replies":[{"embeddable":true,"href":"https:\/\/streetmarkets.fr\/app\/wp-json\/wp\/v2\/comments?post=3612326"}],"wp:featuredmedia":[{"embeddable":true,"href":"https:\/\/streetmarkets.fr\/app\/wp-json\/wp\/v2\/media\/3612327"}],"wp:attachment":[{"href":"https:\/\/streetmarkets.fr\/app\/wp-json\/wp\/v2\/media?parent=3612326"}],"wp:term":[{"taxonomy":"product_brand","embeddable":true,"href":"https:\/\/streetmarkets.fr\/app\/wp-json\/wp\/v2\/product_brand?post=3612326"},{"taxonomy":"product_cat","embeddable":true,"href":"https:\/\/streetmarkets.fr\/app\/wp-json\/wp\/v2\/product_cat?post=3612326"},{"taxonomy":"product_tag","embeddable":true,"href":"https:\/\/streetmarkets.fr\/app\/wp-json\/wp\/v2\/product_tag?post=3612326"}],"curies":[{"name":"wp","href":"https:\/\/api.w.org\/{rel}","templated":true}]}}