{"id":3612043,"date":"2026-02-15T01:02:13","date_gmt":"2026-02-15T00:02:13","guid":{"rendered":"https:\/\/streetmarkets.fr\/app\/produit\/elia-maurizi-mocassin-1424-tebe-nero\/"},"modified":"2026-04-11T02:04:34","modified_gmt":"2026-04-11T00:04:34","slug":"elia-maurizi-mocassin-1424-tebe-nero","status":"publish","type":"product","link":"https:\/\/streetmarkets.fr\/app\/produit\/elia-maurizi-mocassin-1424-tebe-nero\/","title":{"rendered":"ELIA MAURIZI Mocassin 1424 Tebe nero"},"content":{"rendered":"<p><strong>Cr\u00e9ateur :<\/strong> ELIA MAURIZI, Handmade en Italie<\/p>\n<p><strong>R\u00e9alisation : <\/strong>Mocassins r\u00e9alis\u00e9s \u00e0 la main en Italie<\/p>\n<p>100 % cuir en tannage v\u00e9g\u00e9tal<\/p>\n<p id=\"tw-target-text\" class=\"tw-data-text tw-text-large tw-ta\" dir=\"ltr\" data-placeholder=\"Traduction\" data-ved=\"2ahUKEwiplffm0JeJAxX_VaQEHYg2L2EQ3ewLegQIAxAU\" aria-label=\"Texte traduit\u00a0: Moccasins handmade in Italy 100% vegetable tanned leather\"><em><span class=\"Y2IQFc\" lang=\"en\">Moccasins handmade in Italy 100% vegetable tanned leather<\/span><\/em><\/p>\n","protected":false},"excerpt":{"rendered":"<p>Cr\u00e9ateur : ELIA MAURIZI, Handmade en Italie R\u00e9alisation : Mocassins r\u00e9alis\u00e9s \u00e0 la main en Italie 100 % cuir en tannage v\u00e9g\u00e9tal Moccasins handmade in Italy 100% vegetable tanned leather<\/p>\n","protected":false},"featured_media":3612044,"comment_status":"open","ping_status":"closed","template":"","meta":[],"product_brand":[],"product_cat":[],"product_tag":[],"acf":[],"_links":{"self":[{"href":"https:\/\/streetmarkets.fr\/app\/wp-json\/wp\/v2\/product\/3612043"}],"collection":[{"href":"https:\/\/streetmarkets.fr\/app\/wp-json\/wp\/v2\/product"}],"about":[{"href":"https:\/\/streetmarkets.fr\/app\/wp-json\/wp\/v2\/types\/product"}],"replies":[{"embeddable":true,"href":"https:\/\/streetmarkets.fr\/app\/wp-json\/wp\/v2\/comments?post=3612043"}],"wp:featuredmedia":[{"embeddable":true,"href":"https:\/\/streetmarkets.fr\/app\/wp-json\/wp\/v2\/media\/3612044"}],"wp:attachment":[{"href":"https:\/\/streetmarkets.fr\/app\/wp-json\/wp\/v2\/media?parent=3612043"}],"wp:term":[{"taxonomy":"product_brand","embeddable":true,"href":"https:\/\/streetmarkets.fr\/app\/wp-json\/wp\/v2\/product_brand?post=3612043"},{"taxonomy":"product_cat","embeddable":true,"href":"https:\/\/streetmarkets.fr\/app\/wp-json\/wp\/v2\/product_cat?post=3612043"},{"taxonomy":"product_tag","embeddable":true,"href":"https:\/\/streetmarkets.fr\/app\/wp-json\/wp\/v2\/product_tag?post=3612043"}],"curies":[{"name":"wp","href":"https:\/\/api.w.org\/{rel}","templated":true}]}}