{"id":3611625,"date":"2026-02-15T01:01:10","date_gmt":"2026-02-15T00:01:10","guid":{"rendered":"https:\/\/streetmarkets.fr\/app\/produit\/goldwin-mesh-pile-crew-sweater-ink-navy\/"},"modified":"2026-05-10T01:59:40","modified_gmt":"2026-05-09T23:59:40","slug":"goldwin-mesh-pile-crew-sweater-ink-navy","status":"publish","type":"product","link":"https:\/\/streetmarkets.fr\/app\/produit\/goldwin-mesh-pile-crew-sweater-ink-navy\/","title":{"rendered":"GOLDWIN Mesh Pile Crew sweater Ink Navy"},"content":{"rendered":"<p><b>Cr\u00e9ateur :<\/b> GOLDWIN, Japan<\/p>\n<p><b>Detail :\u00a0 <\/b>Un pull technique \u00e0 col rond alliant respirabilit\u00e9 et chaleur, con\u00e7u pour un confort optimal en ext\u00e9rieur comme en montagne.<\/p>\n<p>Fabriqu\u00e9 avec un fil plat sp\u00e9cial \u00e0 texture velout\u00e9e, tricot\u00e9 en maille pour offrir chaleur, respirabilit\u00e9, s\u00e9chage rapide et douceur.<br \/>\nConfectionn\u00e9 en tricot sans coutures WHOLEGARMENT pour une coupe ajust\u00e9e et une excellente extensibilit\u00e9, sans coutures g\u00eanantes.<br \/>\nPoignets passe-pouces avec bord-c\u00f4te allong\u00e9\u00a0; le bord-c\u00f4te peut \u00eatre repli\u00e9 pour un look \u00e9pur\u00e9 lorsque les passe-pouces ne sont pas utilis\u00e9s.<\/p>\n<p>Waveron (100% Polyester)<\/p>\n<p>Code : GM35301<\/p>\n<p><em><strong>Detail : <\/strong>A technical crew-neck sweater combining breathability and warmth, designed for optimal comfort outdoors and in the mountains.<\/em><\/p>\n<p><em>Made with a special flat yarn with a velvety texture, knitted to provide warmth, breathability, quick drying, and softness.<\/em><br \/>\n<em>Made with WHOLEGARMENT seamless knit for a slim fit and excellent stretch, without annoying seams.<\/em><br \/>\n<em>Thumbhole cuffs with extended ribbing; the ribbing can be folded down for a clean look when the thumbholes are not in use.<\/em><\/p>\n<p><em>Waveron (100% Polyester)<\/em><\/p>\n","protected":false},"excerpt":{"rendered":"<p>Cr\u00e9ateur : GOLDWIN, Japan Detail :\u00a0 Un pull technique \u00e0 col rond alliant respirabilit\u00e9 et chaleur, con\u00e7u pour un confort optimal en ext\u00e9rieur comme en montagne. Fabriqu\u00e9 avec un fil plat sp\u00e9cial \u00e0 texture velout\u00e9e, tricot\u00e9 en maille pour offrir chaleur, respirabilit\u00e9, s\u00e9chage rapide et douceur. Confectionn\u00e9 en tricot sans coutures WHOLEGARMENT pour une coupe [&hellip;]<\/p>\n","protected":false},"featured_media":3611626,"comment_status":"open","ping_status":"closed","template":"","meta":[],"product_brand":[],"product_cat":[],"product_tag":[],"acf":[],"_links":{"self":[{"href":"https:\/\/streetmarkets.fr\/app\/wp-json\/wp\/v2\/product\/3611625"}],"collection":[{"href":"https:\/\/streetmarkets.fr\/app\/wp-json\/wp\/v2\/product"}],"about":[{"href":"https:\/\/streetmarkets.fr\/app\/wp-json\/wp\/v2\/types\/product"}],"replies":[{"embeddable":true,"href":"https:\/\/streetmarkets.fr\/app\/wp-json\/wp\/v2\/comments?post=3611625"}],"wp:featuredmedia":[{"embeddable":true,"href":"https:\/\/streetmarkets.fr\/app\/wp-json\/wp\/v2\/media\/3611626"}],"wp:attachment":[{"href":"https:\/\/streetmarkets.fr\/app\/wp-json\/wp\/v2\/media?parent=3611625"}],"wp:term":[{"taxonomy":"product_brand","embeddable":true,"href":"https:\/\/streetmarkets.fr\/app\/wp-json\/wp\/v2\/product_brand?post=3611625"},{"taxonomy":"product_cat","embeddable":true,"href":"https:\/\/streetmarkets.fr\/app\/wp-json\/wp\/v2\/product_cat?post=3611625"},{"taxonomy":"product_tag","embeddable":true,"href":"https:\/\/streetmarkets.fr\/app\/wp-json\/wp\/v2\/product_tag?post=3611625"}],"curies":[{"name":"wp","href":"https:\/\/api.w.org\/{rel}","templated":true}]}}