{"id":3611613,"date":"2026-02-15T01:01:09","date_gmt":"2026-02-15T00:01:09","guid":{"rendered":"https:\/\/streetmarkets.fr\/app\/produit\/norse-projects-henning-cotton-wool-rib-sweater-dark-grey-melange\/"},"modified":"2026-05-12T01:59:07","modified_gmt":"2026-05-11T23:59:07","slug":"norse-projects-henning-cotton-wool-rib-sweater-dark-grey-melange","status":"publish","type":"product","link":"https:\/\/streetmarkets.fr\/app\/produit\/norse-projects-henning-cotton-wool-rib-sweater-dark-grey-melange\/","title":{"rendered":"NORSE PROJECTS HENNING Cotton Wool Rib Sweater Dark grey melange"},"content":{"rendered":"<p><strong>Cr\u00e9ateur :<\/strong> Norse Projects, Danemark<\/p>\n<p><strong>R\u00e9alisation : <\/strong>Pull c\u00f4tel\u00e9 \u00e0 col rond, coupe standard, confectionn\u00e9 dans un m\u00e9lange de coton fin et de laine. Le fil de laine est trait\u00e9 sans chlore et reste lavable. Il allie un look authentique \u00e0 un toucher agr\u00e9able. La laine maintient la temp\u00e9rature corporelle stable et am\u00e9liore la respirabilit\u00e9, pour un confort accru. L&rsquo;ajout de fil de coton permet de tricoter une structure plus \u00e9paisse et un toucher l\u00e9g\u00e8rement plus doux. Ce mod\u00e8le est dot\u00e9 de manches mont\u00e9es, d&rsquo;un col, de poignets et d&rsquo;un ourlet c\u00f4tel\u00e9s.<\/p>\n<p>79 % laine, 21 % coton<br \/>\nCalibre 7, 3 fils<br \/>\nCoupe standard<br \/>\nTricot\u00e9 en Italie<br \/>\n\u00c9tiquette de marque<\/p>\n<p><em>Design : Regular-fit ribbed crewneck sweater crafted from a fine cotton and wool blend. The wool yarn is chlorine-free and washable. It combines an authentic look with a pleasant feel. Wool maintains stable body temperature and improves breathability, for added comfort. The addition of cotton yarn allows for a thicker knit structure and a slightly softer feel. This style features ribbed set-in sleeves, a ribbed collar, cuffs, and hem.<\/em><\/p>\n<p><em>79% wool, 21% cotton<\/em><br \/>\n<em>7 gauge, 3-ply<\/em><br \/>\n<em>Standard fit<\/em><br \/>\n<em>Knitted in Italy<\/em><br \/>\n<em>Branded label<\/em><\/p>\n","protected":false},"excerpt":{"rendered":"<p>Cr\u00e9ateur : Norse Projects, Danemark R\u00e9alisation : Pull c\u00f4tel\u00e9 \u00e0 col rond, coupe standard, confectionn\u00e9 dans un m\u00e9lange de coton fin et de laine. Le fil de laine est trait\u00e9 sans chlore et reste lavable. Il allie un look authentique \u00e0 un toucher agr\u00e9able. La laine maintient la temp\u00e9rature corporelle stable et am\u00e9liore la respirabilit\u00e9, [&hellip;]<\/p>\n","protected":false},"featured_media":3611614,"comment_status":"open","ping_status":"closed","template":"","meta":[],"product_brand":[],"product_cat":[],"product_tag":[],"acf":[],"_links":{"self":[{"href":"https:\/\/streetmarkets.fr\/app\/wp-json\/wp\/v2\/product\/3611613"}],"collection":[{"href":"https:\/\/streetmarkets.fr\/app\/wp-json\/wp\/v2\/product"}],"about":[{"href":"https:\/\/streetmarkets.fr\/app\/wp-json\/wp\/v2\/types\/product"}],"replies":[{"embeddable":true,"href":"https:\/\/streetmarkets.fr\/app\/wp-json\/wp\/v2\/comments?post=3611613"}],"wp:featuredmedia":[{"embeddable":true,"href":"https:\/\/streetmarkets.fr\/app\/wp-json\/wp\/v2\/media\/3611614"}],"wp:attachment":[{"href":"https:\/\/streetmarkets.fr\/app\/wp-json\/wp\/v2\/media?parent=3611613"}],"wp:term":[{"taxonomy":"product_brand","embeddable":true,"href":"https:\/\/streetmarkets.fr\/app\/wp-json\/wp\/v2\/product_brand?post=3611613"},{"taxonomy":"product_cat","embeddable":true,"href":"https:\/\/streetmarkets.fr\/app\/wp-json\/wp\/v2\/product_cat?post=3611613"},{"taxonomy":"product_tag","embeddable":true,"href":"https:\/\/streetmarkets.fr\/app\/wp-json\/wp\/v2\/product_tag?post=3611613"}],"curies":[{"name":"wp","href":"https:\/\/api.w.org\/{rel}","templated":true}]}}