{"id":3611581,"date":"2026-02-15T01:01:05","date_gmt":"2026-02-15T00:01:05","guid":{"rendered":"https:\/\/streetmarkets.fr\/app\/produit\/nanamica-2l-pertex-unlimited-field-short-jacket-black\/"},"modified":"2026-05-10T01:59:40","modified_gmt":"2026-05-09T23:59:40","slug":"nanamica-2l-pertex-unlimited-field-short-jacket-black","status":"publish","type":"product","link":"https:\/\/streetmarkets.fr\/app\/produit\/nanamica-2l-pertex-unlimited-field-short-jacket-black\/","title":{"rendered":"NANAMICA 2L PERTEX UNLIMITED Field Short Jacket Black"},"content":{"rendered":"<div class=\"woocommerce-product-details__short-description\">\n<p><b>Cr\u00e9ateur :<\/b> NANAMICA, Japan<\/p>\n<p><b>Detail : <\/b>Veste courte confectionn\u00e9e en tissu ext\u00e9rieur PERTEX\u00ae UNLIMITED double couche, hautement imperm\u00e9able et respirant, avec une finition d\u00e9perlante durable.<\/p>\n<p>Taffetas de nylon \u00e0 la texture mate semblable \u00e0 du coton.<br \/>\nDoublure en coton biologique\/Coolmax\u00ae \u00e0 motif carreaux.<br \/>\nL&rsquo;int\u00e9rieur du col est en velours c\u00f4tel\u00e9 de polyester doux.<br \/>\nAjustement possible gr\u00e2ce aux cordons de serrage \u00e0 l&rsquo;ourlet.<br \/>\nPoche plaqu\u00e9e zipp\u00e9e sur la poitrine gauche.<br \/>\nPoche int\u00e9rieure zipp\u00e9e.<\/p>\n<p>100 % nylon<\/p>\n<p><em>Short jacket made from a highly waterproof and breathable double-layer PERTEX\u00ae UNLIMITED outer fabric with a durable water-repellent finish.<\/em><\/p>\n<p><em>Nylon taffeta with a matte, cotton-like texture.<\/em><br \/>\n<em>Organic cotton\/Coolmax\u00ae lining with a check pattern.<\/em><br \/>\n<em>The inside of the collar is made of soft polyester corduroy.<\/em><br \/>\n<em>Adjustable with drawstrings at the hem.<\/em><br \/>\n<em>Zippered patch pocket on the left chest.<\/em><br \/>\n<em>Inside zippered pocket.<\/em><\/p>\n<p>&nbsp;<\/p>\n<p>&nbsp;<\/p>\n<\/div>\n","protected":false},"excerpt":{"rendered":"<p>Cr\u00e9ateur : NANAMICA, Japan Detail : Veste courte confectionn\u00e9e en tissu ext\u00e9rieur PERTEX\u00ae UNLIMITED double couche, hautement imperm\u00e9able et respirant, avec une finition d\u00e9perlante durable. Taffetas de nylon \u00e0 la texture mate semblable \u00e0 du coton. Doublure en coton biologique\/Coolmax\u00ae \u00e0 motif carreaux. L&rsquo;int\u00e9rieur du col est en velours c\u00f4tel\u00e9 de polyester doux. Ajustement possible [&hellip;]<\/p>\n","protected":false},"featured_media":3611582,"comment_status":"open","ping_status":"closed","template":"","meta":[],"product_brand":[],"product_cat":[],"product_tag":[],"acf":[],"_links":{"self":[{"href":"https:\/\/streetmarkets.fr\/app\/wp-json\/wp\/v2\/product\/3611581"}],"collection":[{"href":"https:\/\/streetmarkets.fr\/app\/wp-json\/wp\/v2\/product"}],"about":[{"href":"https:\/\/streetmarkets.fr\/app\/wp-json\/wp\/v2\/types\/product"}],"replies":[{"embeddable":true,"href":"https:\/\/streetmarkets.fr\/app\/wp-json\/wp\/v2\/comments?post=3611581"}],"wp:featuredmedia":[{"embeddable":true,"href":"https:\/\/streetmarkets.fr\/app\/wp-json\/wp\/v2\/media\/3611582"}],"wp:attachment":[{"href":"https:\/\/streetmarkets.fr\/app\/wp-json\/wp\/v2\/media?parent=3611581"}],"wp:term":[{"taxonomy":"product_brand","embeddable":true,"href":"https:\/\/streetmarkets.fr\/app\/wp-json\/wp\/v2\/product_brand?post=3611581"},{"taxonomy":"product_cat","embeddable":true,"href":"https:\/\/streetmarkets.fr\/app\/wp-json\/wp\/v2\/product_cat?post=3611581"},{"taxonomy":"product_tag","embeddable":true,"href":"https:\/\/streetmarkets.fr\/app\/wp-json\/wp\/v2\/product_tag?post=3611581"}],"curies":[{"name":"wp","href":"https:\/\/api.w.org\/{rel}","templated":true}]}}