{"id":3611526,"date":"2026-02-15T01:00:46","date_gmt":"2026-02-15T00:00:46","guid":{"rendered":"https:\/\/streetmarkets.fr\/app\/produit\/gramicci-salem-pant-charcoal\/"},"modified":"2026-05-10T01:59:27","modified_gmt":"2026-05-09T23:59:27","slug":"gramicci-salem-pant-charcoal","status":"publish","type":"product","link":"https:\/\/streetmarkets.fr\/app\/produit\/gramicci-salem-pant-charcoal\/","title":{"rendered":"GRAMICCI SALEM Pant Charcoal"},"content":{"rendered":"<p><strong>Cr\u00e9ateur :<\/strong> Gramicci<\/p>\n<p><strong>R\u00e9alisation : <\/strong>Tissu polycoton bross\u00e9 haute densit\u00e9, ceinture de serrage int\u00e9gr\u00e9e en nylon<br \/>\nCeinture \u00e9lastique, gousset d&rsquo;entrejambe en losange<br \/>\nCordon de serrage \u00e0 l&rsquo;ourlet, poches zipp\u00e9es au dos<br \/>\nCoupe ample<\/p>\n<div class=\"page\" title=\"Page 2\">\n<div class=\"section\">\n<div class=\"layoutArea\">\n<div class=\"column\">\n<p>Polyester 80% Cotton 20%<\/p>\n<p><em>High-density brushed polycotton fabric, integrated nylon waistband<\/em><br \/>\n<em>Elastic waistband, diamond-shaped crotch gusset<\/em><br \/>\n<em>Drawstring hem, zippered back pockets<\/em><br \/>\n<em>Loose fit<\/em><\/p>\n<p><em>Polyester 80% Cotton 20%<\/em><\/p>\n<p>Code produit : G5FM-P046<\/p>\n<\/div>\n<\/div>\n<\/div>\n<\/div>\n<p>&nbsp;<\/p>\n","protected":false},"excerpt":{"rendered":"<p>Cr\u00e9ateur : Gramicci R\u00e9alisation : Tissu polycoton bross\u00e9 haute densit\u00e9, ceinture de serrage int\u00e9gr\u00e9e en nylon Ceinture \u00e9lastique, gousset d&rsquo;entrejambe en losange Cordon de serrage \u00e0 l&rsquo;ourlet, poches zipp\u00e9es au dos Coupe ample Polyester 80% Cotton 20% High-density brushed polycotton fabric, integrated nylon waistband Elastic waistband, diamond-shaped crotch gusset Drawstring hem, zippered back pockets Loose [&hellip;]<\/p>\n","protected":false},"featured_media":3611527,"comment_status":"open","ping_status":"closed","template":"","meta":[],"product_brand":[7137],"product_cat":[],"product_tag":[],"acf":[],"_links":{"self":[{"href":"https:\/\/streetmarkets.fr\/app\/wp-json\/wp\/v2\/product\/3611526"}],"collection":[{"href":"https:\/\/streetmarkets.fr\/app\/wp-json\/wp\/v2\/product"}],"about":[{"href":"https:\/\/streetmarkets.fr\/app\/wp-json\/wp\/v2\/types\/product"}],"replies":[{"embeddable":true,"href":"https:\/\/streetmarkets.fr\/app\/wp-json\/wp\/v2\/comments?post=3611526"}],"wp:featuredmedia":[{"embeddable":true,"href":"https:\/\/streetmarkets.fr\/app\/wp-json\/wp\/v2\/media\/3611527"}],"wp:attachment":[{"href":"https:\/\/streetmarkets.fr\/app\/wp-json\/wp\/v2\/media?parent=3611526"}],"wp:term":[{"taxonomy":"product_brand","embeddable":true,"href":"https:\/\/streetmarkets.fr\/app\/wp-json\/wp\/v2\/product_brand?post=3611526"},{"taxonomy":"product_cat","embeddable":true,"href":"https:\/\/streetmarkets.fr\/app\/wp-json\/wp\/v2\/product_cat?post=3611526"},{"taxonomy":"product_tag","embeddable":true,"href":"https:\/\/streetmarkets.fr\/app\/wp-json\/wp\/v2\/product_tag?post=3611526"}],"curies":[{"name":"wp","href":"https:\/\/api.w.org\/{rel}","templated":true}]}}