{"id":3611521,"date":"2026-02-15T01:00:46","date_gmt":"2026-02-15T00:00:46","guid":{"rendered":"https:\/\/streetmarkets.fr\/app\/produit\/ymc-earth-alva-skate-trouser-black\/"},"modified":"2026-05-11T02:01:21","modified_gmt":"2026-05-11T00:01:21","slug":"ymc-earth-alva-skate-trouser-black","status":"publish","type":"product","link":"https:\/\/streetmarkets.fr\/app\/produit\/ymc-earth-alva-skate-trouser-black\/","title":{"rendered":"YMC Earth ALVA Skate Trouser Black"},"content":{"rendered":"<div class=\"woocommerce-product-details__short-description\">\n<p><b>Cr\u00e9ateur :<\/b> YMC, You Must Create<\/p>\n<p><b>R\u00e9alisation : <\/b>Pantalon court \u00e0 cordon de serrage, coton biologique teint en pi\u00e8ce<br \/>\nCoutures \u00e0 double surpiq\u00fbre, ceinture \u00e9lastiqu\u00e9e ajustable<br \/>\nPoches lat\u00e9rales et arri\u00e8re<b><br \/>\n<\/b><\/p>\n<p>97 % coton biologique 3 % \u00e9lasthanne<\/p>\n<p>code produit : P4AZE01<\/p>\n<p><em>Drawstring cropped pants, garment-dyed organic cotton<\/em><br \/>\n<em>Double-stitched seams, adjustable elastic waistband<\/em><br \/>\n<em>Side and back pockets<\/em><\/p>\n<p><em>97% organic cotton, 3% elastane<\/em><\/p>\n<\/div>\n<p>YMC Earth ALVA Skate Trouser Black<\/p>\n","protected":false},"excerpt":{"rendered":"<p>Cr\u00e9ateur : YMC, You Must Create R\u00e9alisation : Pantalon court \u00e0 cordon de serrage, coton biologique teint en pi\u00e8ce Coutures \u00e0 double surpiq\u00fbre, ceinture \u00e9lastiqu\u00e9e ajustable Poches lat\u00e9rales et arri\u00e8re 97 % coton biologique 3 % \u00e9lasthanne code produit : P4AZE01 Drawstring cropped pants, garment-dyed organic cotton Double-stitched seams, adjustable elastic waistband Side and back [&hellip;]<\/p>\n","protected":false},"featured_media":3611522,"comment_status":"open","ping_status":"closed","template":"","meta":[],"product_brand":[],"product_cat":[],"product_tag":[],"acf":[],"_links":{"self":[{"href":"https:\/\/streetmarkets.fr\/app\/wp-json\/wp\/v2\/product\/3611521"}],"collection":[{"href":"https:\/\/streetmarkets.fr\/app\/wp-json\/wp\/v2\/product"}],"about":[{"href":"https:\/\/streetmarkets.fr\/app\/wp-json\/wp\/v2\/types\/product"}],"replies":[{"embeddable":true,"href":"https:\/\/streetmarkets.fr\/app\/wp-json\/wp\/v2\/comments?post=3611521"}],"wp:featuredmedia":[{"embeddable":true,"href":"https:\/\/streetmarkets.fr\/app\/wp-json\/wp\/v2\/media\/3611522"}],"wp:attachment":[{"href":"https:\/\/streetmarkets.fr\/app\/wp-json\/wp\/v2\/media?parent=3611521"}],"wp:term":[{"taxonomy":"product_brand","embeddable":true,"href":"https:\/\/streetmarkets.fr\/app\/wp-json\/wp\/v2\/product_brand?post=3611521"},{"taxonomy":"product_cat","embeddable":true,"href":"https:\/\/streetmarkets.fr\/app\/wp-json\/wp\/v2\/product_cat?post=3611521"},{"taxonomy":"product_tag","embeddable":true,"href":"https:\/\/streetmarkets.fr\/app\/wp-json\/wp\/v2\/product_tag?post=3611521"}],"curies":[{"name":"wp","href":"https:\/\/api.w.org\/{rel}","templated":true}]}}