{"id":3610865,"date":"2026-02-15T00:58:58","date_gmt":"2026-02-14T23:58:58","guid":{"rendered":"https:\/\/streetmarkets.fr\/app\/produit\/good-on-heavy-hood-sweat-black\/"},"modified":"2026-05-12T01:58:11","modified_gmt":"2026-05-11T23:58:11","slug":"good-on-heavy-hood-sweat-black","status":"publish","type":"product","link":"https:\/\/streetmarkets.fr\/app\/produit\/good-on-heavy-hood-sweat-black\/","title":{"rendered":"GOOD ON Heavy Hood sweat Black"},"content":{"rendered":"<p><b>Cr\u00e9ateur :<\/b> Good On Japan<br \/>\n<b><\/b><\/p>\n<p><b>R\u00e9alisation : <\/b>Sweat hoodie heavy<\/p>\n<p>Sweat \u00e0 capuche, poches lat\u00e9rales au-dessus de la taille, goussets lat\u00e9raux c\u00f4tel\u00e9s<\/p>\n<p>Teinture pigment, bord c\u00f4te bas et manches<\/p>\n<p><b><\/b><b>La parenth\u00e8se : <\/b>Savoir-faire Japonais.<\/p>\n<p><em>Design : <\/em><em>Heavy hoodie sweatshirt<\/em><\/p>\n<p><em>Hooded sweatshirt, side pockets above the waist, ribbed side gussets<\/em><\/p>\n<p><em>Pigment dye, ribbed bottom and sleeves<\/em><\/p>\n<p><em>100% Premium USA Cotton<\/em><\/p>\n<p><em>Japanese know-how.<\/em><\/p>\n","protected":false},"excerpt":{"rendered":"<p>Cr\u00e9ateur : Good On Japan R\u00e9alisation : Sweat hoodie heavy Sweat \u00e0 capuche, poches lat\u00e9rales au-dessus de la taille, goussets lat\u00e9raux c\u00f4tel\u00e9s Teinture pigment, bord c\u00f4te bas et manches La parenth\u00e8se : Savoir-faire Japonais. Design : Heavy hoodie sweatshirt Hooded sweatshirt, side pockets above the waist, ribbed side gussets Pigment dye, ribbed bottom and sleeves [&hellip;]<\/p>\n","protected":false},"featured_media":3610866,"comment_status":"open","ping_status":"closed","template":"","meta":[],"product_brand":[],"product_cat":[],"product_tag":[],"acf":[],"_links":{"self":[{"href":"https:\/\/streetmarkets.fr\/app\/wp-json\/wp\/v2\/product\/3610865"}],"collection":[{"href":"https:\/\/streetmarkets.fr\/app\/wp-json\/wp\/v2\/product"}],"about":[{"href":"https:\/\/streetmarkets.fr\/app\/wp-json\/wp\/v2\/types\/product"}],"replies":[{"embeddable":true,"href":"https:\/\/streetmarkets.fr\/app\/wp-json\/wp\/v2\/comments?post=3610865"}],"wp:featuredmedia":[{"embeddable":true,"href":"https:\/\/streetmarkets.fr\/app\/wp-json\/wp\/v2\/media\/3610866"}],"wp:attachment":[{"href":"https:\/\/streetmarkets.fr\/app\/wp-json\/wp\/v2\/media?parent=3610865"}],"wp:term":[{"taxonomy":"product_brand","embeddable":true,"href":"https:\/\/streetmarkets.fr\/app\/wp-json\/wp\/v2\/product_brand?post=3610865"},{"taxonomy":"product_cat","embeddable":true,"href":"https:\/\/streetmarkets.fr\/app\/wp-json\/wp\/v2\/product_cat?post=3610865"},{"taxonomy":"product_tag","embeddable":true,"href":"https:\/\/streetmarkets.fr\/app\/wp-json\/wp\/v2\/product_tag?post=3610865"}],"curies":[{"name":"wp","href":"https:\/\/api.w.org\/{rel}","templated":true}]}}