{"id":3610618,"date":"2026-02-15T00:58:15","date_gmt":"2026-02-14T23:58:15","guid":{"rendered":"https:\/\/streetmarkets.fr\/app\/produit\/paraboot-derbies-michael-lisse-noir-semelle-gomme\/"},"modified":"2026-05-06T02:00:26","modified_gmt":"2026-05-06T00:00:26","slug":"paraboot-derbies-michael-lisse-noir-semelle-gomme","status":"publish","type":"product","link":"https:\/\/streetmarkets.fr\/app\/produit\/paraboot-derbies-michael-lisse-noir-semelle-gomme\/","title":{"rendered":"PARABOOT Derbies MICHAEL Lisse Noir, semelle gomme"},"content":{"rendered":"<p><b>Cr\u00e9ateur :<\/b> Paraboot \/ France<br \/>\n<b><\/b><\/p>\n<p><b>R\u00e9alisation : <\/b>Derby plateau joint\u00e9 bourrelet, 2 \u0153illets.<br \/>\nMod\u00e8le doubl\u00e9 cuir, v\u00e9ritable cousu norv\u00e9gien, sur semelle gomme naturelle.<\/p>\n<p><b><\/b><b>La parenth\u00e8se : <\/b>Inspir\u00e9 des chaussures port\u00e9es par les ouvriers am\u00e9ricains des ann\u00e9es &rsquo;30, ce mod\u00e8le r\u00e9interpr\u00e8te l\u2019esprit des workingboots avec sa forme muffl\u00e9e et son haut de tige matelass\u00e9.<\/p>\n<p>Commande uniquement \u00e0 partir de pays de l&rsquo;Union Europ\u00e9enne<\/p>\n","protected":false},"excerpt":{"rendered":"<p>Cr\u00e9ateur : Paraboot \/ France R\u00e9alisation : Derby plateau joint\u00e9 bourrelet, 2 \u0153illets. Mod\u00e8le doubl\u00e9 cuir, v\u00e9ritable cousu norv\u00e9gien, sur semelle gomme naturelle. La parenth\u00e8se : Inspir\u00e9 des chaussures port\u00e9es par les ouvriers am\u00e9ricains des ann\u00e9es &rsquo;30, ce mod\u00e8le r\u00e9interpr\u00e8te l\u2019esprit des workingboots avec sa forme muffl\u00e9e et son haut de tige matelass\u00e9. Commande uniquement [&hellip;]<\/p>\n","protected":false},"featured_media":3610619,"comment_status":"open","ping_status":"closed","template":"","meta":[],"product_brand":[],"product_cat":[],"product_tag":[],"acf":[],"_links":{"self":[{"href":"https:\/\/streetmarkets.fr\/app\/wp-json\/wp\/v2\/product\/3610618"}],"collection":[{"href":"https:\/\/streetmarkets.fr\/app\/wp-json\/wp\/v2\/product"}],"about":[{"href":"https:\/\/streetmarkets.fr\/app\/wp-json\/wp\/v2\/types\/product"}],"replies":[{"embeddable":true,"href":"https:\/\/streetmarkets.fr\/app\/wp-json\/wp\/v2\/comments?post=3610618"}],"wp:featuredmedia":[{"embeddable":true,"href":"https:\/\/streetmarkets.fr\/app\/wp-json\/wp\/v2\/media\/3610619"}],"wp:attachment":[{"href":"https:\/\/streetmarkets.fr\/app\/wp-json\/wp\/v2\/media?parent=3610618"}],"wp:term":[{"taxonomy":"product_brand","embeddable":true,"href":"https:\/\/streetmarkets.fr\/app\/wp-json\/wp\/v2\/product_brand?post=3610618"},{"taxonomy":"product_cat","embeddable":true,"href":"https:\/\/streetmarkets.fr\/app\/wp-json\/wp\/v2\/product_cat?post=3610618"},{"taxonomy":"product_tag","embeddable":true,"href":"https:\/\/streetmarkets.fr\/app\/wp-json\/wp\/v2\/product_tag?post=3610618"}],"curies":[{"name":"wp","href":"https:\/\/api.w.org\/{rel}","templated":true}]}}