{"id":3610578,"date":"2026-02-15T00:58:10","date_gmt":"2026-02-14T23:58:10","guid":{"rendered":"https:\/\/streetmarkets.fr\/app\/produit\/paraboot-barth-marine-miel-vel-fauve\/"},"modified":"2026-04-10T01:58:09","modified_gmt":"2026-04-09T23:58:09","slug":"paraboot-barth-marine-miel-vel-fauve","status":"publish","type":"product","link":"https:\/\/streetmarkets.fr\/app\/produit\/paraboot-barth-marine-miel-vel-fauve\/","title":{"rendered":"PARABOOT BARTH Marine Miel vel Fauve"},"content":{"rendered":"<p><b>Cr\u00e9ateur :<\/b> Paraboot \/ France<br \/>\n<b><\/b><\/p>\n<p><b>R\u00e9alisation :\u00a0<\/b>Inspir\u00e9e directement du montage cousu Blake des mocassins indiens d&rsquo;Am\u00e9rique, cette technique est utilis\u00e9e par Paraboot depuis la fin des ann\u00e9es &rsquo;60. Ces chaussures cousues main et r\u00e9alis\u00e9es dans les meilleurs cuirs assurent souplesse et \u00e9l\u00e9gance.<\/p>\n<p>&#8211; Forme au chaussant traditionnel au bout l\u00e9g\u00e8rement arrondi<br \/>\n&#8211; Fabriqu\u00e9 en Espagne<br \/>\n&#8211; Cousu Blake, non doubl\u00e9<br \/>\n&#8211; Semelle en gomme naturelle<\/p>\n<p>Commande uniquement \u00e0 partir de pays de l&rsquo;Union Europ\u00e9enne<\/p>\n<p><em>Directly inspired by the Blake welt assembly of American Indian loafers, this technique has been used by Paraboot since the end of the &rsquo;60s. These hand-sewn shoes made of the best leathers ensure suppleness and elegance. &#8211; Traditional fit with a slightly rounded toe &#8211; Made in Spain &#8211; Blake welt, unlined &#8211; Natural rubber sole<\/em><\/p>\n<p class=\"tw-data-text tw-text-large tw-ta\" dir=\"ltr\" data-placeholder=\"Traduction\" data-ved=\"2ahUKEwiC-p3u8bOJAxXzaqQEHaMdGdoQ3ewLegQIBxAU\" aria-label=\"Texte traduit\u00a0: This model, originally technical, is inspired by mountain approach walks from the '60s and '80s. Today, this legendary mountain shoe model has been revisited for an urban style. Traditional fit with a rounded toe Made in France Norwegian stitched, leather lined Natural rubber sole Order only from European Union countries\"><em><span class=\"Y2IQFc\" lang=\"en\">Sole Order only from European Union countries<\/span><\/em><\/p>\n","protected":false},"excerpt":{"rendered":"<p>Cr\u00e9ateur : Paraboot \/ France R\u00e9alisation :\u00a0Inspir\u00e9e directement du montage cousu Blake des mocassins indiens d&rsquo;Am\u00e9rique, cette technique est utilis\u00e9e par Paraboot depuis la fin des ann\u00e9es &rsquo;60. Ces chaussures cousues main et r\u00e9alis\u00e9es dans les meilleurs cuirs assurent souplesse et \u00e9l\u00e9gance. &#8211; Forme au chaussant traditionnel au bout l\u00e9g\u00e8rement arrondi &#8211; Fabriqu\u00e9 en Espagne [&hellip;]<\/p>\n","protected":false},"featured_media":3610579,"comment_status":"open","ping_status":"closed","template":"","meta":[],"product_brand":[],"product_cat":[],"product_tag":[],"acf":[],"_links":{"self":[{"href":"https:\/\/streetmarkets.fr\/app\/wp-json\/wp\/v2\/product\/3610578"}],"collection":[{"href":"https:\/\/streetmarkets.fr\/app\/wp-json\/wp\/v2\/product"}],"about":[{"href":"https:\/\/streetmarkets.fr\/app\/wp-json\/wp\/v2\/types\/product"}],"replies":[{"embeddable":true,"href":"https:\/\/streetmarkets.fr\/app\/wp-json\/wp\/v2\/comments?post=3610578"}],"wp:featuredmedia":[{"embeddable":true,"href":"https:\/\/streetmarkets.fr\/app\/wp-json\/wp\/v2\/media\/3610579"}],"wp:attachment":[{"href":"https:\/\/streetmarkets.fr\/app\/wp-json\/wp\/v2\/media?parent=3610578"}],"wp:term":[{"taxonomy":"product_brand","embeddable":true,"href":"https:\/\/streetmarkets.fr\/app\/wp-json\/wp\/v2\/product_brand?post=3610578"},{"taxonomy":"product_cat","embeddable":true,"href":"https:\/\/streetmarkets.fr\/app\/wp-json\/wp\/v2\/product_cat?post=3610578"},{"taxonomy":"product_tag","embeddable":true,"href":"https:\/\/streetmarkets.fr\/app\/wp-json\/wp\/v2\/product_tag?post=3610578"}],"curies":[{"name":"wp","href":"https:\/\/api.w.org\/{rel}","templated":true}]}}