{"id":3610549,"date":"2026-02-15T00:58:06","date_gmt":"2026-02-14T23:58:06","guid":{"rendered":"https:\/\/streetmarkets.fr\/app\/produit\/astorflex-montflex-450-testa-di-moro\/"},"modified":"2026-04-21T01:58:54","modified_gmt":"2026-04-20T23:58:54","slug":"astorflex-montflex-450-testa-di-moro","status":"publish","type":"product","link":"https:\/\/streetmarkets.fr\/app\/produit\/astorflex-montflex-450-testa-di-moro\/","title":{"rendered":"ASTORFLEX MONTFLEX 450 Testa di Moro"},"content":{"rendered":"<p><strong>Cr\u00e9ateur :<\/strong> ASTORFLEX, Handmade en Italie<\/p>\n<p><strong>R\u00e9alisation : <\/strong>Bottine \u00e0 2 \u0153illets, fa\u00e7ons \u00ab\u00a0Desert Boot\u00a0\u00bb<\/p>\n<p>Cuir su\u00e9d\u00e9 de Toscane en tannage v\u00e9g\u00e9tal<\/p>\n<p>Semelle d&rsquo;usure en caoutchouc naturel<\/p>\n<p>\u00e9co-responsable<\/p>\n<p>Un doute sur votre taille ? Vous pouvez nous contacter par mail sur contact@authentiqueparenthese.fr<\/p>\n<p><em><strong>Design : <\/strong><span class=\"Y2IQFc\" lang=\"en\">2-eyelet desert boot style Vegetable-tanned Tuscan suede Natural rubber outsole Eco-friendly<\/span><\/em><\/p>\n","protected":false},"excerpt":{"rendered":"<p>Cr\u00e9ateur : ASTORFLEX, Handmade en Italie R\u00e9alisation : Bottine \u00e0 2 \u0153illets, fa\u00e7ons \u00ab\u00a0Desert Boot\u00a0\u00bb Cuir su\u00e9d\u00e9 de Toscane en tannage v\u00e9g\u00e9tal Semelle d&rsquo;usure en caoutchouc naturel \u00e9co-responsable Un doute sur votre taille ? Vous pouvez nous contacter par mail sur contact@authentiqueparenthese.fr Design : 2-eyelet desert boot style Vegetable-tanned Tuscan suede Natural rubber outsole Eco-friendly<\/p>\n","protected":false},"featured_media":3610550,"comment_status":"open","ping_status":"closed","template":"","meta":[],"product_brand":[],"product_cat":[],"product_tag":[],"acf":[],"_links":{"self":[{"href":"https:\/\/streetmarkets.fr\/app\/wp-json\/wp\/v2\/product\/3610549"}],"collection":[{"href":"https:\/\/streetmarkets.fr\/app\/wp-json\/wp\/v2\/product"}],"about":[{"href":"https:\/\/streetmarkets.fr\/app\/wp-json\/wp\/v2\/types\/product"}],"replies":[{"embeddable":true,"href":"https:\/\/streetmarkets.fr\/app\/wp-json\/wp\/v2\/comments?post=3610549"}],"wp:featuredmedia":[{"embeddable":true,"href":"https:\/\/streetmarkets.fr\/app\/wp-json\/wp\/v2\/media\/3610550"}],"wp:attachment":[{"href":"https:\/\/streetmarkets.fr\/app\/wp-json\/wp\/v2\/media?parent=3610549"}],"wp:term":[{"taxonomy":"product_brand","embeddable":true,"href":"https:\/\/streetmarkets.fr\/app\/wp-json\/wp\/v2\/product_brand?post=3610549"},{"taxonomy":"product_cat","embeddable":true,"href":"https:\/\/streetmarkets.fr\/app\/wp-json\/wp\/v2\/product_cat?post=3610549"},{"taxonomy":"product_tag","embeddable":true,"href":"https:\/\/streetmarkets.fr\/app\/wp-json\/wp\/v2\/product_tag?post=3610549"}],"curies":[{"name":"wp","href":"https:\/\/api.w.org\/{rel}","templated":true}]}}