{"id":3610471,"date":"2026-02-15T00:57:55","date_gmt":"2026-02-14T23:57:55","guid":{"rendered":"https:\/\/streetmarkets.fr\/app\/produit\/coldbreaker-slippers-siberian-mid-brown\/"},"modified":"2026-04-30T01:58:47","modified_gmt":"2026-04-29T23:58:47","slug":"coldbreaker-slippers-siberian-mid-brown","status":"publish","type":"product","link":"https:\/\/streetmarkets.fr\/app\/produit\/coldbreaker-slippers-siberian-mid-brown\/","title":{"rendered":"COLDBREAKER Slippers SIBERIAN Mid brown"},"content":{"rendered":"<p style=\"text-align: left\"><strong>Cr\u00e9ateur :<\/strong> Coldbreaker, Irlande<\/p>\n<p><strong>R\u00e9alisation : <\/strong>Chausson d&rsquo;int\u00e9rieur 100% laine irlandaise, laine boucl\u00e9, semelle anti d\u00e9rapante<\/p>\n<p>Code : Mid brown<\/p>\n<p id=\"tw-target-text\" class=\"tw-data-text tw-text-large tw-ta\" dir=\"ltr\" data-placeholder=\"Traduction\" data-ved=\"2ahUKEwiz84-x4NmJAxWiUaQEHTYKPKIQ3ewLegQICRAU\" aria-label=\"Texte traduit\u00a0: Indoor slipper 100% Irish wool, curly wool, non-slip sole\"><em><span class=\"Y2IQFc\" lang=\"en\">Indoor slipper 100% Irish wool, curly wool, non-slip sole<\/span><\/em><\/p>\n<p>&nbsp;<\/p>\n","protected":false},"excerpt":{"rendered":"<p>Cr\u00e9ateur : Coldbreaker, Irlande R\u00e9alisation : Chausson d&rsquo;int\u00e9rieur 100% laine irlandaise, laine boucl\u00e9, semelle anti d\u00e9rapante Code : Mid brown Indoor slipper 100% Irish wool, curly wool, non-slip sole &nbsp;<\/p>\n","protected":false},"featured_media":3610472,"comment_status":"open","ping_status":"closed","template":"","meta":[],"product_brand":[],"product_cat":[],"product_tag":[],"acf":[],"_links":{"self":[{"href":"https:\/\/streetmarkets.fr\/app\/wp-json\/wp\/v2\/product\/3610471"}],"collection":[{"href":"https:\/\/streetmarkets.fr\/app\/wp-json\/wp\/v2\/product"}],"about":[{"href":"https:\/\/streetmarkets.fr\/app\/wp-json\/wp\/v2\/types\/product"}],"replies":[{"embeddable":true,"href":"https:\/\/streetmarkets.fr\/app\/wp-json\/wp\/v2\/comments?post=3610471"}],"wp:featuredmedia":[{"embeddable":true,"href":"https:\/\/streetmarkets.fr\/app\/wp-json\/wp\/v2\/media\/3610472"}],"wp:attachment":[{"href":"https:\/\/streetmarkets.fr\/app\/wp-json\/wp\/v2\/media?parent=3610471"}],"wp:term":[{"taxonomy":"product_brand","embeddable":true,"href":"https:\/\/streetmarkets.fr\/app\/wp-json\/wp\/v2\/product_brand?post=3610471"},{"taxonomy":"product_cat","embeddable":true,"href":"https:\/\/streetmarkets.fr\/app\/wp-json\/wp\/v2\/product_cat?post=3610471"},{"taxonomy":"product_tag","embeddable":true,"href":"https:\/\/streetmarkets.fr\/app\/wp-json\/wp\/v2\/product_tag?post=3610471"}],"curies":[{"name":"wp","href":"https:\/\/api.w.org\/{rel}","templated":true}]}}