{"id":3610335,"date":"2026-02-15T00:57:29","date_gmt":"2026-02-14T23:57:29","guid":{"rendered":"https:\/\/streetmarkets.fr\/app\/produit\/andersons-ceinture-tresse-cuir-navy\/"},"modified":"2026-05-11T01:58:49","modified_gmt":"2026-05-10T23:58:49","slug":"andersons-ceinture-tresse-cuir-navy","status":"publish","type":"product","link":"https:\/\/streetmarkets.fr\/app\/produit\/andersons-ceinture-tresse-cuir-navy\/","title":{"rendered":"ANDERSON&rsquo;S Ceinture Tress\u00e9 cuir Navy"},"content":{"rendered":"<div class=\"woocommerce-product-details__short-description\">\n<p><b>Cr\u00e9ateur :<\/b> Anderson&rsquo;s, fabriqu\u00e9e en Italie<\/p>\n<p><b>R\u00e9alisation : <\/b>Ceinture cuir pleine fleur et nylon<\/p>\n<p>Tannage lent, teinture tambour et finition en aniline pure<\/p>\n<p><b>La parenth\u00e8se : <\/b>Anderson&rsquo;s cr\u00e9\u00e9 par Carlo Valenti \u00e0 Parme il y a 50 ans.<\/p>\n<\/div>\n","protected":false},"excerpt":{"rendered":"<p>Cr\u00e9ateur : Anderson&rsquo;s, fabriqu\u00e9e en Italie R\u00e9alisation : Ceinture cuir pleine fleur et nylon Tannage lent, teinture tambour et finition en aniline pure La parenth\u00e8se : Anderson&rsquo;s cr\u00e9\u00e9 par Carlo Valenti \u00e0 Parme il y a 50 ans.<\/p>\n","protected":false},"featured_media":3610336,"comment_status":"open","ping_status":"closed","template":"","meta":[],"product_brand":[],"product_cat":[],"product_tag":[],"acf":[],"_links":{"self":[{"href":"https:\/\/streetmarkets.fr\/app\/wp-json\/wp\/v2\/product\/3610335"}],"collection":[{"href":"https:\/\/streetmarkets.fr\/app\/wp-json\/wp\/v2\/product"}],"about":[{"href":"https:\/\/streetmarkets.fr\/app\/wp-json\/wp\/v2\/types\/product"}],"replies":[{"embeddable":true,"href":"https:\/\/streetmarkets.fr\/app\/wp-json\/wp\/v2\/comments?post=3610335"}],"wp:featuredmedia":[{"embeddable":true,"href":"https:\/\/streetmarkets.fr\/app\/wp-json\/wp\/v2\/media\/3610336"}],"wp:attachment":[{"href":"https:\/\/streetmarkets.fr\/app\/wp-json\/wp\/v2\/media?parent=3610335"}],"wp:term":[{"taxonomy":"product_brand","embeddable":true,"href":"https:\/\/streetmarkets.fr\/app\/wp-json\/wp\/v2\/product_brand?post=3610335"},{"taxonomy":"product_cat","embeddable":true,"href":"https:\/\/streetmarkets.fr\/app\/wp-json\/wp\/v2\/product_cat?post=3610335"},{"taxonomy":"product_tag","embeddable":true,"href":"https:\/\/streetmarkets.fr\/app\/wp-json\/wp\/v2\/product_tag?post=3610335"}],"curies":[{"name":"wp","href":"https:\/\/api.w.org\/{rel}","templated":true}]}}