{"id":3603508,"date":"2026-02-14T00:22:25","date_gmt":"2026-02-13T23:22:25","guid":{"rendered":"https:\/\/streetmarkets.fr\/app\/produit\/pins-lettre-damour\/"},"modified":"2026-05-06T01:18:27","modified_gmt":"2026-05-05T23:18:27","slug":"pins-lettre-damour","status":"publish","type":"product","link":"https:\/\/streetmarkets.fr\/app\/produit\/pins-lettre-damour\/","title":{"rendered":"Pin&#8217;s Lettre d&#8217;Amour"},"content":{"rendered":"<div id=\"product-description-short-41\" class=\"rte-content\">\n<strong><a href=\"\/collections\/coucou-suzette\" title=\"Collection Coucou Suzette\">Collection Coucou Suzette<\/a><\/strong>\u00a0<\/div>\n<div class=\"rte-content\">\n<span><\/span>\n<\/div>\n<div class=\"rte-content\">\n<p><span>Un pin\u2019s simple et efficace en forme d\u2019enveloppe scell\u00e9e par un c\u0153ur paillet\u00e9. On a h\u00e2te de voir ce qu\u2019elle contient\u2026 Une lettre d\u2019amour ? Une photo ? Un ch\u00e8que ? On prend dans tous les cas.<\/span><\/p>\n<ul>\n<li><em><span>Composition : laiton et couleurs cloisonn\u00e9es<\/span><\/em><\/li>\n<li><em>Attache papillon<\/em><\/li>\n<li><i>Longueur de la tige : 7 mm<\/i><\/li>\n<li><i><span>Fabriqu\u00e9 en Chine dans une usine audit\u00e9e<\/span><\/i><\/li>\n<\/ul>\n<\/div>\n","protected":false},"excerpt":{"rendered":"<p>Collection Coucou Suzette\u00a0 Un pin\u2019s simple et efficace en forme d\u2019enveloppe scell\u00e9e par un c\u0153ur paillet\u00e9. On a h\u00e2te de voir ce qu\u2019elle contient\u2026 Une lettre d\u2019amour ? Une photo ? Un ch\u00e8que ? On prend dans tous les cas. Composition : laiton et couleurs cloisonn\u00e9es Attache papillon Longueur de la tige : 7 mm [&hellip;]<\/p>\n","protected":false},"featured_media":3603509,"comment_status":"open","ping_status":"closed","template":"","meta":[],"product_brand":[],"product_cat":[],"product_tag":[],"acf":[],"_links":{"self":[{"href":"https:\/\/streetmarkets.fr\/app\/wp-json\/wp\/v2\/product\/3603508"}],"collection":[{"href":"https:\/\/streetmarkets.fr\/app\/wp-json\/wp\/v2\/product"}],"about":[{"href":"https:\/\/streetmarkets.fr\/app\/wp-json\/wp\/v2\/types\/product"}],"replies":[{"embeddable":true,"href":"https:\/\/streetmarkets.fr\/app\/wp-json\/wp\/v2\/comments?post=3603508"}],"wp:featuredmedia":[{"embeddable":true,"href":"https:\/\/streetmarkets.fr\/app\/wp-json\/wp\/v2\/media\/3603509"}],"wp:attachment":[{"href":"https:\/\/streetmarkets.fr\/app\/wp-json\/wp\/v2\/media?parent=3603508"}],"wp:term":[{"taxonomy":"product_brand","embeddable":true,"href":"https:\/\/streetmarkets.fr\/app\/wp-json\/wp\/v2\/product_brand?post=3603508"},{"taxonomy":"product_cat","embeddable":true,"href":"https:\/\/streetmarkets.fr\/app\/wp-json\/wp\/v2\/product_cat?post=3603508"},{"taxonomy":"product_tag","embeddable":true,"href":"https:\/\/streetmarkets.fr\/app\/wp-json\/wp\/v2\/product_tag?post=3603508"}],"curies":[{"name":"wp","href":"https:\/\/api.w.org\/{rel}","templated":true}]}}