{"id":3603290,"date":"2026-02-13T07:41:38","date_gmt":"2026-02-13T06:41:38","guid":{"rendered":"https:\/\/streetmarkets.fr\/app\/produit\/jupe-culotte-navy-square-claramonte\/"},"modified":"2026-05-12T08:39:45","modified_gmt":"2026-05-12T06:39:45","slug":"jupe-culotte-navy-square-claramonte","status":"publish","type":"product","link":"https:\/\/streetmarkets.fr\/app\/produit\/jupe-culotte-navy-square-claramonte\/","title":{"rendered":"Jupe culotte navy square &#8211; Claramonte"},"content":{"rendered":"<p data-mce-fragment=\"1\">Pantalon jupe culotte avec tissu bleu \u00e0 carreaux l\u00e9g\u00e8rement gaufr\u00e9<\/p>\n<p>Claramonte est une marque fond\u00e9e par 2 designers fran\u00e7ais issus du bureau de design Ts\u00e9Ts\u00e9 et du studio Jean Paul Gauthier, la fabrication est en majorit\u00e9 r\u00e9alis\u00e9e au Maroc.\u00a0<\/p>\n","protected":false},"excerpt":{"rendered":"<p>Pantalon jupe culotte avec tissu bleu \u00e0 carreaux l\u00e9g\u00e8rement gaufr\u00e9 Claramonte est une marque fond\u00e9e par 2 designers fran\u00e7ais issus du bureau de design Ts\u00e9Ts\u00e9 et du studio Jean Paul Gauthier, la fabrication est en majorit\u00e9 r\u00e9alis\u00e9e au Maroc.\u00a0<\/p>\n","protected":false},"featured_media":3603291,"comment_status":"open","ping_status":"closed","template":"","meta":[],"product_brand":[],"product_cat":[],"product_tag":[],"acf":[],"_links":{"self":[{"href":"https:\/\/streetmarkets.fr\/app\/wp-json\/wp\/v2\/product\/3603290"}],"collection":[{"href":"https:\/\/streetmarkets.fr\/app\/wp-json\/wp\/v2\/product"}],"about":[{"href":"https:\/\/streetmarkets.fr\/app\/wp-json\/wp\/v2\/types\/product"}],"replies":[{"embeddable":true,"href":"https:\/\/streetmarkets.fr\/app\/wp-json\/wp\/v2\/comments?post=3603290"}],"wp:featuredmedia":[{"embeddable":true,"href":"https:\/\/streetmarkets.fr\/app\/wp-json\/wp\/v2\/media\/3603291"}],"wp:attachment":[{"href":"https:\/\/streetmarkets.fr\/app\/wp-json\/wp\/v2\/media?parent=3603290"}],"wp:term":[{"taxonomy":"product_brand","embeddable":true,"href":"https:\/\/streetmarkets.fr\/app\/wp-json\/wp\/v2\/product_brand?post=3603290"},{"taxonomy":"product_cat","embeddable":true,"href":"https:\/\/streetmarkets.fr\/app\/wp-json\/wp\/v2\/product_cat?post=3603290"},{"taxonomy":"product_tag","embeddable":true,"href":"https:\/\/streetmarkets.fr\/app\/wp-json\/wp\/v2\/product_tag?post=3603290"}],"curies":[{"name":"wp","href":"https:\/\/api.w.org\/{rel}","templated":true}]}}