{"id":3545470,"date":"2026-02-04T02:59:08","date_gmt":"2026-02-04T01:59:08","guid":{"rendered":"https:\/\/streetmarkets.fr\/app\/produit\/cotton-twill-logo-cap\/"},"modified":"2026-05-06T03:52:51","modified_gmt":"2026-05-06T01:52:51","slug":"cotton-twill-logo-cap","status":"publish","type":"product","link":"https:\/\/streetmarkets.fr\/app\/produit\/cotton-twill-logo-cap\/","title":{"rendered":"Cotton Twill Logo Cap"},"content":{"rendered":"<p>Une casquette facile \u00e0 porter au quotidien, confectionn\u00e9e en serg\u00e9 de coton.<\/p>\n<ul>\n<li>Logo de la marque brod\u00e9 sur le devant.<\/li>\n<li>Marque de la marque brod\u00e9e sur le c\u00f4t\u00e9 droit.<\/li>\n<li>Sangle arri\u00e8re r\u00e9glable avec boucle m\u00e9tallique estampill\u00e9e du logo.<\/li>\n<\/ul>\n<p>100% coton<\/p>\n<p>Fabriqu\u00e9 au Japon<\/p>\n<p>VO-25AW-AC061-99-0<\/p>\n","protected":false},"excerpt":{"rendered":"<p>Une casquette facile \u00e0 porter au quotidien, confectionn\u00e9e en serg\u00e9 de coton. Logo de la marque brod\u00e9 sur le devant. Marque de la marque brod\u00e9e sur le c\u00f4t\u00e9 droit. Sangle arri\u00e8re r\u00e9glable avec boucle m\u00e9tallique estampill\u00e9e du logo. 100% coton Fabriqu\u00e9 au Japon VO-25AW-AC061-99-0<\/p>\n","protected":false},"featured_media":3545471,"comment_status":"open","ping_status":"closed","template":"","meta":[],"product_brand":[],"product_cat":[],"product_tag":[],"acf":[],"_links":{"self":[{"href":"https:\/\/streetmarkets.fr\/app\/wp-json\/wp\/v2\/product\/3545470"}],"collection":[{"href":"https:\/\/streetmarkets.fr\/app\/wp-json\/wp\/v2\/product"}],"about":[{"href":"https:\/\/streetmarkets.fr\/app\/wp-json\/wp\/v2\/types\/product"}],"replies":[{"embeddable":true,"href":"https:\/\/streetmarkets.fr\/app\/wp-json\/wp\/v2\/comments?post=3545470"}],"wp:featuredmedia":[{"embeddable":true,"href":"https:\/\/streetmarkets.fr\/app\/wp-json\/wp\/v2\/media\/3545471"}],"wp:attachment":[{"href":"https:\/\/streetmarkets.fr\/app\/wp-json\/wp\/v2\/media?parent=3545470"}],"wp:term":[{"taxonomy":"product_brand","embeddable":true,"href":"https:\/\/streetmarkets.fr\/app\/wp-json\/wp\/v2\/product_brand?post=3545470"},{"taxonomy":"product_cat","embeddable":true,"href":"https:\/\/streetmarkets.fr\/app\/wp-json\/wp\/v2\/product_cat?post=3545470"},{"taxonomy":"product_tag","embeddable":true,"href":"https:\/\/streetmarkets.fr\/app\/wp-json\/wp\/v2\/product_tag?post=3545470"}],"curies":[{"name":"wp","href":"https:\/\/api.w.org\/{rel}","templated":true}]}}