{"id":3545132,"date":"2026-02-04T02:58:31","date_gmt":"2026-02-04T01:58:31","guid":{"rendered":"https:\/\/streetmarkets.fr\/app\/produit\/denim-double-knee-pant\/"},"modified":"2026-05-03T03:52:32","modified_gmt":"2026-05-03T01:52:32","slug":"denim-double-knee-pant","status":"publish","type":"product","link":"https:\/\/streetmarkets.fr\/app\/produit\/denim-double-knee-pant\/","title":{"rendered":"Denim Double Knee Pant"},"content":{"rendered":"<p>100% coton<\/p>\n<ul>\n<li>Triple couture pour plus de durabilit\u00e9<\/li>\n<li>Boucle pour marteau\/poches \u00e0 outils<\/li>\n<li>Coupe droite<\/li>\n<li>Poches lat\u00e9rales en biais pour un acc\u00e8s facile<\/li>\n<li>Braguette zipp\u00e9e<\/li>\n<li>Passants de ceinture renforc\u00e9s<\/li>\n<li>Poches en serg\u00e9 \u00e9pais<\/li>\n<li>Patch en cuir sur la poche arri\u00e8re<\/li>\n<li>Lavage intensif aux enzymes<\/li>\n<\/ul>\n<p>02C-11-005<\/p>\n","protected":false},"excerpt":{"rendered":"<p>100% coton Triple couture pour plus de durabilit\u00e9 Boucle pour marteau\/poches \u00e0 outils Coupe droite Poches lat\u00e9rales en biais pour un acc\u00e8s facile Braguette zipp\u00e9e Passants de ceinture renforc\u00e9s Poches en serg\u00e9 \u00e9pais Patch en cuir sur la poche arri\u00e8re Lavage intensif aux enzymes 02C-11-005<\/p>\n","protected":false},"featured_media":3545133,"comment_status":"open","ping_status":"closed","template":"","meta":[],"product_brand":[],"product_cat":[],"product_tag":[],"acf":[],"_links":{"self":[{"href":"https:\/\/streetmarkets.fr\/app\/wp-json\/wp\/v2\/product\/3545132"}],"collection":[{"href":"https:\/\/streetmarkets.fr\/app\/wp-json\/wp\/v2\/product"}],"about":[{"href":"https:\/\/streetmarkets.fr\/app\/wp-json\/wp\/v2\/types\/product"}],"replies":[{"embeddable":true,"href":"https:\/\/streetmarkets.fr\/app\/wp-json\/wp\/v2\/comments?post=3545132"}],"wp:featuredmedia":[{"embeddable":true,"href":"https:\/\/streetmarkets.fr\/app\/wp-json\/wp\/v2\/media\/3545133"}],"wp:attachment":[{"href":"https:\/\/streetmarkets.fr\/app\/wp-json\/wp\/v2\/media?parent=3545132"}],"wp:term":[{"taxonomy":"product_brand","embeddable":true,"href":"https:\/\/streetmarkets.fr\/app\/wp-json\/wp\/v2\/product_brand?post=3545132"},{"taxonomy":"product_cat","embeddable":true,"href":"https:\/\/streetmarkets.fr\/app\/wp-json\/wp\/v2\/product_cat?post=3545132"},{"taxonomy":"product_tag","embeddable":true,"href":"https:\/\/streetmarkets.fr\/app\/wp-json\/wp\/v2\/product_tag?post=3545132"}],"curies":[{"name":"wp","href":"https:\/\/api.w.org\/{rel}","templated":true}]}}