{"id":3538523,"date":"2026-02-04T00:28:30","date_gmt":"2026-02-03T23:28:30","guid":{"rendered":"https:\/\/streetmarkets.fr\/app\/produit\/t-shirt-bisous-co\/"},"modified":"2026-03-11T00:28:26","modified_gmt":"2026-03-10T23:28:26","slug":"t-shirt-bisous-co","status":"publish","type":"product","link":"https:\/\/streetmarkets.fr\/app\/produit\/t-shirt-bisous-co\/","title":{"rendered":"T-shirt Bisous &#038; co"},"content":{"rendered":"<p>T-shirt brod\u00e9 100% coton<\/p>\n<div class=\"page\" title=\"Page 5\">\n<div class=\"section\">\n<div class=\"layoutArea\">\n<div class=\"column\">\n<p>D\u00e9couvrez notre nouveau t-shirt brod\u00e9 dr\u00f4le et lib\u00e9r\u00e9 &#8220;Bisous &amp; Co&#8221;, \u00e0 l&#8217;occasion de la Saint Valentin pour c\u00e9l\u00e9brer l&#8217;amour et les bisous ! Notre tout premier t-shirt brod\u00e9 rouge, une pi\u00e8ce unique confectionn\u00e9e avec amour \u00e0 Marseille. S\u00e9lectionn\u00e9 pour sa douceur et sa coupe unisexe parfaite, notre t-shirt 100% coton est brod\u00e9 dans notre atelier Marseille.<\/p>\n<ul>\n<li>T-shirt 100% coton ultra doux<\/li>\n<li>Brod\u00e9 dans notre atelier \u00e0 Marseille<\/li>\n<li>Coupe unisexe, taille grand pour les femmes<\/li>\n<li>Se porte crop ou loose<\/li>\n<li>Emball\u00e9 dans sa bo\u00eete cadeau Francosse<\/li>\n<li>D\u00e9lai d\u2019envoi entre 1 et 5 jours ouvr\u00e9s<\/li>\n<li>Tenue parfaite en machine<\/li>\n<\/ul>\n<\/div>\n<\/div>\n<\/div>\n<\/div>\n","protected":false},"excerpt":{"rendered":"<p>T-shirt brod\u00e9 100% coton D\u00e9couvrez notre nouveau t-shirt brod\u00e9 dr\u00f4le et lib\u00e9r\u00e9 &#8220;Bisous &amp; Co&#8221;, \u00e0 l&#8217;occasion de la Saint Valentin pour c\u00e9l\u00e9brer l&#8217;amour et les bisous ! Notre tout premier t-shirt brod\u00e9 rouge, une pi\u00e8ce unique confectionn\u00e9e avec amour \u00e0 Marseille. S\u00e9lectionn\u00e9 pour sa douceur et sa coupe unisexe parfaite, notre t-shirt 100% coton [&hellip;]<\/p>\n","protected":false},"featured_media":3538524,"comment_status":"open","ping_status":"closed","template":"","meta":[],"product_brand":[],"product_cat":[],"product_tag":[],"acf":[],"_links":{"self":[{"href":"https:\/\/streetmarkets.fr\/app\/wp-json\/wp\/v2\/product\/3538523"}],"collection":[{"href":"https:\/\/streetmarkets.fr\/app\/wp-json\/wp\/v2\/product"}],"about":[{"href":"https:\/\/streetmarkets.fr\/app\/wp-json\/wp\/v2\/types\/product"}],"replies":[{"embeddable":true,"href":"https:\/\/streetmarkets.fr\/app\/wp-json\/wp\/v2\/comments?post=3538523"}],"wp:featuredmedia":[{"embeddable":true,"href":"https:\/\/streetmarkets.fr\/app\/wp-json\/wp\/v2\/media\/3538524"}],"wp:attachment":[{"href":"https:\/\/streetmarkets.fr\/app\/wp-json\/wp\/v2\/media?parent=3538523"}],"wp:term":[{"taxonomy":"product_brand","embeddable":true,"href":"https:\/\/streetmarkets.fr\/app\/wp-json\/wp\/v2\/product_brand?post=3538523"},{"taxonomy":"product_cat","embeddable":true,"href":"https:\/\/streetmarkets.fr\/app\/wp-json\/wp\/v2\/product_cat?post=3538523"},{"taxonomy":"product_tag","embeddable":true,"href":"https:\/\/streetmarkets.fr\/app\/wp-json\/wp\/v2\/product_tag?post=3538523"}],"curies":[{"name":"wp","href":"https:\/\/api.w.org\/{rel}","templated":true}]}}