{"id":3537113,"date":"2026-02-04T00:26:00","date_gmt":"2026-02-03T23:26:00","guid":{"rendered":"https:\/\/streetmarkets.fr\/app\/produit\/casquette-les-coquillages\/"},"modified":"2026-03-11T00:26:11","modified_gmt":"2026-03-10T23:26:11","slug":"casquette-les-coquillages","status":"publish","type":"product","link":"https:\/\/streetmarkets.fr\/app\/produit\/casquette-les-coquillages\/","title":{"rendered":"Casquette Les Coquillages"},"content":{"rendered":"<p>Casquette en coton brod\u00e9e \u00e0 Paris<\/p>\n<p data-start=\"137\" data-end=\"332\">C&#8217;est la pi\u00e8ce Studio Francosse qu&#8217;il manquait \u00e0 ton dressing : notre casquette brod\u00e9e 100% coton, douce, l\u00e9g\u00e8re et ultra styl\u00e9e. Avec ses petits coquillages color\u00e9s, elle est brod\u00e9e dans notre atelier parisien, avec amour et patience. Pens\u00e9e pour celles et ceux qui osent, elle ajoute une touche de couleur et d\u2019audace \u00e0 toutes tes tenues (et te permets de te sentir un peu en vacances m\u00eame \u00e0 Paris ! ).<\/p>\n<ul>\n<li data-start=\"137\" data-end=\"332\">Casquette 100% coton ultra doux<\/li>\n<li data-start=\"137\" data-end=\"332\">Taille unique et unisexe avec sangle r\u00e9glable<\/li>\n<li data-start=\"137\" data-end=\"332\">Disponible en plusieurs couleurs, pour matcher ton mood du jour<\/li>\n<li data-start=\"137\" data-end=\"332\">Effet vintage<\/li>\n<li data-start=\"137\" data-end=\"332\">Broderie originale et impertinente, parce que les d\u00e9tails font tout<\/li>\n<li>Emball\u00e9 dans sa bo\u00eete cadeau Francosse<\/li>\n<li>D\u00e9lai d\u2019envoi entre 2 et 5 jours ouvr\u00e9s<\/li>\n<\/ul>\n","protected":false},"excerpt":{"rendered":"<p>Casquette en coton brod\u00e9e \u00e0 Paris C&#8217;est la pi\u00e8ce Studio Francosse qu&#8217;il manquait \u00e0 ton dressing : notre casquette brod\u00e9e 100% coton, douce, l\u00e9g\u00e8re et ultra styl\u00e9e. Avec ses petits coquillages color\u00e9s, elle est brod\u00e9e dans notre atelier parisien, avec amour et patience. Pens\u00e9e pour celles et ceux qui osent, elle ajoute une touche de [&hellip;]<\/p>\n","protected":false},"featured_media":3537114,"comment_status":"open","ping_status":"closed","template":"","meta":[],"product_brand":[],"product_cat":[],"product_tag":[],"acf":[],"_links":{"self":[{"href":"https:\/\/streetmarkets.fr\/app\/wp-json\/wp\/v2\/product\/3537113"}],"collection":[{"href":"https:\/\/streetmarkets.fr\/app\/wp-json\/wp\/v2\/product"}],"about":[{"href":"https:\/\/streetmarkets.fr\/app\/wp-json\/wp\/v2\/types\/product"}],"replies":[{"embeddable":true,"href":"https:\/\/streetmarkets.fr\/app\/wp-json\/wp\/v2\/comments?post=3537113"}],"wp:featuredmedia":[{"embeddable":true,"href":"https:\/\/streetmarkets.fr\/app\/wp-json\/wp\/v2\/media\/3537114"}],"wp:attachment":[{"href":"https:\/\/streetmarkets.fr\/app\/wp-json\/wp\/v2\/media?parent=3537113"}],"wp:term":[{"taxonomy":"product_brand","embeddable":true,"href":"https:\/\/streetmarkets.fr\/app\/wp-json\/wp\/v2\/product_brand?post=3537113"},{"taxonomy":"product_cat","embeddable":true,"href":"https:\/\/streetmarkets.fr\/app\/wp-json\/wp\/v2\/product_cat?post=3537113"},{"taxonomy":"product_tag","embeddable":true,"href":"https:\/\/streetmarkets.fr\/app\/wp-json\/wp\/v2\/product_tag?post=3537113"}],"curies":[{"name":"wp","href":"https:\/\/api.w.org\/{rel}","templated":true}]}}