{"id":3522702,"date":"2026-02-02T01:05:59","date_gmt":"2026-02-02T00:05:59","guid":{"rendered":"https:\/\/streetmarkets.fr\/app\/produit\/nouveau-bellepiece-trench-jacopo-desert\/"},"modified":"2026-05-11T02:04:10","modified_gmt":"2026-05-11T00:04:10","slug":"nouveau-bellepiece-trench-jacopo-desert","status":"publish","type":"product","link":"https:\/\/streetmarkets.fr\/app\/produit\/nouveau-bellepiece-trench-jacopo-desert\/","title":{"rendered":"Nouveau ! BELLEPIECE Trench Jacopo Desert"},"content":{"rendered":"<p data-rte-preserve-empty=\"true\">Trench en coton, coupe ample, manches longues et poignets resserr\u00e9s, boutonnage crois\u00e9, deux poches lat\u00e9rales. Le mod\u00e8le taille grand et se porte grand. <\/p>\n<p data-rte-preserve-empty=\"true\">D\u00e9tail : 100% coton <\/p>\n","protected":false},"excerpt":{"rendered":"<p>Trench en coton, coupe ample, manches longues et poignets resserr\u00e9s, boutonnage crois\u00e9, deux poches lat\u00e9rales. Le mod\u00e8le taille grand et se porte grand. D\u00e9tail : 100% coton<\/p>\n","protected":false},"featured_media":3522703,"comment_status":"open","ping_status":"closed","template":"","meta":[],"product_brand":[],"product_cat":[],"product_tag":[],"acf":[],"_links":{"self":[{"href":"https:\/\/streetmarkets.fr\/app\/wp-json\/wp\/v2\/product\/3522702"}],"collection":[{"href":"https:\/\/streetmarkets.fr\/app\/wp-json\/wp\/v2\/product"}],"about":[{"href":"https:\/\/streetmarkets.fr\/app\/wp-json\/wp\/v2\/types\/product"}],"replies":[{"embeddable":true,"href":"https:\/\/streetmarkets.fr\/app\/wp-json\/wp\/v2\/comments?post=3522702"}],"wp:featuredmedia":[{"embeddable":true,"href":"https:\/\/streetmarkets.fr\/app\/wp-json\/wp\/v2\/media\/3522703"}],"wp:attachment":[{"href":"https:\/\/streetmarkets.fr\/app\/wp-json\/wp\/v2\/media?parent=3522702"}],"wp:term":[{"taxonomy":"product_brand","embeddable":true,"href":"https:\/\/streetmarkets.fr\/app\/wp-json\/wp\/v2\/product_brand?post=3522702"},{"taxonomy":"product_cat","embeddable":true,"href":"https:\/\/streetmarkets.fr\/app\/wp-json\/wp\/v2\/product_cat?post=3522702"},{"taxonomy":"product_tag","embeddable":true,"href":"https:\/\/streetmarkets.fr\/app\/wp-json\/wp\/v2\/product_tag?post=3522702"}],"curies":[{"name":"wp","href":"https:\/\/api.w.org\/{rel}","templated":true}]}}