{"id":3521175,"date":"2026-02-02T00:14:49","date_gmt":"2026-02-01T23:14:49","guid":{"rendered":"https:\/\/streetmarkets.fr\/app\/produit\/pins-cafe\/"},"modified":"2026-05-13T01:14:58","modified_gmt":"2026-05-12T23:14:58","slug":"pins-cafe","status":"publish","type":"product","link":"https:\/\/streetmarkets.fr\/app\/produit\/pins-cafe\/","title":{"rendered":"Pin&#8217;s Caf\u00e9"},"content":{"rendered":"<div class=\"rte-content\" id=\"product-description-short-41\">\n<strong><a title=\"Collection Coucou Suzette\" href=\"\/collections\/coucou-suzette\">Collection Coucou Suzette<\/a><\/strong>\u00a0<\/div>\n<div class=\"rte-content\"><\/div>\n<div class=\"rte-content\">\n<p><span>Pour un shot de caf\u00e9ine qui nous booste toute la journ\u00e9e, rien de tel qu\u2019un pin\u2019s tasse de caf\u00e9 qui s\u2019\u00e9pingle \u00e0 toutes nos tenues !<\/span><\/p>\n<\/div>\n<div class=\"rte-content\">\n<ul>\n<li><em><span>Composition : laiton et couleurs cloisonn\u00e9es<\/span><\/em><\/li>\n<li><em>Attache papillon<\/em><\/li>\n<li><i>Longueur de la tige : 7 mm<\/i><\/li>\n<li><i><span>Fabriqu\u00e9 en Chine dans une usine audit\u00e9e<\/span><\/i><\/li>\n<\/ul>\n<\/div>\n","protected":false},"excerpt":{"rendered":"<p>Collection Coucou Suzette\u00a0 Pour un shot de caf\u00e9ine qui nous booste toute la journ\u00e9e, rien de tel qu\u2019un pin\u2019s tasse de caf\u00e9 qui s\u2019\u00e9pingle \u00e0 toutes nos tenues ! Composition : laiton et couleurs cloisonn\u00e9es Attache papillon Longueur de la tige : 7 mm Fabriqu\u00e9 en Chine dans une usine audit\u00e9e<\/p>\n","protected":false},"featured_media":3521176,"comment_status":"open","ping_status":"closed","template":"","meta":[],"product_brand":[],"product_cat":[],"product_tag":[],"acf":[],"_links":{"self":[{"href":"https:\/\/streetmarkets.fr\/app\/wp-json\/wp\/v2\/product\/3521175"}],"collection":[{"href":"https:\/\/streetmarkets.fr\/app\/wp-json\/wp\/v2\/product"}],"about":[{"href":"https:\/\/streetmarkets.fr\/app\/wp-json\/wp\/v2\/types\/product"}],"replies":[{"embeddable":true,"href":"https:\/\/streetmarkets.fr\/app\/wp-json\/wp\/v2\/comments?post=3521175"}],"wp:featuredmedia":[{"embeddable":true,"href":"https:\/\/streetmarkets.fr\/app\/wp-json\/wp\/v2\/media\/3521176"}],"wp:attachment":[{"href":"https:\/\/streetmarkets.fr\/app\/wp-json\/wp\/v2\/media?parent=3521175"}],"wp:term":[{"taxonomy":"product_brand","embeddable":true,"href":"https:\/\/streetmarkets.fr\/app\/wp-json\/wp\/v2\/product_brand?post=3521175"},{"taxonomy":"product_cat","embeddable":true,"href":"https:\/\/streetmarkets.fr\/app\/wp-json\/wp\/v2\/product_cat?post=3521175"},{"taxonomy":"product_tag","embeddable":true,"href":"https:\/\/streetmarkets.fr\/app\/wp-json\/wp\/v2\/product_tag?post=3521175"}],"curies":[{"name":"wp","href":"https:\/\/api.w.org\/{rel}","templated":true}]}}