{"id":3521098,"date":"2026-02-01T07:40:57","date_gmt":"2026-02-01T06:40:57","guid":{"rendered":"https:\/\/streetmarkets.fr\/app\/produit\/blouse-dida-blue-checks-laurence-bras\/"},"modified":"2026-05-08T08:39:49","modified_gmt":"2026-05-08T06:39:49","slug":"blouse-dida-blue-checks-laurence-bras","status":"publish","type":"product","link":"https:\/\/streetmarkets.fr\/app\/produit\/blouse-dida-blue-checks-laurence-bras\/","title":{"rendered":"Blouse Dida blue checks &#8211; Laurence Bras"},"content":{"rendered":"<p><span>Blouse en coton \u00e0 carreaux bleus<\/span><br \/><span>Volume ample et fronc\u00e9<\/span><br \/><span>Encolure ronde avec fente et d\u00e9tails de volant<\/span><br \/><span>Manches courtes retrouss\u00e9es<\/span><\/p>\n<p>Fabriqu\u00e9e en Inde<\/p>\n","protected":false},"excerpt":{"rendered":"<p>Blouse en coton \u00e0 carreaux bleusVolume ample et fronc\u00e9Encolure ronde avec fente et d\u00e9tails de volantManches courtes retrouss\u00e9es Fabriqu\u00e9e en Inde<\/p>\n","protected":false},"featured_media":3521099,"comment_status":"open","ping_status":"closed","template":"","meta":[],"product_brand":[],"product_cat":[],"product_tag":[],"acf":[],"_links":{"self":[{"href":"https:\/\/streetmarkets.fr\/app\/wp-json\/wp\/v2\/product\/3521098"}],"collection":[{"href":"https:\/\/streetmarkets.fr\/app\/wp-json\/wp\/v2\/product"}],"about":[{"href":"https:\/\/streetmarkets.fr\/app\/wp-json\/wp\/v2\/types\/product"}],"replies":[{"embeddable":true,"href":"https:\/\/streetmarkets.fr\/app\/wp-json\/wp\/v2\/comments?post=3521098"}],"wp:featuredmedia":[{"embeddable":true,"href":"https:\/\/streetmarkets.fr\/app\/wp-json\/wp\/v2\/media\/3521099"}],"wp:attachment":[{"href":"https:\/\/streetmarkets.fr\/app\/wp-json\/wp\/v2\/media?parent=3521098"}],"wp:term":[{"taxonomy":"product_brand","embeddable":true,"href":"https:\/\/streetmarkets.fr\/app\/wp-json\/wp\/v2\/product_brand?post=3521098"},{"taxonomy":"product_cat","embeddable":true,"href":"https:\/\/streetmarkets.fr\/app\/wp-json\/wp\/v2\/product_cat?post=3521098"},{"taxonomy":"product_tag","embeddable":true,"href":"https:\/\/streetmarkets.fr\/app\/wp-json\/wp\/v2\/product_tag?post=3521098"}],"curies":[{"name":"wp","href":"https:\/\/api.w.org\/{rel}","templated":true}]}}