{"id":3508248,"date":"2026-01-31T00:55:53","date_gmt":"2026-01-30T23:55:53","guid":{"rendered":"https:\/\/streetmarkets.fr\/app\/produit\/pull-col-rond-imprime-s26-femme-multico\/"},"modified":"2026-03-26T00:53:10","modified_gmt":"2026-03-25T23:53:10","slug":"pull-col-rond-imprime-s26-femme-multico","status":"publish","type":"product","link":"https:\/\/streetmarkets.fr\/app\/produit\/pull-col-rond-imprime-s26-femme-multico\/","title":{"rendered":"Pull Col Rond Imprim\u00e9 Sunset All over(S26\/ FEMME\/ Multico)"},"content":{"rendered":"<p>Le pull qui vous transporte directement sous les tropiques. Confectionn\u00e9 en Cachemire 2 fils, ce pull col rond offre une maille douce et l\u00e9g\u00e8re. Sa coupe oversize est mise en valeur par un imprim\u00e9 int\u00e9gral vibrant repr\u00e9sentant un coucher de soleil et des palmiers.<\/p>\n<p>&#8211; Pull col rond pour femme <br \/>&#8211; Imprim\u00e9 Sunset all over<br \/>&#8211; Coupe oversize <br \/>&#8211; Cachemire 2 fils certifi\u00e9 GCS <br \/>&#8211; Le Good Cashmere Standard\u00ae (GCS) est une norme ind\u00e9pendante pour un cachemire plus durable et plus responsable. Il vise \u00e0 am\u00e9liorer le bien-\u00eatre des ch\u00e8vres cachemire, les conditions de travail des \u00e9leveurs ainsi qu&#8217;\u00e0 prot\u00e9ger l&#8217;environnement.<\/p>\n","protected":false},"excerpt":{"rendered":"<p>Le pull qui vous transporte directement sous les tropiques. Confectionn\u00e9 en Cachemire 2 fils, ce pull col rond offre une maille douce et l\u00e9g\u00e8re. Sa coupe oversize est mise en valeur par un imprim\u00e9 int\u00e9gral vibrant repr\u00e9sentant un coucher de soleil et des palmiers. &#8211; Pull col rond pour femme &#8211; Imprim\u00e9 Sunset all over&#8211; [&hellip;]<\/p>\n","protected":false},"featured_media":3508249,"comment_status":"open","ping_status":"closed","template":"","meta":[],"product_brand":[6868],"product_cat":[],"product_tag":[],"acf":[],"_links":{"self":[{"href":"https:\/\/streetmarkets.fr\/app\/wp-json\/wp\/v2\/product\/3508248"}],"collection":[{"href":"https:\/\/streetmarkets.fr\/app\/wp-json\/wp\/v2\/product"}],"about":[{"href":"https:\/\/streetmarkets.fr\/app\/wp-json\/wp\/v2\/types\/product"}],"replies":[{"embeddable":true,"href":"https:\/\/streetmarkets.fr\/app\/wp-json\/wp\/v2\/comments?post=3508248"}],"wp:featuredmedia":[{"embeddable":true,"href":"https:\/\/streetmarkets.fr\/app\/wp-json\/wp\/v2\/media\/3508249"}],"wp:attachment":[{"href":"https:\/\/streetmarkets.fr\/app\/wp-json\/wp\/v2\/media?parent=3508248"}],"wp:term":[{"taxonomy":"product_brand","embeddable":true,"href":"https:\/\/streetmarkets.fr\/app\/wp-json\/wp\/v2\/product_brand?post=3508248"},{"taxonomy":"product_cat","embeddable":true,"href":"https:\/\/streetmarkets.fr\/app\/wp-json\/wp\/v2\/product_cat?post=3508248"},{"taxonomy":"product_tag","embeddable":true,"href":"https:\/\/streetmarkets.fr\/app\/wp-json\/wp\/v2\/product_tag?post=3508248"}],"curies":[{"name":"wp","href":"https:\/\/api.w.org\/{rel}","templated":true}]}}