{"id":3468984,"date":"2026-01-26T00:15:23","date_gmt":"2026-01-25T23:15:23","guid":{"rendered":"https:\/\/streetmarkets.fr\/app\/produit\/chaussettes-ecureuil-2\/"},"modified":"2026-05-06T01:14:03","modified_gmt":"2026-05-05T23:14:03","slug":"chaussettes-ecureuil-2","status":"publish","type":"product","link":"https:\/\/streetmarkets.fr\/app\/produit\/chaussettes-ecureuil-2\/","title":{"rendered":"Chaussettes Ecureuil"},"content":{"rendered":"<p class=\"p1\"><a title=\"Collection Coucou Suzette\" href=\"\/collections\/coucou-suzette\"><strong>Collection Coucou Suzette<\/strong><\/a><\/p>\n<p><span>Des chaussettes originales aux motifs de mignons petits \u00e9cureuils roux, certains yeux clos en plein somme, d\u2019autre bien \u00e9veill\u00e9s et \u00e0 l&#8217;aff\u00fbt de provisions pour l\u2019hiver. Le d\u00e9tail qu\u2019on adore : leur queue poilue toute douce, comme des vraies ! Un accessoire \u00e0 laisser d\u00e9passer fi\u00e8rement de ses baskets z\u00e9 bottines d\u2019automne.\u00a0<\/span><\/p>\n<ul>\n<li>\n <em>Chaussettes en  <span>chaussettes en coton italien certifi\u00e9 OEKO-TEX\u00ae\ufe0f\u00a060%, Polyester 20%, Nylon 15%, Elasthanne 5%<\/span><\/em>\n<\/li>\n<li><em>Mixtes &#8211; Taille unique (du 35 au 42)<\/em><\/li>\n<li><em>Conseils d\u2019entretien : laver \u00e0 l\u2019envers \u00e0 30\u00b0<\/em><\/li>\n<li><em>Fabriqu\u00e9es en Chine<\/em><\/li>\n<\/ul>\n","protected":false},"excerpt":{"rendered":"<p>Collection Coucou Suzette Des chaussettes originales aux motifs de mignons petits \u00e9cureuils roux, certains yeux clos en plein somme, d\u2019autre bien \u00e9veill\u00e9s et \u00e0 l&#8217;aff\u00fbt de provisions pour l\u2019hiver. Le d\u00e9tail qu\u2019on adore : leur queue poilue toute douce, comme des vraies ! Un accessoire \u00e0 laisser d\u00e9passer fi\u00e8rement de ses baskets z\u00e9 bottines d\u2019automne.\u00a0 [&hellip;]<\/p>\n","protected":false},"featured_media":3468985,"comment_status":"open","ping_status":"closed","template":"","meta":[],"product_brand":[],"product_cat":[],"product_tag":[],"acf":[],"_links":{"self":[{"href":"https:\/\/streetmarkets.fr\/app\/wp-json\/wp\/v2\/product\/3468984"}],"collection":[{"href":"https:\/\/streetmarkets.fr\/app\/wp-json\/wp\/v2\/product"}],"about":[{"href":"https:\/\/streetmarkets.fr\/app\/wp-json\/wp\/v2\/types\/product"}],"replies":[{"embeddable":true,"href":"https:\/\/streetmarkets.fr\/app\/wp-json\/wp\/v2\/comments?post=3468984"}],"wp:featuredmedia":[{"embeddable":true,"href":"https:\/\/streetmarkets.fr\/app\/wp-json\/wp\/v2\/media\/3468985"}],"wp:attachment":[{"href":"https:\/\/streetmarkets.fr\/app\/wp-json\/wp\/v2\/media?parent=3468984"}],"wp:term":[{"taxonomy":"product_brand","embeddable":true,"href":"https:\/\/streetmarkets.fr\/app\/wp-json\/wp\/v2\/product_brand?post=3468984"},{"taxonomy":"product_cat","embeddable":true,"href":"https:\/\/streetmarkets.fr\/app\/wp-json\/wp\/v2\/product_cat?post=3468984"},{"taxonomy":"product_tag","embeddable":true,"href":"https:\/\/streetmarkets.fr\/app\/wp-json\/wp\/v2\/product_tag?post=3468984"}],"curies":[{"name":"wp","href":"https:\/\/api.w.org\/{rel}","templated":true}]}}