{"id":3433603,"date":"2026-01-21T00:53:07","date_gmt":"2026-01-20T23:53:07","guid":{"rendered":"https:\/\/streetmarkets.fr\/app\/produit\/pull-hoodie-bandes-contrastees-s26-homme-infinity-blue\/"},"modified":"2026-05-13T01:39:20","modified_gmt":"2026-05-12T23:39:20","slug":"pull-hoodie-bandes-contrastees-s26-homme-infinity-blue","status":"publish","type":"product","link":"https:\/\/streetmarkets.fr\/app\/produit\/pull-hoodie-bandes-contrastees-s26-homme-infinity-blue\/","title":{"rendered":"Pull Hoodie Bandes Contrast\u00e9es (S26\/ HOMME\/ Infinity Blue \/ RWS)"},"content":{"rendered":"<p>Le hoodie parfait pour un confort maximal. Confectionn\u00e9 en pure Laine M\u00e9rinos, ce pull \u00e0 capuche offre une douceur incomparable. Sa coupe oversize et son design sont structur\u00e9s par une large bande contrast\u00e9e au niveau de la fermeture \u00e9clair.<\/p>\n<p>&#8211; Pull hoodie zipp\u00e9 pour homme<br \/>\n<br \/>&#8211; Capuche avec cordons de serrage<br \/>\n<br \/>&#8211; Bande contrast\u00e9e milieu au niveau du zip<br \/>\n<br \/>&#8211; Coupe oversize<br \/>\n<br \/>&#8211; Laine M\u00e9rinos Extrafine 2 fils certifi\u00e9e RWS<br \/>\n<br \/>&#8211; Laine m\u00e9rinos extra fine d&#8217;Australie : respirante et thermor\u00e9gulatrice, elle peut \u00eatre port\u00e9e \u00e9t\u00e9 comme hiver.<\/p>\n","protected":false},"excerpt":{"rendered":"<p>Le hoodie parfait pour un confort maximal. Confectionn\u00e9 en pure Laine M\u00e9rinos, ce pull \u00e0 capuche offre une douceur incomparable. Sa coupe oversize et son design sont structur\u00e9s par une large bande contrast\u00e9e au niveau de la fermeture \u00e9clair. &#8211; Pull hoodie zipp\u00e9 pour homme &#8211; Capuche avec cordons de serrage &#8211; Bande contrast\u00e9e milieu [&hellip;]<\/p>\n","protected":false},"featured_media":3433604,"comment_status":"open","ping_status":"closed","template":"","meta":[],"product_brand":[6868],"product_cat":[],"product_tag":[],"acf":[],"_links":{"self":[{"href":"https:\/\/streetmarkets.fr\/app\/wp-json\/wp\/v2\/product\/3433603"}],"collection":[{"href":"https:\/\/streetmarkets.fr\/app\/wp-json\/wp\/v2\/product"}],"about":[{"href":"https:\/\/streetmarkets.fr\/app\/wp-json\/wp\/v2\/types\/product"}],"replies":[{"embeddable":true,"href":"https:\/\/streetmarkets.fr\/app\/wp-json\/wp\/v2\/comments?post=3433603"}],"wp:featuredmedia":[{"embeddable":true,"href":"https:\/\/streetmarkets.fr\/app\/wp-json\/wp\/v2\/media\/3433604"}],"wp:attachment":[{"href":"https:\/\/streetmarkets.fr\/app\/wp-json\/wp\/v2\/media?parent=3433603"}],"wp:term":[{"taxonomy":"product_brand","embeddable":true,"href":"https:\/\/streetmarkets.fr\/app\/wp-json\/wp\/v2\/product_brand?post=3433603"},{"taxonomy":"product_cat","embeddable":true,"href":"https:\/\/streetmarkets.fr\/app\/wp-json\/wp\/v2\/product_cat?post=3433603"},{"taxonomy":"product_tag","embeddable":true,"href":"https:\/\/streetmarkets.fr\/app\/wp-json\/wp\/v2\/product_tag?post=3433603"}],"curies":[{"name":"wp","href":"https:\/\/api.w.org\/{rel}","templated":true}]}}