{"id":3404554,"date":"2026-01-17T00:15:04","date_gmt":"2026-01-16T23:15:04","guid":{"rendered":"https:\/\/streetmarkets.fr\/app\/produit\/carre-cerisier-eucalyptus\/"},"modified":"2026-05-06T01:14:18","modified_gmt":"2026-05-05T23:14:18","slug":"carre-cerisier-eucalyptus","status":"publish","type":"product","link":"https:\/\/streetmarkets.fr\/app\/produit\/carre-cerisier-eucalyptus\/","title":{"rendered":"Carr\u00e9 Cerisier Eucalyptus"},"content":{"rendered":"<p data-mce-fragment=\"1\"><span style=\"text-decoration: underline\"><strong><a href=\"https:\/\/frenchtouche.com\/collections\/apaches-collections\" title=\"Apaches Collections\">Collection Apaches<\/a><\/strong><\/span><\/p>\n<p data-mce-fragment=\"1\"><span data-mce-fragment=\"1\">Ce carr\u00e9 est confectionn\u00e9 artisanalement gr\u00e2ce \u00e0 la technique indienne du block-print et ses couleurs sont r\u00e9alis\u00e9es \u00e0 partir de pigments naturels. Cette confection manuelle peut entra\u00eener certaines &#8220;irr\u00e9gularit\u00e9s&#8221; qui font tout son charme !<\/span><\/p>\n<ul>\n<li>100% coton<\/li>\n<li>Petit : environ 50 x 50 cm<\/li>\n<li>Grand : environ 100 x 100 cm<\/li>\n<li>Confectionn\u00e9 en Inde gr\u00e2ce \u00e0 la technique artisanale du block-print<\/li>\n<li>Le block-print indien consiste \u00e0 imprimer \u00e0 la main, gr\u00e2ce \u00e0 des tampons taill\u00e9s dans le bois, des motifs aux couleurs r\u00e9alis\u00e9es \u00e0 partir d&#8217;un m\u00e9lange de pigments naturels. Respectueux de l&#8217;environnement, ce tissu ne contient aucun produit chimique car les couleurs sont fix\u00e9es gr\u00e2ce \u00e0 un m\u00e9lange d&#8217;eau et de vinaigre blanc<\/li>\n<li>En raison du proc\u00e9d\u00e9 de teinture naturelle utilis\u00e9, le foulard peut d\u00e9teindre par frottements sur d&#8217;autres mati\u00e8res. Nous vous recommandons de le laver \u00e0 la main seul avant de le porter pour la premi\u00e8re fois<\/li>\n<li>Lavable en machine \u00e0 30\u00b0 cycle d\u00e9licat, pas d\u2019essorage, pas de s\u00e8che-linge<\/li>\n<\/ul>\n<p data-mce-fragment=\"1\"><em>Chaque collection de foulards est unique, il est impossible d&#8217;obtenir les m\u00eames colorations d&#8217;une s\u00e9rie \u00e0 une autre. En effet, les couleurs sont r\u00e9alis\u00e9es \u00e0 partir de pigments naturels, le s\u00e9chage des tissus se fait \u00e0 l&#8217;ext\u00e9rieur et d\u00e9pend de la m\u00e9t\u00e9o. Pour les personnes qui ont d\u00e9j\u00e0 ces mod\u00e8les et veulent les acqu\u00e9rir de nouveau, sachez que les couleurs peuvent diff\u00e9rer.<\/em><\/p>\n","protected":false},"excerpt":{"rendered":"<p>Collection Apaches Ce carr\u00e9 est confectionn\u00e9 artisanalement gr\u00e2ce \u00e0 la technique indienne du block-print et ses couleurs sont r\u00e9alis\u00e9es \u00e0 partir de pigments naturels. Cette confection manuelle peut entra\u00eener certaines &#8220;irr\u00e9gularit\u00e9s&#8221; qui font tout son charme ! 100% coton Petit : environ 50 x 50 cm Grand : environ 100 x 100 cm Confectionn\u00e9 en [&hellip;]<\/p>\n","protected":false},"featured_media":3404555,"comment_status":"open","ping_status":"closed","template":"","meta":[],"product_brand":[],"product_cat":[],"product_tag":[],"acf":[],"_links":{"self":[{"href":"https:\/\/streetmarkets.fr\/app\/wp-json\/wp\/v2\/product\/3404554"}],"collection":[{"href":"https:\/\/streetmarkets.fr\/app\/wp-json\/wp\/v2\/product"}],"about":[{"href":"https:\/\/streetmarkets.fr\/app\/wp-json\/wp\/v2\/types\/product"}],"replies":[{"embeddable":true,"href":"https:\/\/streetmarkets.fr\/app\/wp-json\/wp\/v2\/comments?post=3404554"}],"wp:featuredmedia":[{"embeddable":true,"href":"https:\/\/streetmarkets.fr\/app\/wp-json\/wp\/v2\/media\/3404555"}],"wp:attachment":[{"href":"https:\/\/streetmarkets.fr\/app\/wp-json\/wp\/v2\/media?parent=3404554"}],"wp:term":[{"taxonomy":"product_brand","embeddable":true,"href":"https:\/\/streetmarkets.fr\/app\/wp-json\/wp\/v2\/product_brand?post=3404554"},{"taxonomy":"product_cat","embeddable":true,"href":"https:\/\/streetmarkets.fr\/app\/wp-json\/wp\/v2\/product_cat?post=3404554"},{"taxonomy":"product_tag","embeddable":true,"href":"https:\/\/streetmarkets.fr\/app\/wp-json\/wp\/v2\/product_tag?post=3404554"}],"curies":[{"name":"wp","href":"https:\/\/api.w.org\/{rel}","templated":true}]}}