{"id":3404471,"date":"2026-01-16T07:41:27","date_gmt":"2026-01-16T06:41:27","guid":{"rendered":"https:\/\/streetmarkets.fr\/app\/produit\/cabas-castello-noir-dragon-diffusion\/"},"modified":"2026-05-12T08:39:32","modified_gmt":"2026-05-12T06:39:32","slug":"cabas-castello-noir-dragon-diffusion","status":"publish","type":"product","link":"https:\/\/streetmarkets.fr\/app\/produit\/cabas-castello-noir-dragon-diffusion\/","title":{"rendered":"Cabas Castello NOIR &#8211; Dragon Diffusion"},"content":{"rendered":"<p>Nouveau mod\u00e8le chez Dragon diffusion !<span class=\"HwtZe\" lang=\"fr\"><span class=\"jCAhz ChMk0b\"><span class=\"ryNqvb\"><\/span><\/span><\/span><\/p>\n<div class=\"QcsUad BDJ8fb BLojaf sMVRZe hCXDsb wneUed\">\n<div class=\"usGWQd\">\n<div class=\"KkbLmb\">\n<div class=\"lRu31\" dir=\"ltr\"><span class=\"HwtZe\" lang=\"fr\"><span class=\"jCAhz ChMk0b\"><span class=\"ryNqvb\">Cabas avec tressage large en cuir de couleur noir<\/span><\/span><\/span><\/div>\n<div class=\"lRu31\" dir=\"ltr\">\n<span class=\"HwtZe\" lang=\"fr\"><span class=\"jCAhz ChMk0b\"><span class=\"ryNqvb\"><\/span><\/span><\/span>\n<\/div>\n<div class=\"lRu31\" dir=\"ltr\"><span class=\"HwtZe\" lang=\"fr\"><span class=\"jCAhz ChMk0b\"><span class=\"ryNqvb\"> <span>Pochon int\u00e9rieur en coton naturel ferm\u00e9 par un cordon<\/span><\/span><\/span><\/span><\/div>\n<div class=\"lRu31\" dir=\"ltr\">\n<span class=\"HwtZe\" lang=\"fr\"><span class=\"jCAhz ChMk0b\"><span class=\"ryNqvb\"><\/span><\/span><\/span>\n<\/div>\n<div class=\"lRu31\" dir=\"ltr\"><span class=\"HwtZe\" lang=\"fr\"><span class=\"jCAhz ChMk0b\"><span class=\"ryNqvb\">Cet article est fait main, ce qui signifie que chaque exemplaire est unique et peut l\u00e9g\u00e8rement diff\u00e9rer de la photo.<\/span><\/span> <\/span><\/div>\n<div class=\"lRu31\" dir=\"ltr\">\n<span class=\"HwtZe\" lang=\"fr\"><span class=\"jCAhz ChMk0b\"><span class=\"ryNqvb\"><\/span><\/span><\/span>\n<\/div>\n<\/div>\n<\/div>\n<\/div>\n","protected":false},"excerpt":{"rendered":"<p>Nouveau mod\u00e8le chez Dragon diffusion ! Cabas avec tressage large en cuir de couleur noir Pochon int\u00e9rieur en coton naturel ferm\u00e9 par un cordon Cet article est fait main, ce qui signifie que chaque exemplaire est unique et peut l\u00e9g\u00e8rement diff\u00e9rer de la photo.<\/p>\n","protected":false},"featured_media":3404472,"comment_status":"open","ping_status":"closed","template":"","meta":[],"product_brand":[],"product_cat":[],"product_tag":[],"acf":[],"_links":{"self":[{"href":"https:\/\/streetmarkets.fr\/app\/wp-json\/wp\/v2\/product\/3404471"}],"collection":[{"href":"https:\/\/streetmarkets.fr\/app\/wp-json\/wp\/v2\/product"}],"about":[{"href":"https:\/\/streetmarkets.fr\/app\/wp-json\/wp\/v2\/types\/product"}],"replies":[{"embeddable":true,"href":"https:\/\/streetmarkets.fr\/app\/wp-json\/wp\/v2\/comments?post=3404471"}],"wp:featuredmedia":[{"embeddable":true,"href":"https:\/\/streetmarkets.fr\/app\/wp-json\/wp\/v2\/media\/3404472"}],"wp:attachment":[{"href":"https:\/\/streetmarkets.fr\/app\/wp-json\/wp\/v2\/media?parent=3404471"}],"wp:term":[{"taxonomy":"product_brand","embeddable":true,"href":"https:\/\/streetmarkets.fr\/app\/wp-json\/wp\/v2\/product_brand?post=3404471"},{"taxonomy":"product_cat","embeddable":true,"href":"https:\/\/streetmarkets.fr\/app\/wp-json\/wp\/v2\/product_cat?post=3404471"},{"taxonomy":"product_tag","embeddable":true,"href":"https:\/\/streetmarkets.fr\/app\/wp-json\/wp\/v2\/product_tag?post=3404471"}],"curies":[{"name":"wp","href":"https:\/\/api.w.org\/{rel}","templated":true}]}}