{"id":3398033,"date":"2026-01-16T00:56:34","date_gmt":"2026-01-15T23:56:34","guid":{"rendered":"https:\/\/streetmarkets.fr\/app\/produit\/robe-longue-cotelee-bijoux-aux-epaules-s26-femme-chocolat\/"},"modified":"2026-05-09T02:18:45","modified_gmt":"2026-05-09T00:18:45","slug":"robe-longue-cotelee-bijoux-aux-epaules-s26-femme-chocolat","status":"publish","type":"product","link":"https:\/\/streetmarkets.fr\/app\/produit\/robe-longue-cotelee-bijoux-aux-epaules-s26-femme-chocolat\/","title":{"rendered":"Robe Longue C\u00f4tel\u00e9e Bijoux aux \u00e9paules (S26\/ FEMME\/ Chocolat \/ RWS)"},"content":{"rendered":"<p>Une pi\u00e8ce d&#8217;\u00e9l\u00e9gance intemporelle. Confectionn\u00e9e en 100% Laine M\u00e9rinos Extrafine, cette robe longue pr\u00e9sente une coupe slim tr\u00e8s ajust\u00e9e. Sa maille c\u00f4tel\u00e9e chic et sa fermeture par bijou double F dor\u00e9 sur l&#8217;\u00e9paule offrent une allure premium et discr\u00e8te.<\/p>\n<p>&#8211; Robe longue <br \/>&#8211; Fermeture par bijou double F dor\u00e9 sur les \u00e9paules <br \/>&#8211; Maille c\u00f4tel\u00e9e <br \/>&#8211; Coupe slim <br \/>&#8211; Laine M\u00e9rinos Extrafine 4 fils certifi\u00e9e RWS <br \/>&#8211; Laine m\u00e9rinos extra fine d&#8217;Australie : respirante et thermor\u00e9gulatrice, elle peut \u00eatre port\u00e9e \u00e9t\u00e9 comme hiver.<\/p>\n","protected":false},"excerpt":{"rendered":"<p>Une pi\u00e8ce d&#8217;\u00e9l\u00e9gance intemporelle. Confectionn\u00e9e en 100% Laine M\u00e9rinos Extrafine, cette robe longue pr\u00e9sente une coupe slim tr\u00e8s ajust\u00e9e. Sa maille c\u00f4tel\u00e9e chic et sa fermeture par bijou double F dor\u00e9 sur l&#8217;\u00e9paule offrent une allure premium et discr\u00e8te. &#8211; Robe longue &#8211; Fermeture par bijou double F dor\u00e9 sur les \u00e9paules &#8211; Maille c\u00f4tel\u00e9e [&hellip;]<\/p>\n","protected":false},"featured_media":3398034,"comment_status":"open","ping_status":"closed","template":"","meta":[],"product_brand":[6868],"product_cat":[],"product_tag":[],"acf":[],"_links":{"self":[{"href":"https:\/\/streetmarkets.fr\/app\/wp-json\/wp\/v2\/product\/3398033"}],"collection":[{"href":"https:\/\/streetmarkets.fr\/app\/wp-json\/wp\/v2\/product"}],"about":[{"href":"https:\/\/streetmarkets.fr\/app\/wp-json\/wp\/v2\/types\/product"}],"replies":[{"embeddable":true,"href":"https:\/\/streetmarkets.fr\/app\/wp-json\/wp\/v2\/comments?post=3398033"}],"wp:featuredmedia":[{"embeddable":true,"href":"https:\/\/streetmarkets.fr\/app\/wp-json\/wp\/v2\/media\/3398034"}],"wp:attachment":[{"href":"https:\/\/streetmarkets.fr\/app\/wp-json\/wp\/v2\/media?parent=3398033"}],"wp:term":[{"taxonomy":"product_brand","embeddable":true,"href":"https:\/\/streetmarkets.fr\/app\/wp-json\/wp\/v2\/product_brand?post=3398033"},{"taxonomy":"product_cat","embeddable":true,"href":"https:\/\/streetmarkets.fr\/app\/wp-json\/wp\/v2\/product_cat?post=3398033"},{"taxonomy":"product_tag","embeddable":true,"href":"https:\/\/streetmarkets.fr\/app\/wp-json\/wp\/v2\/product_tag?post=3398033"}],"curies":[{"name":"wp","href":"https:\/\/api.w.org\/{rel}","templated":true}]}}