{"id":3397990,"date":"2026-01-16T00:56:30","date_gmt":"2026-01-15T23:56:30","guid":{"rendered":"https:\/\/streetmarkets.fr\/app\/produit\/pull-col-rond-boutons-dores-coeur-s26-femme-noir\/"},"modified":"2026-05-13T01:39:20","modified_gmt":"2026-05-12T23:39:20","slug":"pull-col-rond-boutons-dores-coeur-s26-femme-noir","status":"publish","type":"product","link":"https:\/\/streetmarkets.fr\/app\/produit\/pull-col-rond-boutons-dores-coeur-s26-femme-noir\/","title":{"rendered":"Pull Col Rond Boutons Dor\u00e9s FF (S26\/ FEMME\/ Noir)"},"content":{"rendered":"<p>Le pull qui apporte une touche de fantaisie chic. Confectionn\u00e9 en Cachemire 2 fils, ce pull col rond offre une maille douce et l\u00e9g\u00e8re. Sa coupe courte et regular est dynamis\u00e9e par deux rang\u00e9es de boutons dor\u00e9s, soulignant l&#8217;empi\u00e8cement en V.<\/p>\n<p>&#8211; Pull col rond pour femme <br \/>&#8211; Boutons dor\u00e9s<br \/>&#8211; Empi\u00e8cement en V sur les c\u00f4t\u00e9s <br \/>&#8211; Coupe regular <br \/>&#8211; Cachemire L\u00e9ger 2 fils certifi\u00e9 GCS\u00a0<br \/>&#8211; Le Good Cashmere Standard\u00ae (GCS) est une norme ind\u00e9pendante pour un cachemire plus durable et plus responsable. Il vise \u00e0 am\u00e9liorer le bien-\u00eatre des ch\u00e8vres cachemire, les conditions de travail des \u00e9leveurs ainsi qu&#8217;\u00e0 prot\u00e9ger l&#8217;environnement.<\/p>\n","protected":false},"excerpt":{"rendered":"<p>Le pull qui apporte une touche de fantaisie chic. Confectionn\u00e9 en Cachemire 2 fils, ce pull col rond offre une maille douce et l\u00e9g\u00e8re. Sa coupe courte et regular est dynamis\u00e9e par deux rang\u00e9es de boutons dor\u00e9s, soulignant l&#8217;empi\u00e8cement en V. &#8211; Pull col rond pour femme &#8211; Boutons dor\u00e9s&#8211; Empi\u00e8cement en V sur les [&hellip;]<\/p>\n","protected":false},"featured_media":3397991,"comment_status":"open","ping_status":"closed","template":"","meta":[],"product_brand":[6868],"product_cat":[],"product_tag":[],"acf":[],"_links":{"self":[{"href":"https:\/\/streetmarkets.fr\/app\/wp-json\/wp\/v2\/product\/3397990"}],"collection":[{"href":"https:\/\/streetmarkets.fr\/app\/wp-json\/wp\/v2\/product"}],"about":[{"href":"https:\/\/streetmarkets.fr\/app\/wp-json\/wp\/v2\/types\/product"}],"replies":[{"embeddable":true,"href":"https:\/\/streetmarkets.fr\/app\/wp-json\/wp\/v2\/comments?post=3397990"}],"wp:featuredmedia":[{"embeddable":true,"href":"https:\/\/streetmarkets.fr\/app\/wp-json\/wp\/v2\/media\/3397991"}],"wp:attachment":[{"href":"https:\/\/streetmarkets.fr\/app\/wp-json\/wp\/v2\/media?parent=3397990"}],"wp:term":[{"taxonomy":"product_brand","embeddable":true,"href":"https:\/\/streetmarkets.fr\/app\/wp-json\/wp\/v2\/product_brand?post=3397990"},{"taxonomy":"product_cat","embeddable":true,"href":"https:\/\/streetmarkets.fr\/app\/wp-json\/wp\/v2\/product_cat?post=3397990"},{"taxonomy":"product_tag","embeddable":true,"href":"https:\/\/streetmarkets.fr\/app\/wp-json\/wp\/v2\/product_tag?post=3397990"}],"curies":[{"name":"wp","href":"https:\/\/api.w.org\/{rel}","templated":true}]}}