{"id":3397910,"date":"2026-01-16T00:56:22","date_gmt":"2026-01-15T23:56:22","guid":{"rendered":"https:\/\/streetmarkets.fr\/app\/produit\/pull-gilet-zippe-double-curseur-s26-femme-ecru\/"},"modified":"2026-03-29T00:54:56","modified_gmt":"2026-03-28T23:54:56","slug":"pull-gilet-zippe-double-curseur-s26-femme-ecru","status":"publish","type":"product","link":"https:\/\/streetmarkets.fr\/app\/produit\/pull-gilet-zippe-double-curseur-s26-femme-ecru\/","title":{"rendered":"Pull Gilet Zipp\u00e9 Double Curseur (S26\/ FEMME\/ Ecru)"},"content":{"rendered":"<p>Confectionn\u00e9 en Cachemire 4 fils, ce gilet offre une maille \u00e9paisse et confortable. Sa coupe oversize et son col chemise sont rehauss\u00e9s par une fermeture \u00e0 glissi\u00e8re \u00e0 double curseur et des poches zipp\u00e9es, pour une allure structur\u00e9e et d\u00e9contract\u00e9e.<\/p>\n<p>&#8211; Gilet zipp\u00e9 pour femme <br \/>&#8211; Col Camionneur<br \/>&#8211; Fermeture \u00e0 glissi\u00e8re \u00e0 double curseur <br \/>&#8211; Poches zipp\u00e9es <br \/>&#8211; Coupe oversize <br \/>&#8211; Cachemire 4 fils certifi\u00e9 GCS <br \/>&#8211; Le Good Cashmere Standard\u00ae (GCS) est une norme ind\u00e9pendante pour un cachemire plus durable et plus responsable. Il vise \u00e0 am\u00e9liorer le bien-\u00eatre des ch\u00e8vres cachemire, les conditions de travail des \u00e9leveurs ainsi qu&#8217;\u00e0 prot\u00e9ger l&#8217;environnement.<\/p>\n","protected":false},"excerpt":{"rendered":"<p>Confectionn\u00e9 en Cachemire 4 fils, ce gilet offre une maille \u00e9paisse et confortable. Sa coupe oversize et son col chemise sont rehauss\u00e9s par une fermeture \u00e0 glissi\u00e8re \u00e0 double curseur et des poches zipp\u00e9es, pour une allure structur\u00e9e et d\u00e9contract\u00e9e. &#8211; Gilet zipp\u00e9 pour femme &#8211; Col Camionneur&#8211; Fermeture \u00e0 glissi\u00e8re \u00e0 double curseur &#8211; [&hellip;]<\/p>\n","protected":false},"featured_media":3397911,"comment_status":"open","ping_status":"closed","template":"","meta":[],"product_brand":[6868],"product_cat":[],"product_tag":[],"acf":[],"_links":{"self":[{"href":"https:\/\/streetmarkets.fr\/app\/wp-json\/wp\/v2\/product\/3397910"}],"collection":[{"href":"https:\/\/streetmarkets.fr\/app\/wp-json\/wp\/v2\/product"}],"about":[{"href":"https:\/\/streetmarkets.fr\/app\/wp-json\/wp\/v2\/types\/product"}],"replies":[{"embeddable":true,"href":"https:\/\/streetmarkets.fr\/app\/wp-json\/wp\/v2\/comments?post=3397910"}],"wp:featuredmedia":[{"embeddable":true,"href":"https:\/\/streetmarkets.fr\/app\/wp-json\/wp\/v2\/media\/3397911"}],"wp:attachment":[{"href":"https:\/\/streetmarkets.fr\/app\/wp-json\/wp\/v2\/media?parent=3397910"}],"wp:term":[{"taxonomy":"product_brand","embeddable":true,"href":"https:\/\/streetmarkets.fr\/app\/wp-json\/wp\/v2\/product_brand?post=3397910"},{"taxonomy":"product_cat","embeddable":true,"href":"https:\/\/streetmarkets.fr\/app\/wp-json\/wp\/v2\/product_cat?post=3397910"},{"taxonomy":"product_tag","embeddable":true,"href":"https:\/\/streetmarkets.fr\/app\/wp-json\/wp\/v2\/product_tag?post=3397910"}],"curies":[{"name":"wp","href":"https:\/\/api.w.org\/{rel}","templated":true}]}}