{"id":3339272,"date":"2026-01-07T01:06:51","date_gmt":"2026-01-07T00:06:51","guid":{"rendered":"https:\/\/streetmarkets.fr\/app\/produit\/nouveau-masscob-gilet-agulla-lavender\/"},"modified":"2026-05-09T02:06:08","modified_gmt":"2026-05-09T00:06:08","slug":"nouveau-masscob-gilet-agulla-lavender","status":"publish","type":"product","link":"https:\/\/streetmarkets.fr\/app\/produit\/nouveau-masscob-gilet-agulla-lavender\/","title":{"rendered":"Nouveau ! MASSCOB Gilet Agulla Lavender"},"content":{"rendered":"<p data-rte-preserve-empty=\"true\"><span>Gilet boutonn\u00e9 en laine, coupe ample, d\u00e9collet\u00e9 v, manches longues et poignets resserr\u00e9s, emmanchure large. \u00c9galement disponible dans les couleurs <\/span><a href=\"\/shop\/p\/d7tyld9rfyww98c-td7ca-452n3-skayj-m48ff-pc7ak-kakb2-ywsmc-rx69b-93rlp-4hbdg-dmrf9-7kess-bz8gh-6st5j-p998x-xp57j-erhgl-trsdm-8jg8b-ebn67-86jpe-3tefa-9lf9r-5ky3r-ajzck-zjlce-4ntkx-fryjt-srpda-anml5\"><span>Acqua<\/span><\/a><span> et <\/span><a href=\"\/shop\/p\/bchdmgjgth3plmg-h44kj\"><span>Camel.<\/span><\/a><span> Tout doux et chaud.<\/span><\/p>\n<p data-rte-preserve-empty=\"true\">D\u00e9tail : 58% suri alpaca, 15% laine vierge, 27% polyamide<\/p>\n","protected":false},"excerpt":{"rendered":"<p>Gilet boutonn\u00e9 en laine, coupe ample, d\u00e9collet\u00e9 v, manches longues et poignets resserr\u00e9s, emmanchure large. \u00c9galement disponible dans les couleurs Acqua et Camel. Tout doux et chaud. D\u00e9tail : 58% suri alpaca, 15% laine vierge, 27% polyamide<\/p>\n","protected":false},"featured_media":3339273,"comment_status":"open","ping_status":"closed","template":"","meta":[],"product_brand":[],"product_cat":[],"product_tag":[],"acf":[],"_links":{"self":[{"href":"https:\/\/streetmarkets.fr\/app\/wp-json\/wp\/v2\/product\/3339272"}],"collection":[{"href":"https:\/\/streetmarkets.fr\/app\/wp-json\/wp\/v2\/product"}],"about":[{"href":"https:\/\/streetmarkets.fr\/app\/wp-json\/wp\/v2\/types\/product"}],"replies":[{"embeddable":true,"href":"https:\/\/streetmarkets.fr\/app\/wp-json\/wp\/v2\/comments?post=3339272"}],"wp:featuredmedia":[{"embeddable":true,"href":"https:\/\/streetmarkets.fr\/app\/wp-json\/wp\/v2\/media\/3339273"}],"wp:attachment":[{"href":"https:\/\/streetmarkets.fr\/app\/wp-json\/wp\/v2\/media?parent=3339272"}],"wp:term":[{"taxonomy":"product_brand","embeddable":true,"href":"https:\/\/streetmarkets.fr\/app\/wp-json\/wp\/v2\/product_brand?post=3339272"},{"taxonomy":"product_cat","embeddable":true,"href":"https:\/\/streetmarkets.fr\/app\/wp-json\/wp\/v2\/product_cat?post=3339272"},{"taxonomy":"product_tag","embeddable":true,"href":"https:\/\/streetmarkets.fr\/app\/wp-json\/wp\/v2\/product_tag?post=3339272"}],"curies":[{"name":"wp","href":"https:\/\/api.w.org\/{rel}","templated":true}]}}