{"id":3326567,"date":"2026-01-04T07:40:53","date_gmt":"2026-01-04T06:40:53","guid":{"rendered":"https:\/\/streetmarkets.fr\/app\/produit\/col-noir-koon\/"},"modified":"2026-05-12T08:39:00","modified_gmt":"2026-05-12T06:39:00","slug":"col-noir-koon","status":"publish","type":"product","link":"https:\/\/streetmarkets.fr\/app\/produit\/col-noir-koon\/","title":{"rendered":"Col noir &#8211; KOON"},"content":{"rendered":"<p data-mce-fragment=\"1\" class=\"product__description color--primary-text bg--primary-background my2\"><span style=\"font-size: 1.4em\"> Tour de cou en cachemire unisexe qui remplace de fa\u00e7on styl\u00e9e une \u00e9charpe.\u00a0<\/span><\/p>\n<p data-mce-fragment=\"1\" class=\"product__description color--primary-text bg--primary-background my2\"><span style=\"font-size: 1.4em\">Il se porte en dessous d&#8217;une chemise ou d&#8217;un pull colV, il remplacera \u00e0 merveille un col, roul\u00e9.\u00a0<\/span><\/p>\n<div data-mce-fragment=\"1\" data-product-description=\"\" class=\"rte mx--auto font-size__basic max-width--3\"><\/div>\n","protected":false},"excerpt":{"rendered":"<p>Tour de cou en cachemire unisexe qui remplace de fa\u00e7on styl\u00e9e une \u00e9charpe.\u00a0 Il se porte en dessous d&#8217;une chemise ou d&#8217;un pull colV, il remplacera \u00e0 merveille un col, roul\u00e9.\u00a0<\/p>\n","protected":false},"featured_media":3326568,"comment_status":"open","ping_status":"closed","template":"","meta":[],"product_brand":[],"product_cat":[],"product_tag":[],"acf":[],"_links":{"self":[{"href":"https:\/\/streetmarkets.fr\/app\/wp-json\/wp\/v2\/product\/3326567"}],"collection":[{"href":"https:\/\/streetmarkets.fr\/app\/wp-json\/wp\/v2\/product"}],"about":[{"href":"https:\/\/streetmarkets.fr\/app\/wp-json\/wp\/v2\/types\/product"}],"replies":[{"embeddable":true,"href":"https:\/\/streetmarkets.fr\/app\/wp-json\/wp\/v2\/comments?post=3326567"}],"wp:featuredmedia":[{"embeddable":true,"href":"https:\/\/streetmarkets.fr\/app\/wp-json\/wp\/v2\/media\/3326568"}],"wp:attachment":[{"href":"https:\/\/streetmarkets.fr\/app\/wp-json\/wp\/v2\/media?parent=3326567"}],"wp:term":[{"taxonomy":"product_brand","embeddable":true,"href":"https:\/\/streetmarkets.fr\/app\/wp-json\/wp\/v2\/product_brand?post=3326567"},{"taxonomy":"product_cat","embeddable":true,"href":"https:\/\/streetmarkets.fr\/app\/wp-json\/wp\/v2\/product_cat?post=3326567"},{"taxonomy":"product_tag","embeddable":true,"href":"https:\/\/streetmarkets.fr\/app\/wp-json\/wp\/v2\/product_tag?post=3326567"}],"curies":[{"name":"wp","href":"https:\/\/api.w.org\/{rel}","templated":true}]}}