{"id":3222210,"date":"2025-12-18T02:33:56","date_gmt":"2025-12-18T01:33:56","guid":{"rendered":"https:\/\/streetmarkets.fr\/app\/produit\/seconde-vue-for-noda-rio\/"},"modified":"2026-05-14T03:33:43","modified_gmt":"2026-05-14T01:33:43","slug":"seconde-vue-for-noda-rio","status":"publish","type":"product","link":"https:\/\/streetmarkets.fr\/app\/produit\/seconde-vue-for-noda-rio\/","title":{"rendered":"Seconde Vue for Noda &#8211; Rio"},"content":{"rendered":"<div>\n<p data-end=\"177\" data-start=\"0\"><span>Nodaleto &amp; Seconde Vue collaborent pour une seconde fois sur une collection de lunettes de soleil vintage enti\u00e8rement upcycl\u00e9es en France.\u00a0<\/p>\n<p>Six mod\u00e8les inspir\u00e9s par des villes : Paris, New York, Los Angeles, Tokyo et S\u00e9oul ; s\u00e9lectionn\u00e9s pour leur caract\u00e8re distinctif et restaur\u00e9s gr\u00e2ce \u00e0 un processus r\u00e9fl\u00e9chi.\u00a0<\/p>\n<p>Con\u00e7ue pour les yeux qui voyagent, chaque pi\u00e8ce capture l&#8217;esprit de sa ville.\u00a0<\/span><\/p>\n<\/div>\n<div id=\"accordion\">\n<div class=\"card\" style=\"border-top: 1px solid #d3d3d3;border-left: none;border-right: none;border-bottom: 1px solid #d3d3d3\">\n<button style=\"color: black;background-color: initial;box-shadow: none;font-size: 20px;text-transform: uppercase;border: none\" class=\"card-header collapsed card-link\" data-toggle=\"collapse\" data-target=\"#collapseOne\"> <b class=\"header-title float-left\" style=\"font-family: Oswald;font-size: 15px;font-style: normal;font-variant: normal;font-weight: 400;line-height: 18.2px;text-align: justify;color: #766456;letter-spacing: 1px\"> Description d\u00e9taill\u00e9e <\/b> <i class=\"fas fa-angle-right float-right\" style=\"position: absolute;right: 10px;color: #766456\"><\/i> <\/button><\/p>\n<div id=\"collapseOne\" class=\"collapse\">\n<div class=\"card-body\" style=\"margin-top: -10px\">\n<p style=\"margin-bottom: -3px;font-size: 15px\"><b><br \/>Ann\u00e9es : <\/b>1990<\/p>\n<p style=\"margin-bottom: -3px;font-size: 15px\"><b>Forme : <\/b>Rectangulaires<\/p>\n<p style=\"margin-bottom: -3px;font-size: 15px\"><b>Couleur :<\/b> Vert Kaki\u00a0<\/p>\n<p style=\"margin-bottom: -3px;font-size: 15px\"><b>Mat\u00e9riaux :<\/b> Ac\u00e9tate et branches m\u00e9talliques\u00a0<\/p>\n<p style=\"margin-bottom: -3px;font-size: 15px\"><b>Verres : <\/b>D\u00e9grad\u00e9 tilleul\u00a0<\/p>\n<p style=\"margin-bottom: -15px;font-size: 15px\"><b>Fabrication : <\/b> France<\/p>\n<p><\/p>\n<p style=\"margin-bottom: -5px;font-size: 15px\"><b>Etat : <\/b>Tr\u00e8s bon\u00a0\u00e9tat<b>\u00a0<\/b><\/p>\n<p><\/p>\n<p style=\"margin-bottom: -5px;font-style: italic;font-size: 15px\">Toutes nos lunettes passent entre les mains de nos opticiens, qui r\u00e9habilitent et ajustent les montures pour un confort optimal.<\/p>\n<\/div>\n<\/div>\n<\/div>\n<div class=\"card\" style=\"border: none;border-bottom: 1px solid #d3d3d3\">\n<button style=\"color: black;background-color: initial;box-shadow: none;font-size: 20px;text-transform: uppercase;border: none\" class=\"card-header collapsed card-link\" data-toggle=\"collapse\" data-target=\"#collapseTwo\"> <b class=\"header-title float-left\" style=\"font-family: Oswald;font-size: 15px;font-style: normal;font-variant: normal;font-weight: 400;line-height: 18.2px;text-align: justify;color: #766456;letter-spacing: 1px\"> Guide des tailles<\/b> <i class=\"fas fa-angle-right float-right\" style=\"position: absolute;right: 10px;color: #766456\"><\/i> <\/button><\/p>\n<div id=\"collapseTwo\" class=\"collapse\">\n<div class=\"card-body\" style=\"margin-top: -10px\">\n<img decoding=\"async\" src=\"https:\/\/cdn.shopify.com\/s\/files\/1\/0602\/6009\/0089\/files\/mesurerectanglePNG.png?v=1636987570\" border=\"0\"> <\/p>\n<p style=\"font-size: 15px;margin-bottom: -5px\"><b>A <\/b>\u00a0&#8211; Face : 125 mm <br \/><b>B <\/b> &#8211; Pont\/Nez : 8 mm <br \/><b>C <\/b>\u00a0&#8211; Calibre : 26 mm<\/p>\n<\/div>\n<\/div>\n<\/div>\n<div class=\"card\" style=\"border: none;border-bottom: 1px solid #d3d3d3\">\n<button style=\"color: black;background-color: initial;box-shadow: none;font-size: 20px;text-transform: uppercase;border: none\" class=\"card-header collapsed card-link\" data-toggle=\"collapse\" data-target=\"#collapseThree\"> <b class=\"header-title float-left\" style=\"font-family: Oswald;font-size: 15px;font-style: normal;font-variant: normal;font-weight: 400;line-height: 18.2px;text-align: justify;color: #766456;letter-spacing: 1px\"> Entretien <\/b> <i class=\"fas fa-angle-right float-right\" style=\"position: absolute;right: 10px;color: #766456\"><\/i> <\/button><\/p>\n<div id=\"collapseThree\" class=\"collapse\">\n<div class=\"card-body\" style=\"margin-top: -10px\">\n<p>&#8211; Nettoyez vos lunettes avec de l&#8217;eau froide (jamais chaude) et du savon liquide non gras puis essuyez-les avec une microfibre pour ne pas ab\u00eemer les verres.<\/p>\n<p><span>&#8211; Rangez vos lunettes dans leur \u00e9tui et ne les posez jamais sur les verres afin de les garder intactes.<\/span><\/p>\n<p>&#8211; Ne laissez jamais vos lunettes pr\u00e8s d&#8217;une source de chaleur, cela risquerait de les d\u00e9former.<\/p>\n<\/div>\n<\/div>\n<\/div>\n<\/div>\n<p><\/p>\n","protected":false},"excerpt":{"rendered":"<p>Nodaleto &amp; Seconde Vue collaborent pour une seconde fois sur une collection de lunettes de soleil vintage enti\u00e8rement upcycl\u00e9es en France.\u00a0 Six mod\u00e8les inspir\u00e9s par des villes : Paris, New York, Los Angeles, Tokyo et S\u00e9oul ; s\u00e9lectionn\u00e9s pour leur caract\u00e8re distinctif et restaur\u00e9s gr\u00e2ce \u00e0 un processus r\u00e9fl\u00e9chi.\u00a0 Con\u00e7ue pour les yeux qui voyagent, [&hellip;]<\/p>\n","protected":false},"featured_media":3222211,"comment_status":"open","ping_status":"closed","template":"","meta":[],"product_brand":[],"product_cat":[],"product_tag":[],"acf":[],"_links":{"self":[{"href":"https:\/\/streetmarkets.fr\/app\/wp-json\/wp\/v2\/product\/3222210"}],"collection":[{"href":"https:\/\/streetmarkets.fr\/app\/wp-json\/wp\/v2\/product"}],"about":[{"href":"https:\/\/streetmarkets.fr\/app\/wp-json\/wp\/v2\/types\/product"}],"replies":[{"embeddable":true,"href":"https:\/\/streetmarkets.fr\/app\/wp-json\/wp\/v2\/comments?post=3222210"}],"wp:featuredmedia":[{"embeddable":true,"href":"https:\/\/streetmarkets.fr\/app\/wp-json\/wp\/v2\/media\/3222211"}],"wp:attachment":[{"href":"https:\/\/streetmarkets.fr\/app\/wp-json\/wp\/v2\/media?parent=3222210"}],"wp:term":[{"taxonomy":"product_brand","embeddable":true,"href":"https:\/\/streetmarkets.fr\/app\/wp-json\/wp\/v2\/product_brand?post=3222210"},{"taxonomy":"product_cat","embeddable":true,"href":"https:\/\/streetmarkets.fr\/app\/wp-json\/wp\/v2\/product_cat?post=3222210"},{"taxonomy":"product_tag","embeddable":true,"href":"https:\/\/streetmarkets.fr\/app\/wp-json\/wp\/v2\/product_tag?post=3222210"}],"curies":[{"name":"wp","href":"https:\/\/api.w.org\/{rel}","templated":true}]}}