{"id":3199380,"date":"2025-12-14T07:41:48","date_gmt":"2025-12-14T06:41:48","guid":{"rendered":"https:\/\/streetmarkets.fr\/app\/produit\/broche-guitare-macon-lesquoy\/"},"modified":"2026-05-08T08:39:33","modified_gmt":"2026-05-08T06:39:33","slug":"broche-guitare-macon-lesquoy","status":"publish","type":"product","link":"https:\/\/streetmarkets.fr\/app\/produit\/broche-guitare-macon-lesquoy\/","title":{"rendered":"Broche guitare &#8211; Macon &amp; Lesquoy"},"content":{"rendered":"<p><span>Broche guitare<\/span><\/p>\n<p><span>Taille : environ 2,6 x 6,2 cm<\/span><\/p>\n<p><span>Dessin\u00e9es et brod\u00e9es \u00e0 la main avec soin en atelier au Pakistan,\u00a0<\/span><br \/><span>Porteuses de messages et d\u2019attention, elles savent s\u00e9duire en toutes occasions. D\u00e9cal\u00e9es, elles seront la touche d&#8217;originalit\u00e9 de votre tenue.\u00a0\u00a0<\/span><\/p>\n","protected":false},"excerpt":{"rendered":"<p>Broche guitare Taille : environ 2,6 x 6,2 cm Dessin\u00e9es et brod\u00e9es \u00e0 la main avec soin en atelier au Pakistan,\u00a0Porteuses de messages et d\u2019attention, elles savent s\u00e9duire en toutes occasions. D\u00e9cal\u00e9es, elles seront la touche d&#8217;originalit\u00e9 de votre tenue.\u00a0\u00a0<\/p>\n","protected":false},"featured_media":3199381,"comment_status":"open","ping_status":"closed","template":"","meta":[],"product_brand":[],"product_cat":[],"product_tag":[],"acf":[],"_links":{"self":[{"href":"https:\/\/streetmarkets.fr\/app\/wp-json\/wp\/v2\/product\/3199380"}],"collection":[{"href":"https:\/\/streetmarkets.fr\/app\/wp-json\/wp\/v2\/product"}],"about":[{"href":"https:\/\/streetmarkets.fr\/app\/wp-json\/wp\/v2\/types\/product"}],"replies":[{"embeddable":true,"href":"https:\/\/streetmarkets.fr\/app\/wp-json\/wp\/v2\/comments?post=3199380"}],"wp:featuredmedia":[{"embeddable":true,"href":"https:\/\/streetmarkets.fr\/app\/wp-json\/wp\/v2\/media\/3199381"}],"wp:attachment":[{"href":"https:\/\/streetmarkets.fr\/app\/wp-json\/wp\/v2\/media?parent=3199380"}],"wp:term":[{"taxonomy":"product_brand","embeddable":true,"href":"https:\/\/streetmarkets.fr\/app\/wp-json\/wp\/v2\/product_brand?post=3199380"},{"taxonomy":"product_cat","embeddable":true,"href":"https:\/\/streetmarkets.fr\/app\/wp-json\/wp\/v2\/product_cat?post=3199380"},{"taxonomy":"product_tag","embeddable":true,"href":"https:\/\/streetmarkets.fr\/app\/wp-json\/wp\/v2\/product_tag?post=3199380"}],"curies":[{"name":"wp","href":"https:\/\/api.w.org\/{rel}","templated":true}]}}