{"id":3173203,"date":"2025-12-09T07:42:56","date_gmt":"2025-12-09T06:42:56","guid":{"rendered":"https:\/\/streetmarkets.fr\/app\/produit\/veste-a-capuche-coloris-black-navy-ref-26104-ct-plage\/"},"modified":"2026-05-05T08:39:32","modified_gmt":"2026-05-05T06:39:32","slug":"veste-a-capuche-coloris-black-navy-ref-26104-ct-plage","status":"publish","type":"product","link":"https:\/\/streetmarkets.fr\/app\/produit\/veste-a-capuche-coloris-black-navy-ref-26104-ct-plage\/","title":{"rendered":"Veste \u00e0 capuche coloris black navy ref 26104 &#8211; CT Plage"},"content":{"rendered":"<p data-mce-fragment=\"1\">Veste \u00e0 capuche coloris coloris ivoire avec col ch\u00e2le et capuche. Fermeture avec un bouton, 2 poches fendues dans les coutures de c\u00f4t\u00e9.\u00a0<\/p>\n<p data-mce-fragment=\"1\">Cette ann\u00e9e, ce mod\u00e8le est compos\u00e9 d&#8217;un m\u00e9lange de mati\u00e8res : laine de renard et cachemire.\u00a0<\/p>\n<p data-mce-fragment=\"1\">Prenez votre taille habituelle<\/p>\n<p data-mce-fragment=\"1\">Entretien : lavage en machine possible avec un programme d\u00e9licat\u00a0<\/p>\n","protected":false},"excerpt":{"rendered":"<p>Veste \u00e0 capuche coloris coloris ivoire avec col ch\u00e2le et capuche. Fermeture avec un bouton, 2 poches fendues dans les coutures de c\u00f4t\u00e9.\u00a0 Cette ann\u00e9e, ce mod\u00e8le est compos\u00e9 d&#8217;un m\u00e9lange de mati\u00e8res : laine de renard et cachemire.\u00a0 Prenez votre taille habituelle Entretien : lavage en machine possible avec un programme d\u00e9licat\u00a0<\/p>\n","protected":false},"featured_media":3173204,"comment_status":"open","ping_status":"closed","template":"","meta":[],"product_brand":[],"product_cat":[],"product_tag":[],"acf":[],"_links":{"self":[{"href":"https:\/\/streetmarkets.fr\/app\/wp-json\/wp\/v2\/product\/3173203"}],"collection":[{"href":"https:\/\/streetmarkets.fr\/app\/wp-json\/wp\/v2\/product"}],"about":[{"href":"https:\/\/streetmarkets.fr\/app\/wp-json\/wp\/v2\/types\/product"}],"replies":[{"embeddable":true,"href":"https:\/\/streetmarkets.fr\/app\/wp-json\/wp\/v2\/comments?post=3173203"}],"wp:featuredmedia":[{"embeddable":true,"href":"https:\/\/streetmarkets.fr\/app\/wp-json\/wp\/v2\/media\/3173204"}],"wp:attachment":[{"href":"https:\/\/streetmarkets.fr\/app\/wp-json\/wp\/v2\/media?parent=3173203"}],"wp:term":[{"taxonomy":"product_brand","embeddable":true,"href":"https:\/\/streetmarkets.fr\/app\/wp-json\/wp\/v2\/product_brand?post=3173203"},{"taxonomy":"product_cat","embeddable":true,"href":"https:\/\/streetmarkets.fr\/app\/wp-json\/wp\/v2\/product_cat?post=3173203"},{"taxonomy":"product_tag","embeddable":true,"href":"https:\/\/streetmarkets.fr\/app\/wp-json\/wp\/v2\/product_tag?post=3173203"}],"curies":[{"name":"wp","href":"https:\/\/api.w.org\/{rel}","templated":true}]}}