{"id":3102173,"date":"2025-11-27T05:53:39","date_gmt":"2025-11-27T04:53:39","guid":{"rendered":"https:\/\/streetmarkets.fr\/app\/produit\/f11-lassie\/"},"modified":"2026-03-16T05:50:24","modified_gmt":"2026-03-16T04:50:24","slug":"f11-lassie","status":"publish","type":"product","link":"https:\/\/streetmarkets.fr\/app\/produit\/f11-lassie\/","title":{"rendered":"F11 LASSIE"},"content":{"rendered":"<p data-start=\"146\" data-end=\"535\">Le <strong data-start=\"149\" data-end=\"163\">F11 LASSIE<\/strong> de Freitag est une version compacte et redoutablement pratique du messenger bag classique. Con\u00e7u \u00e0 partir de <strong data-start=\"273\" data-end=\"303\">b\u00e2ches de camion recycl\u00e9es<\/strong>, chaque mod\u00e8le est <strong data-start=\"323\" data-end=\"333\">unique<\/strong>, avec ses nuances, marques et textures qui racontent une histoire. R\u00e9sistant, fonctionnel et pens\u00e9 pour le quotidien, c\u2019est un compagnon id\u00e9al pour les d\u00e9placements urbains, le v\u00e9lo ou la vie active.<\/p>\n<p data-start=\"537\" data-end=\"951\">Son format agile propose un <strong data-start=\"565\" data-end=\"601\">compartiment principal modulable<\/strong>, extensible en <strong data-start=\"617\" data-end=\"657\">deux \u00e9tapes gr\u00e2ce \u00e0 une patte Velcro<\/strong>, permettant d\u2019adapter le volume en fonction de vos besoins. Une <strong data-start=\"722\" data-end=\"742\">poche int\u00e9rieure<\/strong> et une <strong data-start=\"750\" data-end=\"770\">poche ext\u00e9rieure<\/strong> compl\u00e8tent l\u2019organisation, tandis que la <strong data-start=\"812\" data-end=\"844\">sangle de transport r\u00e9glable<\/strong> s\u2019accompagne d\u2019une <strong data-start=\"864\" data-end=\"889\">attache quick-release<\/strong> pour ajuster rapidement la longueur lors de vos mouvements.<\/p>\n<p data-start=\"953\" data-end=\"1315\">Comme tous les produits Freitag, le F11 LASSIE allie durabilit\u00e9 extr\u00eame et design r\u00e9fl\u00e9chi. Les b\u00e2ches, soigneusement nettoy\u00e9es et pr\u00e9par\u00e9es apr\u00e8s leur premi\u00e8re vie sur les routes europ\u00e9ennes, assurent une long\u00e9vit\u00e9 exceptionnelle. Entre esth\u00e9tique brute, responsabilit\u00e9 et fonctionnalit\u00e9 urbaine, ce sac devient tr\u00e8s vite un indispensable du vestiaire Harold.<\/p>\n<p data-start=\"1317\" data-end=\"1336\"><strong data-start=\"1317\" data-end=\"1334\">Dimensions : <\/strong><\/p>\n<ul>\n<li data-start=\"1317\" data-end=\"1336\">Millim\u00e8tre : 270 x 90 x 240 (L x W x H)<\/li>\n<li data-start=\"1317\" data-end=\"1336\">Inch : 10,6 x 3,5 x 9,4<\/li>\n<\/ul>\n<p data-start=\"1317\" data-end=\"1336\"><strong data-start=\"1317\" data-end=\"1334\">Poids : <\/strong>540g<\/p>\n<p data-start=\"1317\" data-end=\"1336\"><strong data-start=\"1317\" data-end=\"1334\">Volume : <\/strong>5L<\/p>\n<p data-start=\"1317\" data-end=\"1336\">\n","protected":false},"excerpt":{"rendered":"<p>Le F11 LASSIE de Freitag est une version compacte et redoutablement pratique du messenger bag classique. Con\u00e7u \u00e0 partir de b\u00e2ches de camion recycl\u00e9es, chaque mod\u00e8le est unique, avec ses nuances, marques et textures qui racontent une histoire. R\u00e9sistant, fonctionnel et pens\u00e9 pour le quotidien, c\u2019est un compagnon id\u00e9al pour les d\u00e9placements urbains, le v\u00e9lo [&hellip;]<\/p>\n","protected":false},"featured_media":3102174,"comment_status":"open","ping_status":"closed","template":"","meta":[],"product_brand":[],"product_cat":[],"product_tag":[],"acf":[],"_links":{"self":[{"href":"https:\/\/streetmarkets.fr\/app\/wp-json\/wp\/v2\/product\/3102173"}],"collection":[{"href":"https:\/\/streetmarkets.fr\/app\/wp-json\/wp\/v2\/product"}],"about":[{"href":"https:\/\/streetmarkets.fr\/app\/wp-json\/wp\/v2\/types\/product"}],"replies":[{"embeddable":true,"href":"https:\/\/streetmarkets.fr\/app\/wp-json\/wp\/v2\/comments?post=3102173"}],"wp:featuredmedia":[{"embeddable":true,"href":"https:\/\/streetmarkets.fr\/app\/wp-json\/wp\/v2\/media\/3102174"}],"wp:attachment":[{"href":"https:\/\/streetmarkets.fr\/app\/wp-json\/wp\/v2\/media?parent=3102173"}],"wp:term":[{"taxonomy":"product_brand","embeddable":true,"href":"https:\/\/streetmarkets.fr\/app\/wp-json\/wp\/v2\/product_brand?post=3102173"},{"taxonomy":"product_cat","embeddable":true,"href":"https:\/\/streetmarkets.fr\/app\/wp-json\/wp\/v2\/product_cat?post=3102173"},{"taxonomy":"product_tag","embeddable":true,"href":"https:\/\/streetmarkets.fr\/app\/wp-json\/wp\/v2\/product_tag?post=3102173"}],"curies":[{"name":"wp","href":"https:\/\/api.w.org\/{rel}","templated":true}]}}