{"id":3040063,"date":"2025-11-17T05:54:49","date_gmt":"2025-11-17T04:54:49","guid":{"rendered":"https:\/\/streetmarkets.fr\/app\/produit\/roi-structured-pants\/"},"modified":"2026-03-16T05:49:58","modified_gmt":"2026-03-16T04:49:58","slug":"roi-structured-pants","status":"publish","type":"product","link":"https:\/\/streetmarkets.fr\/app\/produit\/roi-structured-pants\/","title":{"rendered":"Roi Structured Pants"},"content":{"rendered":"<p data-start=\"169\" data-end=\"561\">Les <strong data-start=\"173\" data-end=\"197\">Roi Structured Pants<\/strong> de Les Deux revisitent le pantalon utilitaire dans une version moderne, ample et ultra confortable. Confectionn\u00e9s en <strong data-start=\"315\" data-end=\"341\">100 % coton biologique<\/strong>, ils s\u2019inscrivent dans une d\u00e9marche responsable tout en offrant une <strong data-start=\"410\" data-end=\"432\">texture structur\u00e9e<\/strong> et un tomb\u00e9 robuste gr\u00e2ce \u00e0 leur tissage \u00e9pais. Pens\u00e9s pour le quotidien, ils allient solidit\u00e9, style et libert\u00e9 de mouvement.<\/p>\n<p data-start=\"563\" data-end=\"886\">Leur <strong data-start=\"568\" data-end=\"592\">coupe large et ample<\/strong> (wide, loose leg) apporte une allure contemporaine tout en garantissant un confort exceptionnel, id\u00e9ale pour ceux qui recherchent une silhouette plus d\u00e9contract\u00e9e et tendance. Le <strong data-start=\"772\" data-end=\"821\">dos travaill\u00e9 avec un empi\u00e8cement<\/strong>\u00a0assure un maintien propre et une ligne nette malgr\u00e9 le volume.\u00a0<\/p>\n<p data-start=\"888\" data-end=\"1259\">Dot\u00e9s d\u2019une <strong data-start=\"900\" data-end=\"932\">braguette zipp\u00e9e avec bouton<\/strong>, de <strong data-start=\"937\" data-end=\"967\">poches lat\u00e9rales pratiques<\/strong> et de <strong data-start=\"974\" data-end=\"992\">poches arri\u00e8re<\/strong>, ces pantalons adoptent un style fonctionnel qui rappelle les codes utilitaires tout en les modernisant. Port\u00e9s avec une <a href=\"https:\/\/harold-paris.com\/products\/luciano-structured-overshirt\">Luciano Structured Overshirt<\/a> pour un look complet, sinon avec un hoodie ou une maille textur\u00e9e, les Roi Structured Pants deviennent rapidement une pi\u00e8ce forte et polyvalente du vestiaire Harold.<\/p>\n<p data-start=\"1261\" data-end=\"1280\"><strong data-start=\"1261\" data-end=\"1278\">Points cl\u00e9s :<\/strong><\/p>\n<ul data-start=\"1281\" data-end=\"1543\">\n<li data-start=\"1333\" data-end=\"1378\">\n<p data-start=\"1335\" data-end=\"1378\">Coupe large et ample : silhouette moderne<\/p>\n<\/li>\n<li data-start=\"1379\" data-end=\"1422\">\n<p data-start=\"1381\" data-end=\"1422\">Empi\u00e8cement dos pour un maintien propre<\/p>\n<\/li>\n<li data-start=\"1423\" data-end=\"1452\">\n<p data-start=\"1425\" data-end=\"1452\">Braguette zipp\u00e9e + bouton<\/p>\n<\/li>\n<li data-start=\"1453\" data-end=\"1491\">\n<p data-start=\"1455\" data-end=\"1491\">Poches lat\u00e9rales et poches arri\u00e8re<\/p>\n<\/li>\n<\/ul>\n","protected":false},"excerpt":{"rendered":"<p>Les Roi Structured Pants de Les Deux revisitent le pantalon utilitaire dans une version moderne, ample et ultra confortable. Confectionn\u00e9s en 100 % coton biologique, ils s\u2019inscrivent dans une d\u00e9marche responsable tout en offrant une texture structur\u00e9e et un tomb\u00e9 robuste gr\u00e2ce \u00e0 leur tissage \u00e9pais. Pens\u00e9s pour le quotidien, ils allient solidit\u00e9, style et [&hellip;]<\/p>\n","protected":false},"featured_media":3040064,"comment_status":"open","ping_status":"closed","template":"","meta":[],"product_brand":[],"product_cat":[],"product_tag":[],"acf":[],"_links":{"self":[{"href":"https:\/\/streetmarkets.fr\/app\/wp-json\/wp\/v2\/product\/3040063"}],"collection":[{"href":"https:\/\/streetmarkets.fr\/app\/wp-json\/wp\/v2\/product"}],"about":[{"href":"https:\/\/streetmarkets.fr\/app\/wp-json\/wp\/v2\/types\/product"}],"replies":[{"embeddable":true,"href":"https:\/\/streetmarkets.fr\/app\/wp-json\/wp\/v2\/comments?post=3040063"}],"wp:featuredmedia":[{"embeddable":true,"href":"https:\/\/streetmarkets.fr\/app\/wp-json\/wp\/v2\/media\/3040064"}],"wp:attachment":[{"href":"https:\/\/streetmarkets.fr\/app\/wp-json\/wp\/v2\/media?parent=3040063"}],"wp:term":[{"taxonomy":"product_brand","embeddable":true,"href":"https:\/\/streetmarkets.fr\/app\/wp-json\/wp\/v2\/product_brand?post=3040063"},{"taxonomy":"product_cat","embeddable":true,"href":"https:\/\/streetmarkets.fr\/app\/wp-json\/wp\/v2\/product_cat?post=3040063"},{"taxonomy":"product_tag","embeddable":true,"href":"https:\/\/streetmarkets.fr\/app\/wp-json\/wp\/v2\/product_tag?post=3040063"}],"curies":[{"name":"wp","href":"https:\/\/api.w.org\/{rel}","templated":true}]}}