{"id":3011864,"date":"2025-11-13T01:01:23","date_gmt":"2025-11-13T00:01:23","guid":{"rendered":"https:\/\/streetmarkets.fr\/app\/produit\/pull-col-rond-a-bandes-contrastees-h25-femme-gris-chine-fonce\/"},"modified":"2026-02-25T00:55:26","modified_gmt":"2026-02-24T23:55:26","slug":"pull-col-rond-a-bandes-contrastees-h25-femme-gris-chine-fonce","status":"publish","type":"product","link":"https:\/\/streetmarkets.fr\/app\/produit\/pull-col-rond-a-bandes-contrastees-h25-femme-gris-chine-fonce\/","title":{"rendered":"Pull Col Rond \u00e0 Bandes Contrast\u00e9es (H25 \/ FEMME \/ Gris Chin\u00e9 Fonc\u00e9)"},"content":{"rendered":"<p>Pull en 100% Cachemire au design graphique contrast\u00e9 sur la poitrine et les manches. Sa coupe oversize et son col rond l\u00e9g\u00e8rement loose apportent confort et modernit\u00e9.<\/p>\n<p>\u00a0<br \/>&#8211; Pull en 100% cachemire 2 fils certifi\u00e9 GCS\u00ae <br \/>&#8211; Col rond <br \/>&#8211; Manches longues <br \/>&#8211; Bandes contrast\u00e9es <br \/>&#8211; Coupe oversize <br \/>&#8211; Longueur regular <br \/>&#8211; Le Good Cashmere Standard\u00ae (GCS) est une norme ind\u00e9pendante pour un cachemire plus durable et plus responsable. Il vise \u00e0 am\u00e9liorer le bien-\u00eatre des ch\u00e8vres cachemire, les conditions de travail des \u00e9leveurs ainsi qu&#8217;\u00e0 prot\u00e9ger l&#8217;environnement.<\/p>\n","protected":false},"excerpt":{"rendered":"<p>Pull en 100% Cachemire au design graphique contrast\u00e9 sur la poitrine et les manches. Sa coupe oversize et son col rond l\u00e9g\u00e8rement loose apportent confort et modernit\u00e9. \u00a0&#8211; Pull en 100% cachemire 2 fils certifi\u00e9 GCS\u00ae &#8211; Col rond &#8211; Manches longues &#8211; Bandes contrast\u00e9es &#8211; Coupe oversize &#8211; Longueur regular &#8211; Le Good Cashmere [&hellip;]<\/p>\n","protected":false},"featured_media":3011865,"comment_status":"open","ping_status":"closed","template":"","meta":[],"product_brand":[6868],"product_cat":[],"product_tag":[],"acf":[],"_links":{"self":[{"href":"https:\/\/streetmarkets.fr\/app\/wp-json\/wp\/v2\/product\/3011864"}],"collection":[{"href":"https:\/\/streetmarkets.fr\/app\/wp-json\/wp\/v2\/product"}],"about":[{"href":"https:\/\/streetmarkets.fr\/app\/wp-json\/wp\/v2\/types\/product"}],"replies":[{"embeddable":true,"href":"https:\/\/streetmarkets.fr\/app\/wp-json\/wp\/v2\/comments?post=3011864"}],"wp:featuredmedia":[{"embeddable":true,"href":"https:\/\/streetmarkets.fr\/app\/wp-json\/wp\/v2\/media\/3011865"}],"wp:attachment":[{"href":"https:\/\/streetmarkets.fr\/app\/wp-json\/wp\/v2\/media?parent=3011864"}],"wp:term":[{"taxonomy":"product_brand","embeddable":true,"href":"https:\/\/streetmarkets.fr\/app\/wp-json\/wp\/v2\/product_brand?post=3011864"},{"taxonomy":"product_cat","embeddable":true,"href":"https:\/\/streetmarkets.fr\/app\/wp-json\/wp\/v2\/product_cat?post=3011864"},{"taxonomy":"product_tag","embeddable":true,"href":"https:\/\/streetmarkets.fr\/app\/wp-json\/wp\/v2\/product_tag?post=3011864"}],"curies":[{"name":"wp","href":"https:\/\/api.w.org\/{rel}","templated":true}]}}