{"id":3011396,"date":"2025-11-12T23:43:27","date_gmt":"2025-11-12T22:43:27","guid":{"rendered":"https:\/\/streetmarkets.fr\/app\/produit\/sweat-a-capuche-navy-100-coton-mixte\/"},"modified":"2026-05-12T00:42:41","modified_gmt":"2026-05-11T22:42:41","slug":"sweat-a-capuche-navy-100-coton-mixte","status":"publish","type":"product","link":"https:\/\/streetmarkets.fr\/app\/produit\/sweat-a-capuche-navy-100-coton-mixte\/","title":{"rendered":"Sweat \u00e0 capuche Navy 100% coton, mixte"},"content":{"rendered":"<p>Orcival propose ici son sweat 100% coton made in japan dans la meilleure des qualit\u00e9s.<\/p>\n<p>Le sweat hoodie zipp\u00e9 made in Japan Navy en 100% coton.\u00a0<\/p>\n<p>Le sweat \u00e0 capuche en 100% coton zipp\u00e9 est un incontournable pour compl\u00e9ter votre look marin.<\/p>\n<\/p>\n<p>Chez Orcival, nous avons s\u00e9lectionn\u00e9 ce sweat confectionn\u00e9 par une manufacture japonaise renomm\u00e9e pour cr\u00e9er ce sweat en coton de qualit\u00e9 sup\u00e9rieure.<\/p>\n<\/p>\n<p>Confortable, doux et chaud, ce sweat est con\u00e7u pour durer, tout comme nos c\u00e9l\u00e8bres marini\u00e8res.<\/p>\n<\/p>\n<p>Optez pour le sweat \u00e0 capuche Orcival pour un style marin intemporel et une qualit\u00e9 qui r\u00e9siste \u00e0 l&#8217;\u00e9preuve du temps.<\/p>\n","protected":false},"excerpt":{"rendered":"<p>Orcival propose ici son sweat 100% coton made in japan dans la meilleure des qualit\u00e9s. Le sweat hoodie zipp\u00e9 made in Japan Navy en 100% coton.\u00a0 Le sweat \u00e0 capuche en 100% coton zipp\u00e9 est un incontournable pour compl\u00e9ter votre look marin. Chez Orcival, nous avons s\u00e9lectionn\u00e9 ce sweat confectionn\u00e9 par une manufacture japonaise renomm\u00e9e [&hellip;]<\/p>\n","protected":false},"featured_media":3011397,"comment_status":"open","ping_status":"closed","template":"","meta":[],"product_brand":[],"product_cat":[],"product_tag":[],"acf":[],"_links":{"self":[{"href":"https:\/\/streetmarkets.fr\/app\/wp-json\/wp\/v2\/product\/3011396"}],"collection":[{"href":"https:\/\/streetmarkets.fr\/app\/wp-json\/wp\/v2\/product"}],"about":[{"href":"https:\/\/streetmarkets.fr\/app\/wp-json\/wp\/v2\/types\/product"}],"replies":[{"embeddable":true,"href":"https:\/\/streetmarkets.fr\/app\/wp-json\/wp\/v2\/comments?post=3011396"}],"wp:featuredmedia":[{"embeddable":true,"href":"https:\/\/streetmarkets.fr\/app\/wp-json\/wp\/v2\/media\/3011397"}],"wp:attachment":[{"href":"https:\/\/streetmarkets.fr\/app\/wp-json\/wp\/v2\/media?parent=3011396"}],"wp:term":[{"taxonomy":"product_brand","embeddable":true,"href":"https:\/\/streetmarkets.fr\/app\/wp-json\/wp\/v2\/product_brand?post=3011396"},{"taxonomy":"product_cat","embeddable":true,"href":"https:\/\/streetmarkets.fr\/app\/wp-json\/wp\/v2\/product_cat?post=3011396"},{"taxonomy":"product_tag","embeddable":true,"href":"https:\/\/streetmarkets.fr\/app\/wp-json\/wp\/v2\/product_tag?post=3011396"}],"curies":[{"name":"wp","href":"https:\/\/api.w.org\/{rel}","templated":true}]}}